000
CXUS53 KLSX 041959 RRA
CF6UIN

PRELIMINARY LOCAL CLIMATOLOGICAL DATA (WS FORM: F-6)

                                          STATION:   QUINCY IL
                                          MONTH:     SEPTEMBER
                                          YEAR:      2011
                                          LATITUDE:   39 57 N
                                          LONGITUDE:  91 12 W

  TEMPERATURE IN F:       :PCPN:    SNOW:  WIND      :SUNSHINE: SKY     :PK WND
================================================================================
1   2   3   4   5  6A  6B    7    8   9   10  11  12  13   14  15   16   17  18
                                     12Z  AVG MX 2MIN
DY MAX MIN AVG DEP HDD CDD  WTR  SNW DPTH SPD SPD DIR MIN PSBL S-S WX    SPD DR
================================================================================

 1 104  78  91  19   0  26 0.00  0.0    0 10.9 20 210   M    M   0        24 210
 2 101  76  89  17   0  24 0.00  0.0    0  7.7 15 210   M    M   0        20 250
 3  97  69  83  12   0  18 0.20  0.0    0  8.1 26 340   M    M   1 138    32 340
 4  78  56  67  -4   0   2    T  0.0    0 11.8 21 360   M    M   4 1      30 360
 5  72  50  61 -10   4   0 0.00  0.0    0 11.7 23  30   M    M   0        30  30
 6  74  43  59 -11   6   0 0.00  0.0    0  8.8 17  60   M    M   0        24  10
 7  76  44  60 -10   5   0 0.00  0.0    0  8.3 18  30   M    M   0        30  30
 8  80  47  64  -6   1   0    T  0.0    0  8.2 21  10   M    M   1        28  30
 9  77  60  69   0   0   4 0.13  0.0    0  5.7 23  10   M    M   8 1      29  10
10  77  58  68  -1   0   3    T  0.0    0  3.4 16  40   M    M   7 1      20  60
11  85  56  71   3   0   6 0.00  0.0    0  3.2 10 270   M    M   1 18     16 290
12  90  58  74   6   0   9 0.00  0.0    0  8.5 18 210   M    M   0        24 220
13  83  62  73   5   0   8    T  0.0    0  7.8 15 350   M    M   1        20 330
14  65  41  53 -14  12   0 0.02  0.0    0  9.8 23  20   M    M   3        29  20
15  63  38  51 -16  14   0 0.00  0.0    0  7.9 18  40   M    M   0        22  40
16  59  50  55 -11  10   0 0.02  0.0    0  6.6 13 110   M    M  10        15 110
17  68  53  61  -5   4   0    T  0.0    0  7.2 15 140   M    M  10        20 160
18  68  59  64  -1   1   0 0.47  0.0    0  5.0 13 140   M    M  10 138    16 120
19  77  55  66   1   0   1 0.00  0.0    0  7.3 16 330   M    M   5 1      21 330
20  81  53  67   3   0   2 0.00  0.0    0  7.1 15 200   M    M   0 1      18 200
21  76  55  66   2   0   1 0.00  0.0    0  7.8 18 290   M    M   2        24 300
22  69  47  58  -6   7   0 0.00  0.0    0  4.5 14 320   M    M   2        17 320
23  69  43  56  -7   9   0    T  0.0    0  5.3 12 360   M    M   4        16  30
24  65  41  53 -10  12   0 0.00  0.0    0  6.1 17  30   M    M   2 1      20  30
25  67  38  53  -9  12   0 0.00  0.0    0  4.9 16  10   M    M   2 1      21  10
26  66  44  55  -7  10   0 0.26  0.0    0 10.9 22 270   M    M   7 1      29 290
27  71  49  60  -2   5   0 0.02  0.0    0  9.8 22 330   M    M   4        33 310
28  73  55  64   3   1   0 0.04  0.0    0  4.3 12 320   M    M   6 1      15 320
29  79  52  66   5   0   1    T  0.0    0 15.0 32 320   M    M   1        38 320
30  71  44  58  -2   7   0 0.00  0.0    0 12.6 29 330   M    M   0        36 330
================================================================================
SM 2281 1574       120 105  1.16     0.0 236.2          M       91
================================================================================
AV 76.0 52.5                               7.9 FASTST   M    M   3    MAX(MPH)
                                 MISC ---->  # 32 320               # 38  320
================================================================================
NOTES:
# LAST OF SEVERAL OCCURRENCES

COLUMN 17 PEAK WIND IN M.P.H.

PRELIMINARY LOCAL CLIMATOLOGICAL DATA (WS FORM: F-6) , PAGE 2

                                          STATION:  QUINCY IL
                                          MONTH:    SEPTEMBER
                                          YEAR:     2011
                                          LATITUDE:   39 57 N
                                          LONGITUDE:  91 12 W

[TEMPERATURE DATA]      [PRECIPITATION DATA]       SYMBOLS USED IN COLUMN 16

AVERAGE MONTHLY: 64.2   TOTAL FOR MONTH:   1.16    1 = FOG OR MIST
DPTR FM NORMAL:  -2.2   DPTR FM NORMAL:   -2.14    2 = FOG REDUCING VISIBILITY
HIGHEST:   104 ON  1    GRTST 24HR  0.47 ON 17-18      TO 1/4 MILE OR LESS
LOWEST:     38 ON 25,15                            3 = THUNDER
                        SNOW, ICE PELLETS, HAIL    4 = ICE PELLETS
                        TOTAL MONTH:   0.0 INCH    5 = HAIL
                        GRTST 24HR     0.0         6 = FREEZING RAIN OR DRIZZLE
                        GRTST DEPTH:   0           7 = DUSTSTORM OR SANDSTORM:
                                                       VSBY 1/2 MILE OR LESS
                                                   8 = SMOKE OR HAZE
[NO. OF DAYS WITH]      [WEATHER - DAYS WITH]      9 = BLOWING SNOW
                                                   X = TORNADO
MAX 32 OR BELOW:   0    0.01 INCH OR MORE:   8
MAX 90 OR ABOVE:   4    0.10 INCH OR MORE:   4
MIN 32 OR BELOW:   0    0.50 INCH OR MORE:   0
MIN  0 OR BELOW:   0    1.00 INCH OR MORE:   0

[HDD (BASE 65) ]
TOTAL THIS MO.   120    CLEAR  (SCALE 0-3)  19
DPTR FM NORMAL    38    PTCLDY (SCALE 4-7)   7
TOTAL FM JUL 1   120    CLOUDY (SCALE 8-10)  4
DPTR FM NORMAL    33

[CDD (BASE 65) ]
TOTAL THIS MO.   105
DPTR FM NORMAL   -18    [PRESSURE DATA]
TOTAL FM JAN 1  1399    HIGHEST SLP 30.39 ON 15
DPTR FM NORMAL   323    LOWEST  SLP 29.67 ON 26

[REMARKS]
#FINAL-09-11#
