000
CXUS53 KLSX 261907 CCA
CF6UIN

PRELIMINARY LOCAL CLIMATOLOGICAL DATA (WS FORM: F-6)

                                          STATION:   QUINCY IL
                                          MONTH:     JULY
                                          YEAR:      2011
                                          LATITUDE:   39 57 N
                                          LONGITUDE:  91 12 W

  TEMPERATURE IN F:       :PCPN:    SNOW:  WIND      :SUNSHINE: SKY     :PK WND
================================================================================
1   2   3   4   5  6A  6B    7    8   9   10  11  12  13   14  15   16   17  18
                                     12Z  AVG MX 2MIN
DY MAX MIN AVG DEP HDD CDD  WTR  SNW DPTH SPD SPD DIR MIN PSBL S-S WX    SPD DR
================================================================================

 1  93  76  85   9   0  20 0.00  0.0    0  9.6 16 190   M    M   0 18     21 190
 2  91  74  83   7   0  18 0.00  0.0    0  6.4 13 220   M    M   1 18     16 220
 3  87  71  79   3   0  14 0.02  0.0    0  6.0 21 300   M    M   1 1      25 300
 4  86  70  78   2   0  13 0.00  0.0    0  4.9 10  90   M    M   2 1      17  90
 5  87  64  76   0   0  11 0.00  0.0    0  3.9 10 160   M    M   0        14 190
 6  89  67  78   2   0  13 0.00  0.0    0  2.2  7  90   M    M   1        10 340
 7  82  66  74  -2   0   9 0.02  0.0    0  5.7 15 130   M    M   2 138    18 140
 8  87  64  76   0   0  11 0.00  0.0    0  4.7 12  20   M    M   1 18     15  20
 9  88  65  77   1   0  12 0.00  0.0    0  5.8 14 190   M    M   0 18     20 160
10  93  73  83   7   0  18 0.00  0.0    0  7.9 16 170   M    M   1 18     21 160
11  96  79  88  12   0  23 0.01  0.0    0  7.2 17 310   M    M   0 3      22 310
12  92  72  82   6   0  17 0.44  0.0    0  5.9 28 220   M    M   1 13     37 220
13  80  70  75  -1   0  10    T  0.0    0  8.5 18  20   M    M   5        23  10
14  86  65  76   0   0  11 0.00  0.0    0  6.4 13 110   M    M   3        16 110
15  88  70  79   3   0  14 0.00  0.0    0  6.4 12 130   M    M   1        15 120
16  87  73  80   4   0  15    T  0.0    0  5.0 10 120   M    M   0 18     13 140
17  93  73  83   7   0  18 0.00  0.0    0  6.1 10 200   M    M   0 18     17 210
18  94  75  85   9   0  20 0.00  0.0    0  6.7 13 220   M    M   0 1      16 210
19  97  75  86  10   0  21 0.00  0.0    0  5.8 10 230   M    M   0 8      16 260
20  97  76  87  11   0  22 0.00  0.0    0  7.6 15 240   M    M   0        20 210
21  99  76  88  12   0  23 0.00  0.0    0  5.4 12 250   M    M   0        16 270
22  95  79  87  11   0  22 0.00  0.0    0  7.9 15  60   M    M   0        20  50
23  97  78  88  12   0  23 0.00  0.0    0  6.2 23  10   M    M   0 3      30  10
24  87  74  81   5   0  16 0.44  0.0    0  6.1 24  80   M    M   2 13     31  80
25  92  73  83   7   0  18 0.00  0.0    0  2.5  6 160   M    M   2 128     9 310
26  95  75  85   9   0  20 0.00  0.0    0  5.2  9 210   M    M   0 18     14 200
27  95  77  86  10   0  21 0.00  0.0    0 10.4 18 180   M    M   0 1      24 180
28  97  79  88  12   0  23    T  0.0    0  8.6 17 200   M    M   1 3      22 210
29  87  74  81   5   0  16    T  0.0    0  4.0 16 280   M    M   2 13     20 280
30  87  74  81   5   0  16 0.05  0.0    0  2.5 10 220   M    M   2 1      13 200
31  92  71  82   6   0  17 0.00  0.0    0  3.4  8 140   M    M   1 18     14 150
================================================================================
SM 2816 2248         0 525  0.98     0.0 184.9          M       29
================================================================================
AV 90.8 72.5                               6.0 FASTST   M    M   1    MAX(MPH)
                                 MISC ---->  # 28 220               # 37  220
================================================================================
NOTES:
# LAST OF SEVERAL OCCURRENCES

COLUMN 17 PEAK WIND IN M.P.H.

PRELIMINARY LOCAL CLIMATOLOGICAL DATA (WS FORM: F-6) , PAGE 2

                                          STATION:  QUINCY IL
                                          MONTH:    JULY
                                          YEAR:     2011
                                          LATITUDE:   39 57 N
                                          LONGITUDE:  91 12 W

[TEMPERATURE DATA]      [PRECIPITATION DATA]       SYMBOLS USED IN COLUMN 16

AVERAGE MONTHLY: 81.7   TOTAL FOR MONTH:   0.98    1 = FOG OR MIST
DPTR FM NORMAL:   5.4   DPTR FM NORMAL:   -2.86    2 = FOG REDUCING VISIBILITY
HIGHEST:    99 ON 21    GRTST 24HR  0.44 ON 24-24      TO 1/4 MILE OR LESS
LOWEST:     64 ON  8, 5                            3 = THUNDER
                        SNOW, ICE PELLETS, HAIL    4 = ICE PELLETS
                        TOTAL MONTH:   0.0 INCH    5 = HAIL
                        GRTST 24HR     0.0         6 = FREEZING RAIN OR DRIZZLE
                        GRTST DEPTH:   0           7 = DUSTSTORM OR SANDSTORM:
                                                       VSBY 1/2 MILE OR LESS
                                                   8 = SMOKE OR HAZE
[NO. OF DAYS WITH]      [WEATHER - DAYS WITH]      9 = BLOWING SNOW
                                                   X = TORNADO
MAX 32 OR BELOW:   0    0.01 INCH OR MORE:   6
MAX 90 OR ABOVE:  17    0.10 INCH OR MORE:   2
MIN 32 OR BELOW:   0    0.50 INCH OR MORE:   0
MIN  0 OR BELOW:   0    1.00 INCH OR MORE:   0

[HDD (BASE 65) ]
TOTAL THIS MO.     0    CLEAR  (SCALE 0-3)  30
DPTR FM NORMAL    -1    PTCLDY (SCALE 4-7)   1
TOTAL FM JUL 1     0    CLOUDY (SCALE 8-10)  0
DPTR FM NORMAL    -1

[CDD (BASE 65) ]
TOTAL THIS MO.   525
DPTR FM NORMAL   176    [PRESSURE DATA]
TOTAL FM JAN 1   904    HIGHEST SLP 30.10 ON 31
DPTR FM NORMAL   240    LOWEST  SLP 29.76 ON 27

[REMARKS]
#FINAL-07-11#
