000
CXUS53 KLSX 011600
CF6UIN
PRELIMINARY LOCAL CLIMATOLOGICAL DATA (WS FORM: F-6)

                                          STATION:   QUINCY IL
                                          MONTH:     OCTOBER
                                          YEAR:      2011
                                          LATITUDE:   39 57 N
                                          LONGITUDE:  91 12 W

  TEMPERATURE IN F:       :PCPN:    SNOW:  WIND      :SUNSHINE: SKY     :PK WND
================================================================================
1   2   3   4   5  6A  6B    7    8   9   10  11  12  13   14  15   16   17  18
                                     12Z  AVG MX 2MIN
DY MAX MIN AVG DEP HDD CDD  WTR  SNW DPTH SPD SPD DIR MIN PSBL S-S WX    SPD DR
================================================================================

 1  67  36  52  -8  13   0 0.00  0.0    0  5.0 13  20   M    M   0        17  40
 2  72  38  55  -5  10   0 0.00  0.0    0  1.9  7 360   M    M   0         M  M
 3  79  42  61   2   4   0 0.00  0.0    0  2.4  8  10   M    M   0         9  10
 4  82  47  65   6   0   0 0.00  0.0    0  4.3  8 220   M    M   0         M  M
 5  82  52  67   9   0   2 0.00  0.0    0  7.2 15 160   M    M   0        20 160
 6  84  53  69  11   0   4 0.00  0.0    0  8.9 18 190   M    M   0 8      25 180
 7  86  57  72  14   0   7 0.00  0.0    0 10.8 25 210   M    M   0        35 210
 8  84  57  71  14   0   6 0.00  0.0    0  9.4 20 190   M    M   0        24 140
 9  81  55  68  11   0   3 0.00  0.0    0  8.3 18 130   M    M   0        24 140
10  78  51  65   8   0   0 0.00  0.0    0  7.8 15 200   M    M   1        21 190
11  79  61  70  14   0   5 0.14  0.0    0  5.2 14 240   M    M   6 138    17 240
12  71  59  65   9   0   0 0.69  0.0    0  6.9 16 220   M    M   9 13     21 220
13  73  53  63   7   2   0    T  0.0    0 13.2 29 300   M    M   4        35 300
14  67  48  58   3   7   0 0.00  0.0    0 13.2 28 290   M    M   1        36 290
15  69  42  56   1   9   0 0.00  0.0    0  8.6 20 290   M    M   0        24 280
16  69  47  58   3   7   0 0.00  0.0    0 10.5 23 310   M    M   0        29 320
17  57  39  48  -6  17   0 0.58  0.0    0  4.6 13 340   M    M   5 1      16 330
18  51  44  48  -6  17   0 0.00  0.0    0 10.8 21 340   M    M   7        25 330
19  51  41  46  -8  19   0    T  0.0    0 15.4 28 330   M    M  10 1      33 340
20  54  36  45  -8  20   0 0.00  0.0    0 12.9 25 300   M    M   3        31 280
21  60  33  47  -6  18   0 0.00  0.0    0  5.7 14 290   M    M   0        26 260
22  71  39  55   2  10   0 0.00  0.0    0  5.4 12 310   M    M   2        15 280
23  75  50  63  11   2   0 0.03  0.0    0  6.4 20 300   M    M   5 3      24 300
24  72  44  58   6   7   0 0.01  0.0    0  5.8 20 290   M    M   0 3      24 300
25  80  58  69  17   0   4 0.05  0.0    0 15.1 32 210   M    M   3 3      40 210
26  64  45  55   3  10   0    T  0.0    0 10.2 17  10   M    M   8 18     22 330
27  56  40  48  -3  17   0    T  0.0    0  5.5 16 330   M    M   3        20 320
28  59  32  46  -5  19   0 0.02  0.0    0  5.0 26 320   M    M   2        32 320
29  59  30  45  -5  20   0 0.00  0.0    0  6.0 12 150   M    M   0        16 150
30  61  39  50   0  15   0 0.05  0.0    0 10.5 21 220   M    M   3        28 210
31  57  34  46  -4  19   0 0.00  0.0    0  6.6 14 290   M    M   0        16 250
================================================================================
SM 2150 1402       262  31  1.57     0.0 249.5          M       72
================================================================================
AV 69.4 45.2                               8.0 FASTST   M    M   2    MAX(MPH)
                                 MISC ---->  # 32 210               # 40  210
================================================================================
NOTES:
# LAST OF SEVERAL OCCURRENCES

COLUMN 17 PEAK WIND IN M.P.H.

PRELIMINARY LOCAL CLIMATOLOGICAL DATA (WS FORM: F-6) , PAGE 2

                                          STATION:  QUINCY IL
                                          MONTH:    OCTOBER
                                          YEAR:     2011
                                          LATITUDE:   39 57 N
                                          LONGITUDE:  91 12 W

[TEMPERATURE DATA]      [PRECIPITATION DATA]       SYMBOLS USED IN COLUMN 16

AVERAGE MONTHLY: 57.3   TOTAL FOR MONTH:   1.57    1 = FOG OR MIST
DPTR FM NORMAL:   2.6   DPTR FM NORMAL:   -1.44    2 = FOG REDUCING VISIBILITY
HIGHEST:    86 ON  7    GRTST 24HR  0.69 ON 12-12      TO 1/4 MILE OR LESS
LOWEST:     30 ON 29                               3 = THUNDER
                        SNOW, ICE PELLETS, HAIL    4 = ICE PELLETS
                        TOTAL MONTH:   0.0 INCH    5 = HAIL
                        GRTST 24HR     0.0         6 = FREEZING RAIN OR DRIZZLE
                        GRTST DEPTH:   0           7 = DUSTSTORM OR SANDSTORM:
                                                       VSBY 1/2 MILE OR LESS
                                                   8 = SMOKE OR HAZE
[NO. OF DAYS WITH]      [WEATHER - DAYS WITH]      9 = BLOWING SNOW
                                                   X = TORNADO
MAX 32 OR BELOW:   0    0.01 INCH OR MORE:   8
MAX 90 OR ABOVE:   0    0.10 INCH OR MORE:   3
MIN 32 OR BELOW:   2    0.50 INCH OR MORE:   2
MIN  0 OR BELOW:   0    1.00 INCH OR MORE:   0

[HDD (BASE 65) ]
TOTAL THIS MO.   262    CLEAR  (SCALE 0-3)  20
DPTR FM NORMAL   -75    PTCLDY (SCALE 4-7)   9
TOTAL FM JUL 1   382    CLOUDY (SCALE 8-10)  2
DPTR FM NORMAL   -42

[CDD (BASE 65) ]
TOTAL THIS MO.    31
DPTR FM NORMAL    14    [PRESSURE DATA]
TOTAL FM JAN 1  1430    HIGHEST SLP 30.35 ON  1
DPTR FM NORMAL   337    LOWEST  SLP 29.60 ON 13

[REMARKS]
#FINAL-10-11#
