000
CXUS53 KLSX 011600
CF6UIN
PRELIMINARY LOCAL CLIMATOLOGICAL DATA (WS FORM: F-6)

                                          STATION:   QUINCY IL
                                          MONTH:     JUNE
                                          YEAR:      2011
                                          LATITUDE:   39 57 N
                                          LONGITUDE:  91 12 W

  TEMPERATURE IN F:       :PCPN:    SNOW:  WIND      :SUNSHINE: SKY     :PK WND
================================================================================
1   2   3   4   5  6A  6B    7    8   9   10  11  12  13   14  15   16   17  18
                                     12Z  AVG MX 2MIN
DY MAX MIN AVG DEP HDD CDD  WTR  SNW DPTH SPD SPD DIR MIN PSBL S-S WX    SPD DR
================================================================================

 1  85  57  71   3   0   6 0.00  0.0    0  3.9  9 200   M    M   0        14 170
 2  80  65  73   5   0   8 1.81  0.0    0 10.7 21  10   M    M   4 13     30  30
 3  92  72  82  13   0  17 0.00  0.0    0  9.9 18 200   M    M   0        23 210
 4  92  74  83  14   0  18 0.00  0.0    0  8.7 21 360   M    M   0 18     24  10
 5  85  65  75   6   0  10 0.77  0.0    0  8.8 56 340   M    M   0 13     74 340
 6  94  71  83  13   0  18 0.00  0.0    0  9.5 21 220   M    M   0        28 200
 7  93  72  83  13   0  18 0.00  0.0    0  9.9 20 210   M    M   0 18     24 210
 8  93  74  84  14   0  19 0.00  0.0    0 10.6 22 200   M    M   0        26 190
 9  87  67  77   6   0  12 0.01  0.0    0  9.9 24 340   M    M   2 38     30 350
10  86  61  74   3   0   9 0.03  0.0    0  8.4 22  10   M    M   4 138    29  10
11  71  57  64  -7   1   0 0.28  0.0    0  8.6 15 320   M    M   6 13     20 320
12  72  54  63  -8   2   0    T  0.0    0  6.7 16  70   M    M   3 18     21  60
13  72  59  66  -6   0   1 3.01  0.0    0 11.6 45 340   M    M   6 13     59 340
14  80  63  72   0   0   7 1.33  0.0    0 13.7 23 120   M    M   7 13     32 130
15  79  62  71  -1   0   6 0.24  0.0    0  9.2 25  10   M    M   5 13     31  20
16  84  58  71  -1   0   6 0.00  0.0    0  5.1 18 220   M    M   0        24 210
17  79  64  72  -1   0   7 0.09  0.0    0  6.3 15 170   M    M   1 13     21 160
18  81  66  74   1   0   9 0.52  0.0    0  8.9 40  70   M    M   5 13     46  70
19  84  69  77   4   0  12 0.05  0.0    0  8.0 17 250   M    M   1 1      25 210
20  85  67  76   3   0  11 0.06  0.0    0 10.4 31 350   M    M   0 3      40 330
21  85  68  77   4   0  12 0.09  0.0    0 12.2 26 230   M    M   4 3      39 220
22  71  64  68  -6   0   3    T  0.0    0 13.7 25 250   M    M   8        36 240
23  69  62  66  -8   0   1 0.03  0.0    0 12.1 23 280   M    M   9 1      30 280
24  77  57  67  -7   0   2    T  0.0    0  7.1 16 300   M    M   2        20 330
25  68  61  65  -9   0   0 2.39  0.0    0 10.5 29 270   M    M   3 138    39 270
26  79  64  72  -2   0   7    T  0.0    0  9.5 31 340   M    M   8 13     39 340
27  80   M   M   M   M   M    M    M    M 10.4 22 160   M    M   5 1238   29 180
28  80  60  70  -5   0   5 0.00    M    M  5.1 15  20   M    M   1        20  20
29  84  60  72  -3   0   7 0.00  0.0    0  6.8 14 200   M    M   0        17 140
30  91  68  80   5   0  15 0.00  0.0    0  9.8 16 160   M    M   0        22 160
================================================================================
SM 2458 1861         3 246 10.71     0.0 276.0          M       84
================================================================================
AV 81.9 64.2                               9.2 FASTST   M    M   3    MAX(MPH)
                                 MISC ---->  # 56 340               # 74  340
================================================================================
NOTES:
# LAST OF SEVERAL OCCURRENCES

COLUMN 17 PEAK WIND IN M.P.H.

PRELIMINARY LOCAL CLIMATOLOGICAL DATA (WS FORM: F-6) , PAGE 2

                                          STATION:  QUINCY IL
                                          MONTH:    JUNE
                                          YEAR:     2011
                                          LATITUDE:   39 57 N
                                          LONGITUDE:  91 12 W

[TEMPERATURE DATA]      [PRECIPITATION DATA]       SYMBOLS USED IN COLUMN 16

AVERAGE MONTHLY: 73.1   TOTAL FOR MONTH:  10.71    1 = FOG OR MIST
DPTR FM NORMAL:   1.1   DPTR FM NORMAL:    7.10    2 = FOG REDUCING VISIBILITY
HIGHEST:    94 ON  6    GRTST 24HR  4.34 ON 13-14      TO 1/4 MILE OR LESS
LOWEST:     54 ON 12                               3 = THUNDER
                        SNOW, ICE PELLETS, HAIL    4 = ICE PELLETS
                        TOTAL MONTH:   0.0 INCH    5 = HAIL
                        GRTST 24HR     0.0         6 = FREEZING RAIN OR DRIZZLE
                        GRTST DEPTH:   0           7 = DUSTSTORM OR SANDSTORM:
                                                       VSBY 1/2 MILE OR LESS
                                                   8 = SMOKE OR HAZE
[NO. OF DAYS WITH]      [WEATHER - DAYS WITH]      9 = BLOWING SNOW
                                                   X = TORNADO
MAX 32 OR BELOW:   0    0.01 INCH OR MORE:  15
MAX 90 OR ABOVE:   6    0.10 INCH OR MORE:   8
MIN 32 OR BELOW:   0    0.50 INCH OR MORE:   6
MIN  0 OR BELOW:   0    1.00 INCH OR MORE:   4

[HDD (BASE 65) ]
TOTAL THIS MO.     3    CLEAR  (SCALE 0-3)  17
DPTR FM NORMAL   -10    PTCLDY (SCALE 4-7)  11
TOTAL FM JUL 1  5624    CLOUDY (SCALE 8-10)  2
DPTR FM NORMAL   -57

[CDD (BASE 65) ]
TOTAL THIS MO.   246
DPTR FM NORMAL    23    [PRESSURE DATA]
TOTAL FM JAN 1   379    HIGHEST SLP 30.29 ON  1
DPTR FM NORMAL    64    LOWEST  SLP 29.53 ON 20

[REMARKS]
#FINAL-06-11#
