000
CXUS53 KLSX 011637
CF6UIN
PRELIMINARY LOCAL CLIMATOLOGICAL DATA (WS FORM: F-6)

                                          STATION:   QUINCY IL
                                          MONTH:     MARCH
                                          YEAR:      2011
                                          LATITUDE:   39 57 N
                                          LONGITUDE:  91 12 W

  TEMPERATURE IN F:       :PCPN:    SNOW:  WIND      :SUNSHINE: SKY     :PK WND
================================================================================
1   2   3   4   5  6A  6B    7    8   9   10  11  12  13   14  15   16   17  18
                                     12Z  AVG MX 2MIN
DY MAX MIN AVG DEP HDD CDD  WTR  SNW DPTH SPD SPD DIR MIN PSBL S-S WX    SPD DR
================================================================================

 1  53  27  40   4  25   0 0.00  0.0    0  9.0 18 190   M    M   0 1      23 190
 2  46  27  37   1  28   0 0.00  0.0    0 10.8 21  10   M    M   0        24  10
 3  59  32  46  10  19   0 0.00  0.0    0 11.5 18 110   M    M   2        24 110
 4  62  40  51  14  14   0 0.53  0.0    0 10.7 22 350   M    M   7 13     25 330
 5  40  31  36  -1  29   0    T    T    0 16.0 25 340   M    M  10 1      32 340
 6  43  28  36  -2  29   0 0.00  0.0    0  6.6 15 110   M    M   7        20 120
 7  44  31  38   0  27   0 0.00  0.0    0  8.6 15  80   M    M   9        17  80
 8  45  36  41   3  24   0 0.17  0.0    0 11.6 24 120   M    M   8 18     30 130
 9  45  35  40   1  25   0 0.02  0.0    0 14.5 23 320   M    M  10 18     29 300
10  40  29  35  -4  30   0 0.00  0.0    0 12.6 23 320   M    M   7 18     28 330
11  56  24  40   0  25   0 0.00  0.0    0  8.1 20 140   M    M   0 18     25 140
12  51  34  43   3  22   0 0.00  0.0    0 11.4 23 300   M    M   0        29 290
13  35  27  31  -9  34   0 0.00  0.0    0  8.3 18  30   M    M   6 18     22  40
14  42  32  37  -4  28   0 0.01    M    0 10.2 18  60   M    M   3        22  50
15  50  34  42   1  23   0 0.05  0.0    0  6.3 14 300   M    M   6 18     16 300
16  65  37  51   9  14   0 0.00  0.0    0  9.7 21 200   M    M   0        24 200
17  71  52  62  20   3   0 0.00  0.0    0 14.6 28 210   M    M   4        36 210
18  58  36  47   5  18   0 0.03  0.0    0  9.0 18 360   M    M   6 3      21  10
19  56  30  43   0  22   0    T  0.0    0 10.8 21 140   M    M   1        29 140
20  77  47  62  19   3   0 0.03  0.0    0 15.3 28 210   M    M   4 3      36 210
21  74  50  62  18   3   0 0.00  0.0    0  5.6 14 320   M    M   2 18     17 260
22  73  53  63  19   2   0    T  0.0    0 12.1 20 210   M    M   4 18     26 210
23  67  34  51   7  14   0 0.07    T    0 17.3 31 300   M    M   6 13     55 290
24  42  29  36  -9  29   0 0.00  0.0    0  9.3 13  20   M    M   8 16     20 320
25  39  32  36  -9  29   0 0.03    M    M  8.0 13 120   M    M  10 18     16 120
26  37  30  34 -12  31   0 0.00  0.0    0 14.5 22  70   M    M   9        26  80
27  42  26  34 -12  31   0 0.00  0.0    0  9.6 16  40   M    M   6        20  80
28  46  29  38  -8  27   0 0.00  0.0    0  9.2 17  80   M    M   5        20  80
29  44  31  38  -9  27   0    T    M    0 10.9 17  60   M    M   9        25  80
30  49  31  40  -7  25   0    T    M    0  4.1 10  10   M    M   4 18     15  50
31  51  32  42  -6  23   0 0.00  0.0    0  3.8  9 230   M    M   8        12 270
================================================================================
SM 1602 1046       683   0  0.94    T    320.0          M      161
================================================================================
AV 51.7 33.7                              10.3 FASTST   M    M   5    MAX(MPH)
                                 MISC ---->  # 31 300               # 55  290
================================================================================
NOTES:
# LAST OF SEVERAL OCCURRENCES

COLUMN 17 PEAK WIND IN M.P.H.

PRELIMINARY LOCAL CLIMATOLOGICAL DATA (WS FORM: F-6) , PAGE 2

                                          STATION:  QUINCY IL
                                          MONTH:    MARCH
                                          YEAR:     2011
                                          LATITUDE:   39 57 N
                                          LONGITUDE:  91 12 W

[TEMPERATURE DATA]      [PRECIPITATION DATA]       SYMBOLS USED IN COLUMN 16

AVERAGE MONTHLY: 42.7   TOTAL FOR MONTH:   0.94    1 = FOG OR MIST
DPTR FM NORMAL:   1.1   DPTR FM NORMAL:   -2.10    2 = FOG REDUCING VISIBILITY
HIGHEST:    77 ON 20    GRTST 24HR  0.53 ON  4- 4      TO 1/4 MILE OR LESS
LOWEST:     24 ON 11                               3 = THUNDER
                        SNOW, ICE PELLETS, HAIL    4 = ICE PELLETS
                        TOTAL MONTH:    T          5 = HAIL
                        GRTST 24HR    T  ON 23-23  6 = FREEZING RAIN OR DRIZZLE
                        GRTST DEPTH:   0           7 = DUSTSTORM OR SANDSTORM:
                                                       VSBY 1/2 MILE OR LESS
                                                   8 = SMOKE OR HAZE
[NO. OF DAYS WITH]      [WEATHER - DAYS WITH]      9 = BLOWING SNOW
                                                   X = TORNADO
MAX 32 OR BELOW:   0    0.01 INCH OR MORE:   9
MAX 90 OR ABOVE:   0    0.10 INCH OR MORE:   2
MIN 32 OR BELOW:  19    0.50 INCH OR MORE:   1
MIN  0 OR BELOW:   0    1.00 INCH OR MORE:   0

[HDD (BASE 65) ]
TOTAL THIS MO.   683    CLEAR  (SCALE 0-3)   9
DPTR FM NORMAL   -41    PTCLDY (SCALE 4-7)  16
TOTAL FM JUL 1  5107    CLOUDY (SCALE 8-10)  6
DPTR FM NORMAL   -41

[CDD (BASE 65) ]
TOTAL THIS MO.     0
DPTR FM NORMAL     0    [PRESSURE DATA]
TOTAL FM JAN 1     0    HIGHEST SLP 30.47 ON  2
DPTR FM NORMAL     0    LOWEST  SLP 29.43 ON 23

[REMARKS]
#FINAL-03-11#
