000
CXUS53 KLSX 011735 CCA
CF6UIN

PRELIMINARY LOCAL CLIMATOLOGICAL DATA (WS FORM: F-6)

                                          STATION:   QUINCY IL
                                          MONTH:     JANUARY
                                          YEAR:      2014
                                          LATITUDE:   39 57 N
                                          LONGITUDE:  91 12 W

  TEMPERATURE IN F:       :PCPN:    SNOW:  WIND      :SUNSHINE: SKY     :PK WND
================================================================================
1   2   3   4   5  6A  6B    7    8   9   10  11  12  13   14  15   16   17  18
                                     12Z  AVG MX 2MIN
DY MAX MIN AVG DEP HDD CDD  WTR  SNW DPTH SPD SPD DIR MIN PSBL S-S WX    SPD DR
================================================================================

 1  25  15  20  -7  45   0    M    M    0 12.5 22  10   M    M   5 18     26  20
 2  15  -2   7 -20  58   0    T    M    M 12.0 22  10   M    M   6        25  10
 3  26  -7  10 -17  55   0 0.00  0.0    M 12.6 26 170   M    M   1        36 170
 4  37  19  28   1  37   0 0.02    M    M 14.2 22 180   M    M   4 1      30 190
 5  19  -4   8 -18  57   0    M    M    M 22.0 33 320   M    M   8 1289   42 320
 6  -4 -13  -8 -34  73   0 0.00  0.0    M 14.5 24 320   M    M   3        29 320
 7  17 -10   4 -22  61   0 0.00  0.0    M  8.0 15 130   M    M   3 8      18 130
 8  16   6  11 -15  54   0 0.00  0.0    M  7.9 16  40   M    M   8        17  20
 9  30  14  22  -4  43   0    T    M    M  7.9 13 120   M    M   9 18     17 110
10  43  30  37  11  28   0 0.56  0.0    M 11.3 21 170   M    M  10 13     27 170
11  43  26  35   9  30   0    T    M    M 11.1 21 280   M    M   4 1      27 280
12  56  25  41  15  24   0 0.00  0.0    0 11.1 22 170   M    M   0        29 180
13  48  26  37  11  28   0 0.00  0.0    0  8.6 21 330   M    M   1        24 330
14   M   M   M   M   M   M 0.02    T    0 17.5 32 300   M    M   6        40 290
15  26   M   M   M   M   M 0.00  0.0    0 13.3 23 310   M    M   6        31 310
16  43  13  28   2  37   0 0.01    M    0 16.4 38 320   M    M   9 1      51 310
17  20   8  14 -12  51   0    T    M    M 13.1 28 320   M    M   6 8      35 300
18  38  11  25  -1  40   0 0.02    M    0 12.3 26 350   M    M   8        31 340
19  49  18  34   8  31   0 0.00  0.0    0 14.1 25 240   M    M   0        32 240
20  44  22  33   7  32   0 0.01    M    0  8.7 35 360   M    M   3 1      42  10
21  22   4  13 -13  52   0    T    M    M 11.3 33  10   M    M   5 19     39 360
22  25   1  13 -13  52   0    T    M    M 16.2 33 340   M    M   9        39 320
23  10  -3   4 -22  61   0 0.00  0.0    M 12.8 24 320   M    M   1        33 320
24  37   0  19  -8  46   0    T    M    M 18.7 32 220   M    M   3        40 210
25  40  18  29   2  36   0    T  0.0    0 15.4 36 310   M    M   5        42 320
26  51  13  32   5  33   0    T    M    0 19.6 44 330   M    M   7        54 330
27  13  -1   6 -21  59   0 0.00  0.0    0 14.3 32 330   M    M   3        41 330
28  17  -5   6 -21  59   0 0.00  0.0    0  7.0 17 290   M    M   0        24 280
29  34   4  19  -8  46   0 0.00  0.0    0 12.0 23 210   M    M   0        30 210
30  37  23  30   3  35   0 0.02    M    0 16.5 32 250   M    M   3 1      43 250
31  23  15  19  -8  46   0 0.04    M    0  9.8 15 360   M    M   9 18     19  10
================================================================================
SM  900  266      1309   0  0.70    T    402.7          M      145
================================================================================
AV 30.0  9.2                              13.0 FASTST   M    M   5    MAX(MPH)
                                 MISC ---->  # 44 330               # 54  330
================================================================================
NOTES:
# LAST OF SEVERAL OCCURRENCES

COLUMN 17 PEAK WIND IN M.P.H.

PRELIMINARY LOCAL CLIMATOLOGICAL DATA (WS FORM: F-6) , PAGE 2

                                          STATION:  QUINCY IL
                                          MONTH:    JANUARY
                                          YEAR:     2014
                                          LATITUDE:   39 57 N
                                          LONGITUDE:  91 12 W

[TEMPERATURE DATA]      [PRECIPITATION DATA]       SYMBOLS USED IN COLUMN 16

AVERAGE MONTHLY: 19.6   TOTAL FOR MONTH:   0.70    1 = FOG OR MIST
DPTR FM NORMAL:  -6.9   DPTR FM NORMAL:   -0.82    2 = FOG REDUCING VISIBILITY
HIGHEST:    56 ON 12    GRTST 24HR  0.56 ON 10-10      TO 1/4 MILE OR LESS
LOWEST:    -13 ON  6                               3 = THUNDER
                        SNOW, ICE PELLETS, HAIL    4 = ICE PELLETS
                        TOTAL MONTH:    T          5 = HAIL
                        GRTST 24HR    T  ON 14-14  6 = FREEZING RAIN OR DRIZZLE
                        GRTST DEPTH:   0           7 = DUSTSTORM OR SANDSTORM:
                                                       VSBY 1/2 MILE OR LESS
                                                   8 = SMOKE OR HAZE
[NO. OF DAYS WITH]      [WEATHER - DAYS WITH]      9 = BLOWING SNOW
                                                   X = TORNADO
MAX 32 OR BELOW:  16    0.01 INCH OR MORE:   8
MAX 90 OR ABOVE:   0    0.10 INCH OR MORE:   1
MIN 32 OR BELOW:  29    0.50 INCH OR MORE:   1
MIN  0 OR BELOW:   9    1.00 INCH OR MORE:   0

[HDD (BASE 65) ]
TOTAL THIS MO.  1309    CLEAR  (SCALE 0-3)  13
DPTR FM NORMAL   114    PTCLDY (SCALE 4-7)  10
TOTAL FM JUL 1  3625    CLOUDY (SCALE 8-10)  8
DPTR FM NORMAL   239

[CDD (BASE 65) ]
TOTAL THIS MO.     0
DPTR FM NORMAL     0    [PRESSURE DATA]
TOTAL FM JAN 1     0    HIGHEST SLP 30.77 ON 23
DPTR FM NORMAL     0    LOWEST  SLP 29.52 ON 26

[REMARKS]
#FINAL-01-14#
