000
CXUS53 KLSX 011600
CF6UIN
PRELIMINARY LOCAL CLIMATOLOGICAL DATA (WS FORM: F-6)

                                          STATION:   QUINCY IL
                                          MONTH:     APRIL
                                          YEAR:      2011
                                          LATITUDE:   39 57 N
                                          LONGITUDE:  91 12 W

  TEMPERATURE IN F:       :PCPN:    SNOW:  WIND      :SUNSHINE: SKY     :PK WND
================================================================================
1   2   3   4   5  6A  6B    7    8   9   10  11  12  13   14  15   16   17  18
                                     12Z  AVG MX 2MIN
DY MAX MIN AVG DEP HDD CDD  WTR  SNW DPTH SPD SPD DIR MIN PSBL S-S WX    SPD DR
================================================================================

 1  60  38  49   1  16   0 0.00  0.0    0 11.4 31 300   M    M   6 8      39 290
 2  64  38  51   3  14   0 0.00  0.0    0  8.3 20 290   M    M   1        26 280
 3  88  50  69  20   0   4 0.50  0.0    0 17.6 39 320   M    M   1 13     51 300
 4  57  36  47  -2  18   0 0.15  0.0    0 17.9 31 310   M    M   9 13     37 300
 5  64  31  48  -1  17   0 0.00  0.0    0 11.1 22 240   M    M   1        35 200
 6  71  50  61  11   4   0 0.00  0.0    0 12.5 23 200   M    M   0        30 210
 7  61  41  51   1  14   0 0.14  0.0    0 12.2 21 110   M    M   2 138    24 310
 8  64  47  56   6   9   0 0.00  0.0    0  7.9 17 120   M    M   6 138    21 130
 9  83  53  68  17   0   3 0.54  0.0    0  9.7 25 250   M    M   1 13     35 250
10  84  64  74  23   0   9 0.00  0.0    0 18.0 31 190   M    M   2 3      40 190
11  66  48  57   6   8   0 0.00  0.0    0 11.5 22 320   M    M   1        29 310
12  67  41  54   2  11   0 0.00  0.0    0  4.2 10  30   M    M   1        14  20
13  71  46  59   7   6   0 0.00  0.0    0  6.9 13 120   M    M   0        16 120
14  72  53  63  10   2   0    T  0.0    0 14.4 25 110   M    M   0        32 110
15  61  47  54   1  11   0 0.55  0.0    0 15.1 30  90   M    M   8 13     39  80
16  52  38  45  -8  20   0 0.07  0.0    0 15.3 35 300   M    M   7 1      44 300
17  61  36  49  -5  16   0 0.00  0.0    0  6.2 17  70   M    M   2        20  80
18  55  43  49  -5  16   0 0.04  0.0    0 12.8 21  50   M    M   3 13     25  40
19  57  37  47  -7  18   0 0.38  0.0    0 15.0 23 330   M    M   9 123    29 330
20  48  36  42 -13  23   0    T  0.0    0  9.4 20 300   M    M   7        24 320
21  56  33  45 -10  20   0 0.12  0.0    0 10.7 24 110   M    M   4 3      31 110
22  65  48  57   2   8   0 1.40  0.0    0 10.4 23 290   M    M   8 13     28 290
23  65  49  57   1   8   0 0.01  0.0    0  9.6 16 360   M    M   3 1      21 300
24  58  42  50  -6  15   0 0.00  0.0    0  6.0 13  20   M    M   5        16 350
25  60  52  56   0   9   0 0.08  0.0    0  8.7 17  70   M    M  10 1      21  70
26  59  49  54  -3  11   0 0.07  0.0    0 11.9 26 240   M    M   7 1      36 240
27  55  40  48  -9  17   0 0.02  0.0    0  9.5 21 320   M    M   7 1      26 320
28  66  44  55  -2  10   0 0.00  0.0    0 13.4 26 290   M    M   3        37 280
29  68  38  53  -4  12   0 0.00  0.0    0 10.4 22 120   M    M   1 8      29 130
30  75  55  65   7   0   0 0.04  0.0    0 12.0 10 290   M    M   6        14 290
================================================================================
SM 1933 1323       333  16  4.11     0.0 340.0          M      121
================================================================================
AV 64.4 44.1                              11.3 FASTST   M    M   4    MAX(MPH)
                                 MISC ---->  # 39 320               # 51  300
================================================================================
NOTES:
# LAST OF SEVERAL OCCURRENCES

COLUMN 17 PEAK WIND IN M.P.H.

PRELIMINARY LOCAL CLIMATOLOGICAL DATA (WS FORM: F-6) , PAGE 2

                                          STATION:  QUINCY IL
                                          MONTH:    APRIL
                                          YEAR:     2011
                                          LATITUDE:   39 57 N
                                          LONGITUDE:  91 12 W

[TEMPERATURE DATA]      [PRECIPITATION DATA]       SYMBOLS USED IN COLUMN 16

AVERAGE MONTHLY: 54.3   TOTAL FOR MONTH:   4.11    1 = FOG OR MIST
DPTR FM NORMAL:   1.3   DPTR FM NORMAL:    0.32    2 = FOG REDUCING VISIBILITY
HIGHEST:    88 ON  3    GRTST 24HR  1.51 ON 21-22      TO 1/4 MILE OR LESS
LOWEST:     31 ON  5                               3 = THUNDER
                        SNOW, ICE PELLETS, HAIL    4 = ICE PELLETS
                        TOTAL MONTH:   0.0 INCH    5 = HAIL
                        GRTST 24HR     0.0         6 = FREEZING RAIN OR DRIZZLE
                        GRTST DEPTH:   0           7 = DUSTSTORM OR SANDSTORM:
                                                       VSBY 1/2 MILE OR LESS
                                                   8 = SMOKE OR HAZE
[NO. OF DAYS WITH]      [WEATHER - DAYS WITH]      9 = BLOWING SNOW
                                                   X = TORNADO
MAX 32 OR BELOW:   0    0.01 INCH OR MORE:  15
MAX 90 OR ABOVE:   0    0.10 INCH OR MORE:   8
MIN 32 OR BELOW:   1    0.50 INCH OR MORE:   4
MIN  0 OR BELOW:   0    1.00 INCH OR MORE:   1

[HDD (BASE 65) ]
TOTAL THIS MO.   333    CLEAR  (SCALE 0-3)  15
DPTR FM NORMAL   -37    PTCLDY (SCALE 4-7)  12
TOTAL FM JUL 1  5440    CLOUDY (SCALE 8-10)  3
DPTR FM NORMAL   -78

[CDD (BASE 65) ]
TOTAL THIS MO.    16
DPTR FM NORMAL     8    [PRESSURE DATA]
TOTAL FM JAN 1    16    HIGHEST SLP 30.31 ON 21
DPTR FM NORMAL     8    LOWEST  SLP 29.27 ON  3

[REMARKS]
#FINAL-04-11#
