000
CXUS53 KLSX 011600
CF6UIN
PRELIMINARY LOCAL CLIMATOLOGICAL DATA (WS FORM: F-6)

                                          STATION:   QUINCY IL
                                          MONTH:     MAY
                                          YEAR:      2011
                                          LATITUDE:   39 57 N
                                          LONGITUDE:  91 12 W

  TEMPERATURE IN F:       :PCPN:    SNOW:  WIND      :SUNSHINE: SKY     :PK WND
================================================================================
1   2   3   4   5  6A  6B    7    8   9   10  11  12  13   14  15   16   17  18
                                     12Z  AVG MX 2MIN
DY MAX MIN AVG DEP HDD CDD  WTR  SNW DPTH SPD SPD DIR MIN PSBL S-S WX    SPD DR
================================================================================

 1  58  44  51  -7  14   0 0.03  0.0    0  8.3 24 310   M    M   2        31 310
 2  58  44  51  -7  14   0 0.00  0.0    0  5.6 14 340   M    M   2        17 320
 3  52  35  44 -15  21   0 0.00  0.0    0  8.5 23 320   M    M   2        29 320
 4  61  33  47 -12  18   0 0.00  0.0    0  5.4 14 130   M    M   0        20 170
 5  67  45  56  -3   9   0 0.01  0.0    0 10.9 23 300   M    M   2 1      28 290
 6  71  42  57  -3   8   0    T  0.0    0  7.4 17 200   M    M   1 1      22 240
 7  82  55  69   9   0   4 0.00  0.0    0 11.3 21 210   M    M   1        25 310
 8  74  50  62   2   3   0 0.00  0.0    0 11.0 22 110   M    M   2 18     28 110
 9  87  63  75  14   0  10 0.00  0.0    0 13.3 23 140   M    M   3 18     31 130
10  92  72  82  21   0  17 0.00  0.0    0 12.2 21 200   M    M   0 8      32 210
11  86  68  77  16   0  12 0.33  0.0    0  7.6 15 220   M    M   1 138    18 240
12  83  64  74  12   0   9 0.00  0.0    0  8.3 25 240   M    M   0        37 240
13  73  54  64   2   1   0    T  0.0    0 11.8 25 200   M    M   5 1      33 190
14  54  47  51 -11  14   0 0.83  0.0    0 16.1 24 320   M    M  10 1      31 320
15  51  47  49 -14  16   0 0.37  0.0    0 10.9 17 340   M    M  10 1      23  10
16  61  37  49 -14  16   0 0.00  0.0    0  8.7 16  10   M    M   0        22 330
17  65  37  51 -12  14   0 0.00  0.0    0  6.4 15  60   M    M   0        18  60
18  71  44  58  -6   7   0 0.00  0.0    0  3.5 10  10   M    M   1 8      14  40
19  67  52  60  -4   5   0    T  0.0    0  8.5 16 120   M    M   6 18     20 140
20  78  62  70   6   0   5 0.10  0.0    0  9.8 18 130   M    M   5 138    24 220
21  80  64  72   7   0   7    T  0.0    0 10.0 18 200   M    M   3        25 180
22  85  59  72   7   0   7 0.99  0.0    0 13.3 35 210   M    M   4 13     45 200
23  76  62  69   4   0   4 0.00  0.0    0  9.2 21 210   M    M   0        25 200
24  81  58  70   5   0   5 0.30  0.0    0  6.7 26 230   M    M   2 13     35 240
25  79  57  68   2   0   3 1.41  0.0    0  9.6 26 260   M    M   7 13     35 170
26  61  49  55 -11  10   0 0.21  0.0    0 10.7 24 350   M    M   8 1      31 350
27  65  47  56 -10   9   0    T  0.0    0  7.9 13 160   M    M   4        18 160
28  66  59  63  -4   2   0 0.08  0.0    0  7.2 16  70   M    M   7 138    18  60
29  87  63  75   8   0  10 0.03  0.0    0 11.5 25  20   M    M   5 1238   32  10
30  89  72  81  14   0  16 0.00  0.0    0 14.8 25 200   M    M   0        32 200
31  85  61  73   5   0   8 0.01  0.0    0 11.0 23 220   M    M   4 3      31 240
================================================================================
SM 2245 1646       181 117  4.70     0.0 297.4          M       97
================================================================================
AV 72.4 53.1                               9.6 FASTST   M    M   3    MAX(MPH)
                                 MISC ---->  # 35 210               # 45  200
================================================================================
NOTES:
# LAST OF SEVERAL OCCURRENCES

COLUMN 17 PEAK WIND IN M.P.H.

PRELIMINARY LOCAL CLIMATOLOGICAL DATA (WS FORM: F-6) , PAGE 2

                                          STATION:  QUINCY IL
                                          MONTH:    MAY
                                          YEAR:     2011
                                          LATITUDE:   39 57 N
                                          LONGITUDE:  91 12 W

[TEMPERATURE DATA]      [PRECIPITATION DATA]       SYMBOLS USED IN COLUMN 16

AVERAGE MONTHLY: 62.8   TOTAL FOR MONTH:   4.70    1 = FOG OR MIST
DPTR FM NORMAL:  -0.1   DPTR FM NORMAL:   -0.16    2 = FOG REDUCING VISIBILITY
HIGHEST:    92 ON 10    GRTST 24HR  1.64 ON 24-25      TO 1/4 MILE OR LESS
LOWEST:     33 ON  4                               3 = THUNDER
                        SNOW, ICE PELLETS, HAIL    4 = ICE PELLETS
                        TOTAL MONTH:   0.0 INCH    5 = HAIL
                        GRTST 24HR     0.0         6 = FREEZING RAIN OR DRIZZLE
                        GRTST DEPTH:   0           7 = DUSTSTORM OR SANDSTORM:
                                                       VSBY 1/2 MILE OR LESS
                                                   8 = SMOKE OR HAZE
[NO. OF DAYS WITH]      [WEATHER - DAYS WITH]      9 = BLOWING SNOW
                                                   X = TORNADO
MAX 32 OR BELOW:   0    0.01 INCH OR MORE:  13
MAX 90 OR ABOVE:   1    0.10 INCH OR MORE:   8
MIN 32 OR BELOW:   0    0.50 INCH OR MORE:   3
MIN  0 OR BELOW:   0    1.00 INCH OR MORE:   1

[HDD (BASE 65) ]
TOTAL THIS MO.   181    CLEAR  (SCALE 0-3)  19
DPTR FM NORMAL    31    PTCLDY (SCALE 4-7)  10
TOTAL FM JUL 1  5621    CLOUDY (SCALE 8-10)  2
DPTR FM NORMAL   -47

[CDD (BASE 65) ]
TOTAL THIS MO.   117
DPTR FM NORMAL    33    [PRESSURE DATA]
TOTAL FM JAN 1   133    HIGHEST SLP 30.46 ON  4
DPTR FM NORMAL    41    LOWEST  SLP 29.42 ON 25

[REMARKS]
#FINAL-05-11#
