000
CXUS53 KLSX 011600
CF6UIN
PRELIMINARY LOCAL CLIMATOLOGICAL DATA (WS FORM: F-6)

                                          STATION:   QUINCY IL
                                          MONTH:     JANUARY
                                          YEAR:      2011
                                          LATITUDE:   39 57 N
                                          LONGITUDE:  91 12 W

  TEMPERATURE IN F:       :PCPN:    SNOW:  WIND      :SUNSHINE: SKY     :PK WND
================================================================================
1   2   3   4   5  6A  6B    7    8   9   10  11  12  13   14  15   16   17  18
                                     12Z  AVG MX 2MIN
DY MAX MIN AVG DEP HDD CDD  WTR  SNW DPTH SPD SPD DIR MIN PSBL S-S WX    SPD DR
================================================================================

 1  27  16  22  -3  43   0 0.00  0.0    0 13.8 24 270   M    M   1        35 260
 2  32  12  22  -3  43   0 0.00  0.0    0  9.8 18 190   M    M   0        23 220
 3  40  22  31   6  34   0 0.00  0.0    0  8.3 16 220   M    M   0        20 240
 4  30  19  25   0  40   0 0.00  0.0    0  8.5 16 310   M    M   0 8      20 290
 5  43  20  32   7  33   0 0.00  0.0    0  7.0 15 190   M    M   3        20 200
 6  33  26  30   5  35   0 0.00  0.0    0  8.2 17 310   M    M   8        21 310
 7  32  15  24  -1  41   0 0.05    M    M 14.2 29 310   M    M  10 189    40 320
 8  18   6  12 -12  53   0 0.00  0.0    0 10.8 29 320   M    M   1        35 330
 9  25   2  14 -10  51   0 0.00  0.0    0  6.3 14 110   M    M   5        16 120
10  29  19  24   0  41   0    M    M    0  9.5 18 110   M    M   9 18     23 110
11  25  12  19  -5  46   0 0.14    M    M 11.2 22 280   M    M  10 18     26 290
12  18   3  11 -13  54   0    T    M    M 11.7 18 300   M    M   6 18     23 280
13  20   1  11 -13  54   0 0.00  0.0    M  5.7 12 150   M    M   7 1      16 170
14  32  12  22  -2  43   0 0.00  0.0    M  6.1 13 220   M    M   4        17 220
15  33  18  26   2  39   0 0.00  0.0    M 12.1 21 320   M    M   6 8      24 320
16  23   5  14 -10  51   0 0.00  0.0    M  5.2 13 130   M    M   8 18     15 140
17  38  22  30   6  35   0 0.17    M    M  9.5 18 170   M    M  10 1268   24 180
18  37  18  28   4  37   0 0.01    M    M 13.7 21 330   M    M   9 128    24 330
19  20  14  17  -7  48   0 0.02    M    M  9.8 15 320   M    M   5 18     18 300
20  23   3  13 -11  52   0 0.04    M    M  9.6 18 290   M    M   6 18     22 290
21  12  -7   3 -22  62   0    T    M    M  5.3 14 320   M    M   6 18     17 320
22  24  12  18  -7  47   0    T    M    M  5.6 16  30   M    M   9 18     17  30
23  20  13  17  -8  48   0 0.03    M    M  8.5 15  50   M    M   9 128    18  60
24  25  13  19  -6  46   0 0.00  0.0    M  7.4 17 300   M    M   5 128    21 300
25  30  13  22  -3  43   0 0.00  0.0    M  4.6 10 290   M    M   9 18     13 290
26  26  21  24  -1  41   0 0.00  0.0    M  6.8 13 310   M    M  10 18     16 320
27  32  19  26   1  39   0 0.00  0.0    M  8.9 18 190   M    M   6 18     22 190
28  37  19  28   2  37   0 0.00  0.0    M  6.7 14 190   M    M   5 128    15 200
29  39  24  32   6  33   0 0.00  0.0    M  5.6 15 300   M    M   0 1      18 300
30  32  23  28   2  37   0 0.00  0.0    M  9.6 17 100   M    M   8 1      23  90
31  32  22  27   1  38   0 0.02    M    M 13.3 20  80   M    M   9 168    25  90
================================================================================
SM  887  437      1344   0  0.48     0.0 273.3          M      184
================================================================================
AV 28.6 14.1                               8.8 FASTST   M    M   6    MAX(MPH)
                                 MISC ---->  # 29 310               # 40  320
================================================================================
NOTES:
# LAST OF SEVERAL OCCURRENCES

COLUMN 17 PEAK WIND IN M.P.H.

PRELIMINARY LOCAL CLIMATOLOGICAL DATA (WS FORM: F-6) , PAGE 2

                                          STATION:  QUINCY IL
                                          MONTH:    JANUARY
                                          YEAR:     2011
                                          LATITUDE:   39 57 N
                                          LONGITUDE:  91 12 W

[TEMPERATURE DATA]      [PRECIPITATION DATA]       SYMBOLS USED IN COLUMN 16

AVERAGE MONTHLY: 21.4   TOTAL FOR MONTH:   0.48    1 = FOG OR MIST
DPTR FM NORMAL:  -3.3   DPTR FM NORMAL:   -0.88    2 = FOG REDUCING VISIBILITY
HIGHEST:    43 ON  5    GRTST 24HR  1.42 ON 31- 1      TO 1/4 MILE OR LESS
LOWEST:     -7 ON 21                               3 = THUNDER
                        SNOW, ICE PELLETS, HAIL    4 = ICE PELLETS
                        TOTAL MONTH:   0.0 INCH    5 = HAIL
                        GRTST 24HR     0.0         6 = FREEZING RAIN OR DRIZZLE
                        GRTST DEPTH:   0           7 = DUSTSTORM OR SANDSTORM:
                                                       VSBY 1/2 MILE OR LESS
                                                   8 = SMOKE OR HAZE
[NO. OF DAYS WITH]      [WEATHER - DAYS WITH]      9 = BLOWING SNOW
                                                   X = TORNADO
MAX 32 OR BELOW:  23    0.01 INCH OR MORE:   8
MAX 90 OR ABOVE:   0    0.10 INCH OR MORE:   2
MIN 32 OR BELOW:  31    0.50 INCH OR MORE:   0
MIN  0 OR BELOW:   1    1.00 INCH OR MORE:   0

[HDD (BASE 65) ]
TOTAL THIS MO.  1344    CLEAR  (SCALE 0-3)   7
DPTR FM NORMAL    95    PTCLDY (SCALE 4-7)  13
TOTAL FM JUL 1  3434    CLOUDY (SCALE 8-10) 11
DPTR FM NORMAL   -19

[CDD (BASE 65) ]
TOTAL THIS MO.     0
DPTR FM NORMAL     0    [PRESSURE DATA]
TOTAL FM JAN 1     0    HIGHEST SLP 30.70 ON 12
DPTR FM NORMAL     0    LOWEST  SLP 29.53 ON  7

[REMARKS]
#FINAL-01-11#
