000
CXUS53 KLSX 011600
CF6UIN
PRELIMINARY LOCAL CLIMATOLOGICAL DATA (WS FORM: F-6)

                                          STATION:   QUINCY IL
                                          MONTH:     DECEMBER
                                          YEAR:      2010
                                          LATITUDE:   39 57 N
                                          LONGITUDE:  91 12 W

  TEMPERATURE IN F:       :PCPN:    SNOW:  WIND      :SUNSHINE: SKY     :PK WND
================================================================================
1   2   3   4   5  6A  6B    7    8   9   10  11  12  13   14  15   16   17  18
                                     12Z  AVG MX 2MIN
DY MAX MIN AVG DEP HDD CDD  WTR  SNW DPTH SPD SPD DIR MIN PSBL S-S WX    SPD DR
================================================================================

 1  32  21  27  -8  38   0 0.00  0.0    0 13.3 22 280   M    M   5        30 290
 2  41  24  33  -1  32   0 0.00  0.0    0  5.6  9  50   M    M   5        13 100
 3  34  20  27  -7  38   0 0.00  0.0    0  9.0 20 140   M    M   4        24 130
 4  33  24  29  -5  36   0 0.00  0.0    0 14.3 29 330   M    M   8 18     37 330
 5  30  17  24  -9  41   0 0.00  0.0    0 13.4 25 330   M    M   6        32 330
 6  25  12  19 -14  46   0 0.00  0.0    0  8.8 23 320   M    M   4        28 320
 7  26  11  19 -13  46   0 0.00  0.0    0  6.4 12 310   M    M   1 18     16 340
 8  29  11  20 -12  45   0 0.00  0.0    0  5.1 10 310   M    M   0        14 320
 9  38  18  28  -4  37   0 0.00  0.0    0  9.9 18 160   M    M   3        24 150
10  49  24  37   6  28   0 0.00  0.0    0  5.8 12 220   M    M   0 1      13 210
11  44  18  31   0  34   0 0.15    M    0 12.7 26 260   M    M   9 18     35 270
12  25   7  16 -15  49   0    T    M    0 23.7 31 320   M    M   8 19     44 330
13  15   1   8 -22  57   0 0.00  0.0    0  9.5 20 320   M    M   0        25 310
14  19   1  10 -20  55   0 0.00  0.0    0  3.4 12 120   M    M   8        15 120
15  28  18  23  -7  42   0    T  0.0    M 11.3 18 110   M    M   9 168    23 110
16  26  23  25  -4  40   0    T    M    M  9.7 20 310   M    M  10 18     22 310
17  27  15  21  -8  44   0 0.00  0.0    M  5.9 13 290   M    M   4 18     15 280
18  33  19  26  -3  39   0 0.00  0.0    M  7.5 18 280   M    M   4 1      23 280
19  32  21  27  -1  38   0    T    M    M  4.6 10 110   M    M  10 18     13 130
20  39  29  34   6  31   0 0.00  0.0    0 12.6 22 130   M    M   7 18     30 130
21  46  24  35   7  30   0 0.00  0.0    0  7.4 21 330   M    M   6 18     25 330
22  31  21  26  -2  39   0 0.00  0.0    0 10.4 20 330   M    M   9        25 330
23  34  25  30   3  35   0 0.00  0.0    0  5.2 13 110   M    M   7        15 110
24  31  28  30   3  35   0 0.17    M    0  8.5 15 110   M    M  10 12     18 110
25  28  22  25  -2  40   0    T    M    M 13.5 21 320   M    M  10 18     24 330
26  24  14  19  -8  46   0    T    T    M 10.2 18 320   M    M   7 18     22 320
27  20  12  16 -10  49   0 0.00  0.0    M  4.9 10 170   M    M   6 12     14 160
28  35  18  27   1  38   0 0.00  0.0    M  6.6 12 190   M    M   4        14 200
29  42  24  33   7  32   0    T  0.0    M  9.4 15 150   M    M   6 1      21 170
30  57  41  49  23  16   0 0.00  0.0    0 13.0 22 170   M    M   7 1      33 180
31  60  27  44  19  21   0 1.42    M    0 10.6 23 250   M    M   4 13     32 250
================================================================================
SM 1033  590      1197   0  1.74    T    292.2          M      181
================================================================================
AV 33.3 19.0                               9.4 FASTST   M    M   6    MAX(MPH)
                                 MISC ---->    31   M                 44    M
================================================================================
NOTES:
# LAST OF SEVERAL OCCURRENCES

COLUMN 17 PEAK WIND IN M.P.H.

PRELIMINARY LOCAL CLIMATOLOGICAL DATA (WS FORM: F-6) , PAGE 2

                                          STATION:  QUINCY IL
                                          MONTH:    DECEMBER
                                          YEAR:     2010
                                          LATITUDE:   39 57 N
                                          LONGITUDE:  91 12 W

[TEMPERATURE DATA]      [PRECIPITATION DATA]       SYMBOLS USED IN COLUMN 16

AVERAGE MONTHLY: 26.2   TOTAL FOR MONTH:   1.74    1 = FOG OR MIST
DPTR FM NORMAL:  -3.4   DPTR FM NORMAL:   -0.63    2 = FOG REDUCING VISIBILITY
HIGHEST:    60 ON 31    GRTST 24HR  1.42 ON 30-31      TO 1/4 MILE OR LESS
LOWEST:      1 ON 14,13                            3 = THUNDER
                        SNOW, ICE PELLETS, HAIL    4 = ICE PELLETS
                        TOTAL MONTH:    T          5 = HAIL
                        GRTST 24HR    T  ON 26-26  6 = FREEZING RAIN OR DRIZZLE
                        GRTST DEPTH:   0           7 = DUSTSTORM OR SANDSTORM:
                                                       VSBY 1/2 MILE OR LESS
                                                   8 = SMOKE OR HAZE
[NO. OF DAYS WITH]      [WEATHER - DAYS WITH]      9 = BLOWING SNOW
                                                   X = TORNADO
MAX 32 OR BELOW:  17    0.01 INCH OR MORE:   3
MAX 90 OR ABOVE:   0    0.10 INCH OR MORE:   3
MIN 32 OR BELOW:  30    0.50 INCH OR MORE:   1
MIN  0 OR BELOW:   0    1.00 INCH OR MORE:   1

[HDD (BASE 65) ]
TOTAL THIS MO.  1197    CLEAR  (SCALE 0-3)   5
DPTR FM NORMAL    99    PTCLDY (SCALE 4-7)  18
TOTAL FM JUL 1  2090    CLOUDY (SCALE 8-10)  8
DPTR FM NORMAL  -114

[CDD (BASE 65) ]
TOTAL THIS MO.     0
DPTR FM NORMAL     0    [PRESSURE DATA]
TOTAL FM JAN 1  1412    HIGHEST SLP 30.54 ON 23
DPTR FM NORMAL   318    LOWEST  SLP 29.50 ON 30

[REMARKS]
#FINAL-12-10#
