000
CXUS53 KLSX 011600
CF6UIN
PRELIMINARY LOCAL CLIMATOLOGICAL DATA (WS FORM: F-6)

                                          STATION:   QUINCY IL
                                          MONTH:     NOVEMBER
                                          YEAR:      2010
                                          LATITUDE:   39 57 N
                                          LONGITUDE:  91 12 W

  TEMPERATURE IN F:       :PCPN:    SNOW:  WIND      :SUNSHINE: SKY     :PK WND
================================================================================
1   2   3   4   5  6A  6B    7    8   9   10  11  12  13   14  15   16   17  18
                                     12Z  AVG MX 2MIN
DY MAX MIN AVG DEP HDD CDD  WTR  SNW DPTH SPD SPD DIR MIN PSBL S-S WX    SPD DR
================================================================================

 1  56  37  47  -1  18   0 0.00  0.0    0  9.7 17  70   M    M   1        23 110
 2  55  33  44  -4  21   0 0.00  0.0    0  6.7 13  50   M    M   0        16  70
 3  64  29  47   0  18   0 0.00  0.0    0  9.6 24 320   M    M   1 8      28 320
 4  54  37  46  -1  19   0    T  0.0    0 16.5 29 340   M    M   3        36 320
 5  46  27  37  -9  28   0 0.00  0.0    0  9.9 22 330   M    M   0        29 310
 6  52  27  40  -6  25   0 0.00  0.0    0  5.3 13 170   M    M   0        18 160
 7  69  40  55   9  10   0 0.00  0.0    0 13.4 23 210   M    M   0        30 220
 8  72  49  61  16   4   0 0.00  0.0    0 12.6 22 210   M    M   0        28 210
 9  73  49  61  16   4   0 0.00  0.0    0  9.8 16 200   M    M   0        20 160
10  75  47  61  17   4   0 0.00  0.0    0  9.1 20 180   M    M   3        26 180
11  61  46  54  10  11   0 0.07  0.0    0  8.3 15  20   M    M   5 1      17  20
12  68  43  56  13   9   0 0.05  0.0    0  7.7 14 170   M    M   4 3      21 170
13  58  37  48   5  17   0 0.25  0.0    0 15.8 29 240   M    M   9 1      37 250
14  53  30  42   0  23   0    T  0.0    0  9.5 20 240   M    M   3        28 240
15  57  37  47   5  18   0    T  0.0    0  7.2 17 210   M    M   5        22 210
16  56  34  45   4  20   0 0.00  0.0    0  3.5 14 310   M    M   3 18     17 310
17  42  29  36  -5  29   0    T  0.0    0  6.0 13 340   M    M   6 18     16 360
18  42  29  36  -5  29   0 0.00  0.0    0  7.0 14 340   M    M   5        17 340
19  56  30  43   3  22   0 0.00  0.0    0 10.2 23 220   M    M   0 8      29 220
20  52  32  42   2  23   0 0.00  0.0    0  9.8 18 120   M    M   0 18     23 120
21  68  44  56  17   9   0 0.00  0.0    0 12.1 21 190   M    M   8        28 190
22  75  34  55  16  10   0 0.22  0.0    0 16.0 36 200   M    M   7 1      45 210
23  38  28  33  -5  32   0 0.00  0.0    0  6.8 17 310   M    M   1        20 310
24  43  29  36  -2  29   0 0.37  0.0    0 13.7 28 130   M    M   9 1236   35 130
25  43  22  33  -4  32   0 0.00  0.0    0 12.5 23 320   M    M   5 12     28 330
26  43  20  32  -5  33   0 0.00  0.0    0 11.7 22 310   M    M   3        30 300
27  43  29  36  -1  29   0 0.00  0.0    0  7.4 23 320   M    M   2        29 320
28  54  31  43   7  22   0 0.00  0.0    0 12.7 22 150   M    M   0        32 150
29  51  37  44   8  21   0 0.07  0.0    0 14.0 23 150   M    M   8 13     31 140
30  37  26  32  -3  33   0    T    M    0 16.2 25 280   M    M  10 8      31 280
================================================================================
SM 1656 1022       602   0  1.03     0.0 310.7          M      101
================================================================================
AV 55.2 34.1                              10.4 FASTST   M    M   3    MAX(MPH)
                                 MISC ---->  # 36 200               # 45  210
================================================================================
NOTES:
# LAST OF SEVERAL OCCURRENCES

COLUMN 17 PEAK WIND IN M.P.H.

PRELIMINARY LOCAL CLIMATOLOGICAL DATA (WS FORM: F-6) , PAGE 2

                                          STATION:  QUINCY IL
                                          MONTH:    NOVEMBER
                                          YEAR:     2010
                                          LATITUDE:   39 57 N
                                          LONGITUDE:  91 12 W

[TEMPERATURE DATA]      [PRECIPITATION DATA]       SYMBOLS USED IN COLUMN 16

AVERAGE MONTHLY: 44.6   TOTAL FOR MONTH:   1.03    1 = FOG OR MIST
DPTR FM NORMAL:   2.9   DPTR FM NORMAL:   -2.20    2 = FOG REDUCING VISIBILITY
HIGHEST:    75 ON 22,10 GRTST 24HR  0.37 ON 24-24      TO 1/4 MILE OR LESS
LOWEST:     20 ON 26                               3 = THUNDER
                        SNOW, ICE PELLETS, HAIL    4 = ICE PELLETS
                        TOTAL MONTH:   0.0 INCH    5 = HAIL
                        GRTST 24HR     0.0         6 = FREEZING RAIN OR DRIZZLE
                        GRTST DEPTH:   0           7 = DUSTSTORM OR SANDSTORM:
                                                       VSBY 1/2 MILE OR LESS
                                                   8 = SMOKE OR HAZE
[NO. OF DAYS WITH]      [WEATHER - DAYS WITH]      9 = BLOWING SNOW
                                                   X = TORNADO
MAX 32 OR BELOW:   0    0.01 INCH OR MORE:   6
MAX 90 OR ABOVE:   0    0.10 INCH OR MORE:   3
MIN 32 OR BELOW:  15    0.50 INCH OR MORE:   0
MIN  0 OR BELOW:   0    1.00 INCH OR MORE:   0

[HDD (BASE 65) ]
TOTAL THIS MO.   602    CLEAR  (SCALE 0-3)  17
DPTR FM NORMAL   -98    PTCLDY (SCALE 4-7)  10
TOTAL FM JUL 1   893    CLOUDY (SCALE 8-10)  3
DPTR FM NORMAL  -213

[CDD (BASE 65) ]
TOTAL THIS MO.     0
DPTR FM NORMAL     0    [PRESSURE DATA]
TOTAL FM JAN 1  1412    HIGHEST SLP 30.41 ON 18
DPTR FM NORMAL   318    LOWEST  SLP 29.62 ON 29

[REMARKS]
#FINAL-11-10#
