000
CXUS53 KLSX 201550 CCA
CF6UIN

PRELIMINARY LOCAL CLIMATOLOGICAL DATA (WS FORM: F-6)

                                          STATION:   QUINCY IL
                                          MONTH:     FEBRUARY
                                          YEAR:      2011
                                          LATITUDE:   39 57 N
                                          LONGITUDE:  91 12 W

  TEMPERATURE IN F:       :PCPN:    SNOW:  WIND      :SUNSHINE: SKY     :PK WND
================================================================================
1   2   3   4   5  6A  6B    7    8   9   10  11  12  13   14  15   16   17  18
                                     12Z  AVG MX 2MIN
DY MAX MIN AVG DEP HDD CDD  WTR  SNW DPTH SPD SPD DIR MIN PSBL S-S WX    SPD DR
================================================================================

 1  22  18  20  -7  45   0    M    M    M 21.4 38  30   M    M  10 12     47  20
 2  18  -2   8 -20  57   0    M    M    M 16.2 32 340   M    M   4 18     40 330
 3  16 -10   3 -25  62   0 0.00  0.0    M  6.9 12 210   M    M   0 18     14 200
 4  25   1  13 -15  52   0 0.00  0.0    M  9.9 18 200   M    M   0        22 200
 5  33  20  27  -1  38   0    M    M    M  8.3 15 200   M    M   7 1      17 210
 6  34  28  31   3  34   0    T    T    M  8.2 16 310   M    M  10 18     21 310
 7  30  14  22  -6  43   0    T    T    M 13.1 18 300   M    M  10 8      22 300
 8  14  -5   5 -24  60   0    M    M    M  9.9 17 320   M    M   3        22 310
 9  15   1   8 -21  57   0 0.00  0.0    M  6.1 12 290   M    M   3        15 290
10  26  -6  10 -19  55   0 0.00  0.0    M 10.7 17 230   M    M   0        23 240
11  33  13  23  -7  42   0 0.00  0.0    M 11.6 20 250   M    M   3        25 220
12  43  20  32   2  33   0 0.00  0.0    M 11.3 20 200   M    M   0 1      25 210
13  49  33  41  11  24   0 0.00  0.0    M 13.1 20 250   M    M   0        28 260
14  45  31  38   8  27   0 0.00  0.0    M 10.9 24 310   M    M   1        32 330
15  46  32  39   8  26   0    T  0.0    0 10.5 20 160   M    M   3        26 150
16  58  37  48  17  17   0 0.00  0.0    0  7.6 15 200   M    M   5 1      21 200
17  70  48  59  28   6   0 0.00  0.0    0 16.3 26 210   M    M   3        33 210
18  54  35  45  13  20   0 0.00  0.0    0  6.4 14 320   M    M   1        17 310
19  50  31  41   9  24   0 0.41  0.0    0 10.5 17 120   M    M   4 1      22 110
20  66  39  53  21  12   0 0.06  0.0    0 15.0 26 200   M    M   8 1      32 200
21  57  28  43  10  22   0 0.02  0.0    0 12.6 18 290   M    M   8 18     24 290
22  34  26  30  -3  35   0 0.00  0.0    0  6.4 17 290   M    M   7        22 290
23  39  27  33  -1  32   0 0.07    M    0  9.0 17 140   M    M   8 12     24 140
24  35  27  31  -3  34   0    M    M    0 13.6 26  10   M    M  10 128    31  10
25  31  24  28  -6  37   0    M    M    M  7.7 22  10   M    M   9 18     26  30
26  34  25  30  -5  35   0 0.00  0.0    M  5.5 12 190   M    M  10 1      15 190
27  39  32  36   1  29   0 1.40  0.0    M  9.0 25 300   M    M  10 123    31 300
28  38  27  33  -3  32   0    T  0.0    0 10.0 20  10   M    M   5 18     25 350
================================================================================
SM 1054  594       990   0    M    M     297.7          M      142
================================================================================
AV 37.6 21.2                              10.6 FASTST   M    M   5    MAX(MPH)
                                 MISC ---->  # 38  30               # 47   20
================================================================================
NOTES:
# LAST OF SEVERAL OCCURRENCES

COLUMN 17 PEAK WIND IN M.P.H.

PRELIMINARY LOCAL CLIMATOLOGICAL DATA (WS FORM: F-6) , PAGE 2

                                          STATION:  QUINCY IL
                                          MONTH:    FEBRUARY
                                          YEAR:     2011
                                          LATITUDE:   39 57 N
                                          LONGITUDE:  91 12 W

[TEMPERATURE DATA]      [PRECIPITATION DATA]       SYMBOLS USED IN COLUMN 16

AVERAGE MONTHLY: 29.4   TOTAL FOR MONTH:     M    1 = FOG OR MIST
DPTR FM NORMAL:  -1.0   DPTR FM NORMAL:      M    2 = FOG REDUCING VISIBILITY
HIGHEST:    70 ON 17    GRTST 24HR  1.40 ON 27-27      TO 1/4 MILE OR LESS
LOWEST:    -10 ON  3                               3 = THUNDER
                        SNOW, ICE PELLETS, HAIL    4 = ICE PELLETS
                        TOTAL MONTH:         M     5 = HAIL
                        GRTST 24HR           M     6 = FREEZING RAIN OR DRIZZLE
                        GRTST DEPTH:         M     7 = DUSTSTORM OR SANDSTORM:
                                                       VSBY 1/2 MILE OR LESS
                                                   8 = SMOKE OR HAZE
[NO. OF DAYS WITH]      [WEATHER - DAYS WITH]      9 = BLOWING SNOW
                                                   X = TORNADO
MAX 32 OR BELOW:   9    0.01 INCH OR MORE:   M
MAX 90 OR ABOVE:   0    0.10 INCH OR MORE:   M
MIN 32 OR BELOW:  23    0.50 INCH OR MORE:   M
MIN  0 OR BELOW:   4    1.00 INCH OR MORE:   M

[HDD (BASE 65) ]
TOTAL THIS MO.   990    CLEAR  (SCALE 0-3)   9
DPTR FM NORMAL    34    PTCLDY (SCALE 4-7)  10
TOTAL FM JUL 1  4424    CLOUDY (SCALE 8-10)  9
DPTR FM NORMAL    82

[CDD (BASE 65) ]
TOTAL THIS MO.     0
DPTR FM NORMAL     0    [PRESSURE DATA]
TOTAL FM JAN 1     0    HIGHEST SLP M ON M
DPTR FM NORMAL     0    LOWEST  SLP 29.45 ON 27

#FINAL-02-11#
