000
CXUS53 KLSX 011400
CF6UIN
PRELIMINARY LOCAL CLIMATOLOGICAL DATA (WS FORM: F-6)
STATION: QUINCY IL
MONTH: SEPTEMBER
YEAR: 2020
LATITUDE: 39 57 N
LONGITUDE: 91 12 W
TEMPERATURE IN F: :PCPN: SNOW: WIND :SUNSHINE: SKY :PK WND
================================================================================
1 2 3 4 5 6A 6B 7 8 9 10 11 12 13 14 15 16 17 18
12Z AVG MX 2MIN
DY MAX MIN AVG DEP HDD CDD WTR SNW DPTH SPD SPD DIR MIN PSBL S-S WX SPD DR
================================================================================
1 76 63 70 -2 0 5 0.23 0.0 0 8.0 18 310 M M 7 13 25 310
2 84 64 74 2 0 9 0.00 0.0 0 4.7 9 180 M M 2 1 13 300
3 88 58 73 2 0 8 0.00 0.0 0 9.5 22 320 M M 1 1 30 230
4 82 52 67 -4 0 2 0.00 0.0 0 4.0 12 260 M M 0 17 200
5 88 57 73 2 0 8 0.00 0.0 0 6.0 12 230 M M 0 14 250
6 90 70 80 10 0 15 0.00 0.0 0 12.7 31 200 M M 1 46 180
7 82 71 77 7 0 12 0.00 0.0 0 8.3 17 30 M M 7 3 22 20
8 71 56 64 -6 1 0 0.01 0.0 0 10.7 18 50 M M 9 1 24 50
9 67 55 61 -8 4 0 0.23 0.0 0 8.0 21 20 M M 10 12 24 20
10 64 57 61 -8 4 0 0.03 0.0 0 8.8 15 40 M M 10 12 19 40
11 75 61 68 0 0 3 0.38 0.0 0 7.5 13 110 M M 10 1 17 130
12 72 61 67 -1 0 2 0.77 0.0 0 6.6 15 260 M M 7 13 21 260
13 77 57 67 -1 0 2 0.00 0.0 0 6.8 12 10 M M 3 1 20 310
14 78 54 66 -1 0 1 0.00 0.0 0 5.3 9 60 M M 0 13 70
15 79 55 67 0 0 2 0.00 0.0 0 5.3 13 190 M M 0 16 190
16 82 57 70 4 0 5 0.00 0.0 0 4.7 12 360 M M 0 15 10
17 74 54 64 -2 1 0 0.00 0.0 0 9.4 16 20 M M 3 24 30
18 69 50 60 -5 5 0 0.00 0.0 0 7.5 14 60 M M 2 20 50
19 68 43 56 -9 9 0 0.00 0.0 0 5.8 14 140 M M 0 18 140
20 73 47 60 -5 5 0 0.00 0.0 0 7.4 16 120 M M 0 25 120
21 77 49 63 -1 2 0 0.00 0.0 0 6.5 13 200 M M 0 17 210
22 77 54 66 2 0 1 0.00 0.0 0 5.6 13 160 M M 0 17 150
23 79 54 67 4 0 2 0.00 0.0 0 4.5 13 180 M M 1 17 190
24 77 55 66 3 0 1 0.00 0.0 0 7.9 16 200 M M 0 23 200
25 82 55 69 7 0 4 0.00 0.0 0 8.3 16 190 M M 0 23 180
26 85 62 74 12 0 9 0.00 0.0 0 14.1 21 200 M M 0 30 210
27 79 51 65 3 0 0 0.52 0.0 0 10.8 22 360 M M 5 1 30 340
28 67 49 58 -3 7 0 0.01 0.0 0 10.0 28 310 M M 7 38 320
29 64 45 55 -6 10 0 T 0.0 0 8.5 17 270 M M 5 25 320
30 72 50 61 1 4 0 0.00 0.0 0 11.2 31 340 M M 1 42 330
================================================================================
SM 2298 1666 52 91 2.18 0.0 234.4 M 91
================================================================================
AV 76.6 55.5 7.8 FASTST M M 3 MAX(MPH)
MISC ----> # 31 200 46 180
================================================================================
NOTES:
# LAST OF SEVERAL OCCURRENCES
COLUMN 17 PEAK WIND IN M.P.H.
PRELIMINARY LOCAL CLIMATOLOGICAL DATA (WS FORM: F-6) , PAGE 2
STATION: QUINCY IL
MONTH: SEPTEMBER
YEAR: 2020
LATITUDE: 39 57 N
LONGITUDE: 91 12 W
[TEMPERATURE DATA] [PRECIPITATION DATA] SYMBOLS USED IN COLUMN 16
AVERAGE MONTHLY: 66.1 TOTAL FOR MONTH: 2.18 1 = FOG OR MIST
DPTR FM NORMAL: -0.3 DPTR FM NORMAL: -1.12 2 = FOG REDUCING VISIBILITY
HIGHEST: 90 ON 6 GRTST 24HR 1.14 ON 11-12 TO 1/4 MILE OR LESS
LOWEST: 43 ON 19 3 = THUNDER
SNOW, ICE PELLETS, HAIL 4 = ICE PELLETS
TOTAL MONTH: 0.0 INCH 5 = HAIL
GRTST 24HR 0.0 6 = FREEZING RAIN OR DRIZZLE
GRTST DEPTH: 0 7 = DUSTSTORM OR SANDSTORM:
VSBY 1/2 MILE OR LESS
8 = SMOKE OR HAZE
[NO. OF DAYS WITH] [WEATHER - DAYS WITH] 9 = BLOWING SNOW
X = TORNADO
MAX 32 OR BELOW: 0 0.01 INCH OR MORE: 8
MAX 90 OR ABOVE: 1 0.10 INCH OR MORE: 5
MIN 32 OR BELOW: 0 0.50 INCH OR MORE: 2
MIN 0 OR BELOW: 0 1.00 INCH OR MORE: 0
[HDD (BASE 65) ]
TOTAL THIS MO. 52 CLEAR (SCALE 0-3) 20
DPTR FM NORMAL -30 PTCLDY (SCALE 4-7) 6
TOTAL FM JUL 1 53 CLOUDY (SCALE 8-10) 4
DPTR FM NORMAL -35
[CDD (BASE 65) ]
TOTAL THIS MO. 91
DPTR FM NORMAL -32 [PRESSURE DATA]
TOTAL FM JAN 1 1145 HIGHEST SLP 30.37 ON 20
DPTR FM NORMAL 69 LOWEST SLP 29.68 ON 26
[REMARKS]
#FINAL-09-20#