000
CXUS53 KLSX 011600
CF6UIN
PRELIMINARY LOCAL CLIMATOLOGICAL DATA (WS FORM: F-6)

                                          STATION:   QUINCY IL
                                          MONTH:     SEPTEMBER
                                          YEAR:      2010
                                          LATITUDE:   39 57 N
                                          LONGITUDE:  91 12 W

  TEMPERATURE IN F:       :PCPN:    SNOW:  WIND      :SUNSHINE: SKY     :PK WND
================================================================================
1   2   3   4   5  6A  6B    7    8   9   10  11  12  13   14  15   16   17  18
                                     12Z  AVG MX 2MIN
DY MAX MIN AVG DEP HDD CDD  WTR  SNW DPTH SPD SPD DIR MIN PSBL S-S WX    SPD DR
================================================================================

 1  79  69  74   3   0   9 0.42  0.0    0  6.5 22 280   M    M   6 13     28 280
 2  82  61  72   1   0   7 0.39  0.0    0  9.1 26 310   M    M   8 138    37 320
 3  74  55  65  -5   0   0 0.00  0.0    0 13.1 26 290   M    M   0        35 290
 4  71  50  61  -9   4   0 0.00  0.0    0  6.4 16 310   M    M   0        21 290
 5  79  53  66  -4   0   1 0.00  0.0    0  9.3 21 180   M    M   0        29 170
 6  86  61  74   4   0   9 0.00  0.0    0 14.8 28 180   M    M   0        39 190
 7  79  56  68  -1   0   3 0.00  0.0    0  9.1 25 260   M    M   0        30 250
 8  79  51  65  -4   0   0 0.00  0.0    0  2.8  8 250   M    M   0        12 290
 9  68  59  64  -5   1   0 0.01  0.0    0  8.9 15 110   M    M   8 1      18 110
10  67  60  64  -4   1   0    M  0.0    0 10.7 18 110   M    M  10 13     24 100
11  77  57  67  -1   0   2 0.00  0.0    0  9.2 21 330   M    M   4 13     31 300
12  83  54  69   1   0   4 0.00  0.0    0  7.1 15 240   M    M   0        20 240
13  86  58  72   5   0   7    T  0.0    0  7.0 17 320   M    M   0        25 320
14  86  64  75   8   0  10 0.01  0.0    0  2.7 16 190   M    M   1        23 190
15  78  61  70   3   0   5    T  0.0    0  6.9 16 230   M    M   1 1      22 240
16  68  53  61  -5   4   0 0.00  0.0    0  9.5 21 320   M    M   8        26 310
17  78  50  64  -2   1   0 0.00  0.0    0  5.3 13 170   M    M   0 1      15 190
18  82  63  73   7   0   8    M  0.0    0  7.9 20  20   M    M   1 13     25  10
19  76  63  70   4   0   5    M  0.0    0  6.7 22 360   M    M   6 13     28  90
20  88  65  77  12   0  12 0.00  0.0    0  8.2 16 200   M    M   2 1      21 190
21  88  65  77  12   0  12    M  0.0    0 11.2 37 310   M    M   2 138    48 330
22  77  65  71   7   0   6    M  0.0    0  7.2 22 120   M    M   3 13     26 120
23  88  70  79  15   0  14 0.00  0.0    0 15.6 29 210   M    M   0        37 200
24  78  57  68   4   0   3 0.41  0.0    0 11.7 22 290   M    M   4 1      28 290
25  66  50  58  -5   7   0    M  0.0    0  7.1 17  20   M    M   3 1      22  10
26  64  49  57  -6   8   0    M    M    0  8.7 18  40   M    M   6        25  40
27  67  44  56  -7   9   0 0.00  0.0    0  2.8 12 300   M    M   0 8      14 250
28  74  48  61  -1   4   0 0.00  0.0    0  4.1  9 320   M    M   2 18     13 330
29  76  52  64   2   1   0 0.00  0.0    0  3.7 10 240   M    M   0 8      14 220
30  75  52  64   2   1   0 0.00  0.0    0 10.4 22  20   M    M   0        31  10
================================================================================
SM 2319 1715        41 117  1.24     0.0 243.7          M       75
================================================================================
AV 77.3 57.2                               8.1 FASTST   M    M   3    MAX(MPH)
                                 MISC ---->  # 37 310               # 48  330
================================================================================
NOTES:
# LAST OF SEVERAL OCCURRENCES

COLUMN 17 PEAK WIND IN M.P.H.

PRELIMINARY LOCAL CLIMATOLOGICAL DATA (WS FORM: F-6) , PAGE 2

                                          STATION:  QUINCY IL
                                          MONTH:    SEPTEMBER
                                          YEAR:     2010
                                          LATITUDE:   39 57 N
                                          LONGITUDE:  91 12 W

[TEMPERATURE DATA]      [PRECIPITATION DATA]       SYMBOLS USED IN COLUMN 16

AVERAGE MONTHLY: 67.2   TOTAL FOR MONTH:   1.24    1 = FOG OR MIST
DPTR FM NORMAL:   0.7   DPTR FM NORMAL:   -2.61    2 = FOG REDUCING VISIBILITY
HIGHEST:    88 ON 23,21 GRTST 24HR  0.42 ON  1- 1      TO 1/4 MILE OR LESS
LOWEST:     44 ON 27                               3 = THUNDER
                        SNOW, ICE PELLETS, HAIL    4 = ICE PELLETS
                        TOTAL MONTH:   0.0 INCH    5 = HAIL
                        GRTST 24HR     0.0         6 = FREEZING RAIN OR DRIZZLE
                        GRTST DEPTH:   0           7 = DUSTSTORM OR SANDSTORM:
                                                       VSBY 1/2 MILE OR LESS
                                                   8 = SMOKE OR HAZE
[NO. OF DAYS WITH]      [WEATHER - DAYS WITH]      9 = BLOWING SNOW
                                                   X = TORNADO
MAX 32 OR BELOW:   0    0.01 INCH OR MORE:   5
MAX 90 OR ABOVE:   0    0.10 INCH OR MORE:   3
MIN 32 OR BELOW:   0    0.50 INCH OR MORE:   0
MIN  0 OR BELOW:   0    1.00 INCH OR MORE:   0

[HDD (BASE 65) ]
TOTAL THIS MO.    41    CLEAR  (SCALE 0-3)  21
DPTR FM NORMAL   -33    PTCLDY (SCALE 4-7)   7
TOTAL FM JUL 1    41    CLOUDY (SCALE 8-10)  2
DPTR FM NORMAL   -47

[CDD (BASE 65) ]
TOTAL THIS MO.   117
DPTR FM NORMAL    -2    [PRESSURE DATA]
TOTAL FM JAN 1  1400    HIGHEST SLP 30.18 ON 26
DPTR FM NORMAL   316    LOWEST  SLP 29.71 ON  6

[REMARKS]
#FINAL-09-10#
