203
CXUS53 KLSX 011525 CCA
CF6UIN
PRELIMINARY LOCAL CLIMATOLOGICAL DATA (WS FORM: F-6)
STATION: QUINCY IL
MONTH: AUGUST
YEAR: 2020
LATITUDE: 39 57 N
LONGITUDE: 91 12 W
TEMPERATURE IN F: :PCPN: SNOW: WIND :SUNSHINE: SKY :PK WND
================================================================================
1 2 3 4 5 6A 6B 7 8 9 10 11 12 13 14 15 16 17 18
12Z AVG MX 2MIN
DY MAX MIN AVG DEP HDD CDD WTR SNW DPTH SPD SPD DIR MIN PSBL S-S WX SPD DR
================================================================================
1 81 66 74 -2 0 9 0.00 0.0 0 4.9 14 330 M M 6 17 320
2 82 63 73 -3 0 8 0.07 0.0 0 5.8 17 320 M M 2 3 23 310
3 74 57 66 -10 0 1 0.00 0.0 0 8.9 16 360 M M 5 22 350
4 74 54 64 -12 1 0 0.00 0.0 0 4.7 14 10 M M 3 20 10
5 76 53 65 -11 0 0 0.00 0.0 0 2.6 8 170 M M 1 12 150
6 78 58 68 -7 0 3 T 0.0 0 6.4 13 120 M M 2 20 150
7 82 61 72 -3 0 7 0.00 0.0 0 9.5 16 140 M M 2 20 150
8 84 67 76 1 0 11 T 0.0 0 9.5 17 190 M M 3 1 25 170
9 89 71 80 5 0 15 0.00 0.0 0 9.9 18 210 M M 3 25 210
10 92 66 79 4 0 14 M 0.0 0 9.7 39 340 M M 3 13 54 330
11 81 63 72 -3 0 7 0.00 0.0 0 3.4 8 100 M M 3 12 12 90
12 86 69 78 3 0 13 0.00 0.0 0 6.7 12 130 M M 3 17 130
13 87 66 77 2 0 12 0.00 0.0 0 5.0 13 120 M M 1 16 100
14 86 67 77 2 0 12 0.00 0.0 0 4.6 12 120 M M 1 1 15 120
15 85 61 73 -2 0 8 0.00 0.0 0 6.7 17 320 M M 2 1 22 320
16 85 58 72 -3 0 7 0.00 0.0 0 5.0 10 280 M M 0 16 290
17 86 63 75 0 0 10 0.00 0.0 0 8.7 17 320 M M 2 23 320
18 80 59 70 -5 0 5 0.00 0.0 0 7.4 14 20 M M 1 19 330
19 79 59 69 -5 0 4 0.00 0.0 0 5.0 12 70 M M 0 17 70
20 81 57 69 -5 0 4 0.00 0.0 0 2.6 10 200 M M 0 14 200
21 84 59 72 -2 0 7 0.00 0.0 0 4.3 9 140 M M 0 11 150
22 86 62 74 0 0 9 0.00 0.0 0 5.0 10 180 M M 0 8 16 210
23 91 67 79 5 0 14 0.00 0.0 0 7.6 15 240 M M 1 21 250
24 94 70 82 8 0 17 0.00 0.0 0 5.8 12 210 M M 0 14 220
25 93 70 82 8 0 17 0.00 0.0 0 6.0 12 190 M M 0 15 190
26 92 70 81 8 0 16 0.00 0.0 0 8.1 15 200 M M 0 1 22 200
27 89 72 81 8 0 16 0.00 0.0 0 7.6 16 190 M M 1 21 190
28 91 69 80 7 0 15 0.00 0.0 0 5.7 13 320 M M 1 12 17 300
29 81 61 71 -2 0 6 0.00 0.0 0 7.4 14 320 M M 1 20 330
30 81 55 68 -4 0 3 0.00 0.0 0 5.4 13 110 M M 0 17 130
31 77 62 70 -2 0 5 0.00 0.0 0 4.9 15 160 M M 6 18 20 160
================================================================================
SM 2607 1955 1 275 M 0.0 194.8 M 53
================================================================================
AV 84.1 63.1 6.3 FASTST M M 2 MAX(MPH)
MISC ----> 39 340 54 330
================================================================================
NOTES:
# LAST OF SEVERAL OCCURRENCES
COLUMN 17 PEAK WIND IN M.P.H.
PRELIMINARY LOCAL CLIMATOLOGICAL DATA (WS FORM: F-6) , PAGE 2
STATION: QUINCY IL
MONTH: AUGUST
YEAR: 2020
LATITUDE: 39 57 N
LONGITUDE: 91 12 W
[TEMPERATURE DATA] [PRECIPITATION DATA] SYMBOLS USED IN COLUMN 16
AVERAGE MONTHLY: 73.6 TOTAL FOR MONTH: M 1 = FOG OR MIST
DPTR FM NORMAL: -0.8 DPTR FM NORMAL: M 2 = FOG REDUCING VISIBILITY
HIGHEST: 94 ON 24 GRTST 24HR M TO 1/4 MILE OR LESS
LOWEST: 53 ON 5 3 = THUNDER
SNOW, ICE PELLETS, HAIL 4 = ICE PELLETS
TOTAL MONTH: 0.0 INCH 5 = HAIL
GRTST 24HR 0.0 6 = FREEZING RAIN OR DRIZZLE
GRTST DEPTH: 0 7 = DUSTSTORM OR SANDSTORM:
VSBY 1/2 MILE OR LESS
8 = SMOKE OR HAZE
[NO. OF DAYS WITH] [WEATHER - DAYS WITH] 9 = BLOWING SNOW
X = TORNADO
MAX 32 OR BELOW: 0 0.01 INCH OR MORE: M
MAX 90 OR ABOVE: 6 0.10 INCH OR MORE: M
MIN 32 OR BELOW: 0 0.50 INCH OR MORE: M
MIN 0 OR BELOW: 0 1.00 INCH OR MORE: 0
[HDD (BASE 65) ]
TOTAL THIS MO. 1 CLEAR (SCALE 0-3) 28
DPTR FM NORMAL -4 PTCLDY (SCALE 4-7) 3
TOTAL FM JUL 1 1 CLOUDY (SCALE 8-10) 0
DPTR FM NORMAL 1
[CDD (BASE 65) ]
TOTAL THIS MO. 275
DPTR FM NORMAL -22 [PRESSURE DATA]
TOTAL FM JAN 1 1054 HIGHEST SLP 30.16 ON 5
DPTR FM NORMAL 101 LOWEST SLP 29.64 ON 28
[REMARKS]
#FINAL-08-20#