000
CXUS53 KLSX 011600
CF6UIN
PRELIMINARY LOCAL CLIMATOLOGICAL DATA (WS FORM: F-6)

                                          STATION:   QUINCY IL
                                          MONTH:     OCTOBER
                                          YEAR:      2010
                                          LATITUDE:   39 57 N
                                          LONGITUDE:  91 12 W

  TEMPERATURE IN F:       :PCPN:    SNOW:  WIND      :SUNSHINE: SKY     :PK WND
================================================================================
1   2   3   4   5  6A  6B    7    8   9   10  11  12  13   14  15   16   17  18
                                     12Z  AVG MX 2MIN
DY MAX MIN AVG DEP HDD CDD  WTR  SNW DPTH SPD SPD DIR MIN PSBL S-S WX    SPD DR
================================================================================

 1  74  46  60  -1   5   0 0.00  0.0    0  4.4 13 280   M    M   0 8      36 270
 2  61  40  51 -10  14   0    T  0.0    0 12.8 24  10   M    M   6 1      30  20
 3  61  38  50 -10  15   0 0.00  0.0    0  7.6 16  30   M    M   0        18  30
 4  62  38  50 -10  15   0 0.00  0.0    0  2.4  8  50   M    M   0        13  70
 5  68  41  55  -5  10   0 0.00  0.0    0  3.0  9 240   M    M   0        15 250
 6  78  42  60   1   5   0 0.00  0.0    0  7.2 16 250   M    M   0 8      21 240
 7  76  47  62   3   3   0 0.00  0.0    0  3.3  9 300   M    M   0 8      13 300
 8  80  45  63   5   2   0 0.00  0.0    0  6.2 13 220   M    M   0 8      17 240
 9  84  54  69  11   0   4 0.00  0.0    0  5.7 13 220   M    M   0        15 210
10  81  54  68  10   0   3 0.00  0.0    0  5.8 14 250   M    M   0        22 100
11  79  54  67  10   0   2 0.00  0.0    0  6.1 13 340   M    M   0 8      16 340
12  75  56  66   9   0   1 0.00  0.0    0  6.0 13 360   M    M   2 8      15  10
13  68  48  58   2   7   0 0.00  0.0    0 11.4 24 330   M    M   1        29 320
14  69  38  54  -2  11   0 0.00  0.0    0  7.6 17 240   M    M   0 8      24 280
15  67  42  55  -1  10   0 0.00  0.0    0  4.8 13 310   M    M   0 8      15 310
16  79  46  63   8   2   0 0.00  0.0    0 10.3 21 210   M    M   0 8      24 210
17  72  46  59   4   6   0 0.00  0.0    0  6.3 13  40   M    M   0 8      16  50
18  66  44  55   1  10   0    T  0.0    0  7.4 15  20   M    M   1        18  10
19  64  36  50  -4  15   0 0.00  0.0    0  3.6 12 290   M    M   0 8      15 290
20  72  41  57   3   8   0 0.00  0.0    0  9.8 18 290   M    M   0 8      23 290
21  64  41  53   0  12   0 0.00  0.0    0  6.7 16 310   M    M   0 8      20 300
22  72  41  57   4   8   0    T  0.0    0  9.1 18 170   M    M   1        23 160
23  77  56  67  15   0   2    M  0.0    0  9.7 22 190   M    M   6 13     29 190
24  69  56  63  11   2   0    T  0.0    0  9.3 22 220   M    M   6        30 200
25  73  52  63  12   2   0    T  0.0    0 12.8 25 170   M    M   1 18     35 160
26  72  52  62  11   3   0    M  0.0    0 19.4 35 240   M    M   5 13     49 250
27  65  43  54   4  11   0 0.00  0.0    0 16.8 33 250   M    M   1        48 220
28  49  33  41  -9  24   0 0.00  0.0    0 12.2 23 290   M    M   5        31 290
29  57  28  43  -7  22   0 0.00  0.0    0  6.3 14 190   M    M   0        18 190
30  67  44  56   7   9   0 0.00  0.0    0 10.1 21 210   M    M   0        25 240
31  55  36  46  -3  19   0 0.00  0.0    0 10.4 18  70   M    M   0        23  50
================================================================================
SM 2156 1378       250  12    T      0.0 254.5          M       35
================================================================================
AV 69.5 44.5                               8.2 FASTST   M    M   1    MAX(MPH)
                                 MISC ---->  # 35 240               # 49  250
================================================================================
NOTES:
# LAST OF SEVERAL OCCURRENCES

COLUMN 17 PEAK WIND IN M.P.H.

PRELIMINARY LOCAL CLIMATOLOGICAL DATA (WS FORM: F-6) , PAGE 2

                                          STATION:  QUINCY IL
                                          MONTH:    OCTOBER
                                          YEAR:     2010
                                          LATITUDE:   39 57 N
                                          LONGITUDE:  91 12 W

[TEMPERATURE DATA]      [PRECIPITATION DATA]       SYMBOLS USED IN COLUMN 16

AVERAGE MONTHLY: 57.0   TOTAL FOR MONTH:      T    1 = FOG OR MIST
DPTR FM NORMAL:   1.9   DPTR FM NORMAL:   -3.21    2 = FOG REDUCING VISIBILITY
HIGHEST:    84 ON  9    GRTST 24HR  0.03 ON 25-26      TO 1/4 MILE OR LESS
LOWEST:     28 ON 29                               3 = THUNDER
                        SNOW, ICE PELLETS, HAIL    4 = ICE PELLETS
                        TOTAL MONTH:   0.0 INCH    5 = HAIL
                        GRTST 24HR     0.0         6 = FREEZING RAIN OR DRIZZLE
                        GRTST DEPTH:   0           7 = DUSTSTORM OR SANDSTORM:
                                                       VSBY 1/2 MILE OR LESS
                                                   8 = SMOKE OR HAZE
[NO. OF DAYS WITH]      [WEATHER - DAYS WITH]      9 = BLOWING SNOW
                                                   X = TORNADO
MAX 32 OR BELOW:   0    0.01 INCH OR MORE:   0
MAX 90 OR ABOVE:   0    0.10 INCH OR MORE:   0
MIN 32 OR BELOW:   1    0.50 INCH OR MORE:   0
MIN  0 OR BELOW:   0    1.00 INCH OR MORE:   0

[HDD (BASE 65) ]
TOTAL THIS MO.   250    CLEAR  (SCALE 0-3)  26
DPTR FM NORMAL   -68    PTCLDY (SCALE 4-7)   5
TOTAL FM JUL 1   291    CLOUDY (SCALE 8-10)  0
DPTR FM NORMAL  -115

[CDD (BASE 65) ]
TOTAL THIS MO.    12
DPTR FM NORMAL     2    [PRESSURE DATA]
TOTAL FM JAN 1  1412    HIGHEST SLP 30.45 ON  4
DPTR FM NORMAL   318    LOWEST  SLP 28.96 ON 26

[REMARKS]
#FINAL-10-10#
