000
CXUS53 KLSX 011600
CF6UIN
PRELIMINARY LOCAL CLIMATOLOGICAL DATA (WS FORM: F-6)

                                          STATION:   QUINCY IL
                                          MONTH:     AUGUST
                                          YEAR:      2010
                                          LATITUDE:   39 57 N
                                          LONGITUDE:  91 12 W

  TEMPERATURE IN F:       :PCPN:    SNOW:  WIND      :SUNSHINE: SKY     :PK WND
================================================================================
1   2   3   4   5  6A  6B    7    8   9   10  11  12  13   14  15   16   17  18
                                     12Z  AVG MX 2MIN
DY MAX MIN AVG DEP HDD CDD  WTR  SNW DPTH SPD SPD DIR MIN PSBL S-S WX    SPD DR
================================================================================

 1  88  68  78   2   0  13 0.00  0.0    0  3.0  8 140   M    M   1 1      28 210
 2  88  70  79   3   0  14 0.00  0.0    0  7.2 16 170   M    M   0 18     21 170
 3  96  76  86  10   0  21 0.00  0.0    0  7.6 26 360   M    M   0 1      32 360
 4  91  73  82   6   0  17 0.19  0.0    0  5.3 16 330   M    M   2 123    18 320
 5  88  70  79   3   0  14 0.00  0.0    0  6.2 13 340   M    M   3 12     15 350
 6  84  65  75  -1   0  10 0.00  0.0    0  2.4  9 360   M    M   0        14 330
 7  86  65  76   0   0  11 0.00  0.0    0  6.7 13 200   M    M   0        16 190
 8  92  70  81   5   0  16 0.00  0.0    0  7.9 15 210   M    M   0 8      21 210
 9  93  76  85   9   0  20 0.00  0.0    0  4.7 20 330   M    M   1        25 330
10  96  74  85  10   0  20 0.00  0.0    0  6.6 30  50   M    M   1 138    37  50
11  92  72  82   7   0  17    T  0.0    0  6.7 25  10   M    M   1 3      31  20
12  95  76  86  11   0  21 0.00  0.0    0  4.9 10 210   M    M   0        14 170
13  96  69  83   8   0  18 1.86  0.0    0 10.6 37 320   M    M   1 1238   46 320
14  89  70  80   5   0  15 0.01  0.0    0  3.6 10 220   M    M   2        13 190
15  83  68  76   1   0  11 0.00  0.0    0  7.1 15  20   M    M   1        22 320
16  84  64  74   0   0   9 0.00  0.0    0  4.4 12 330   M    M   0        25  80
17  78  66  72  -2   0   7 0.02  0.0    0  5.7 31 120   M    M   3         M  M
18  84  65  75   1   0  10 0.03  0.0    0  6.5 12  80   M    M   6        39 150
19  91  69  80   6   0  15 0.00  0.0    0  5.3 15 200   M    M   1 1      18 190
20  87  71  79   5   0  14 1.05  0.0    0  8.5 39 210   M    M   0 13     48 210
21  84  69  77   3   0  12    T  0.0    0  4.1 12 350   M    M   5 1      18 310
22  87  69  78   5   0  13 0.00  0.0    0  5.0 12  50   M    M   3 128    15  30
23  85  66  76   3   0  11 0.00  0.0    0  4.8  9  50   M    M   0        14  40
24  85  61  73   0   0   8 0.00  0.0    0  7.7 20 340   M    M   2 1      24 340
25  79  55  67  -6   0   2 0.00  0.0    0  6.9 17 350   M    M   0        21 340
26  79  54  67  -5   0   2 0.00  0.0    0  2.5  7  80   M    M   0         9 340
27  83  61  72   0   0   7 0.00  0.0    0  5.4 13 200   M    M   0        16 200
28  86  59  73   1   0   8 0.00  0.0    0  7.2 15 190   M    M   0        26  60
29  90  71  81   9   0  16 0.00  0.0    0  8.8 17 150   M    M   0        23 160
30  82  70  76   5   0  11    T  0.0    0  9.8 18 160   M    M   3        24 130
31  86  74  80   9   0  15 0.00  0.0    0 11.1 20 190   M    M   2        25 190
================================================================================
SM 2707 2106         0 398  3.16     0.0 194.2          M       38
================================================================================
AV 87.3 67.9                               6.3 FASTST   M    M   1    MAX(MPH)
                                 MISC ---->  # 39 210               # 48  210
================================================================================
NOTES:
# LAST OF SEVERAL OCCURRENCES

COLUMN 17 PEAK WIND IN M.P.H.

PRELIMINARY LOCAL CLIMATOLOGICAL DATA (WS FORM: F-6) , PAGE 2

                                          STATION:  QUINCY IL
                                          MONTH:    AUGUST
                                          YEAR:     2010
                                          LATITUDE:   39 57 N
                                          LONGITUDE:  91 12 W

[TEMPERATURE DATA]      [PRECIPITATION DATA]       SYMBOLS USED IN COLUMN 16

AVERAGE MONTHLY: 77.6   TOTAL FOR MONTH:   3.16    1 = FOG OR MIST
DPTR FM NORMAL:   3.4   DPTR FM NORMAL:   -0.28    2 = FOG REDUCING VISIBILITY
HIGHEST:    96 ON 13,10 GRTST 24HR  1.87 ON 13-14      TO 1/4 MILE OR LESS
LOWEST:     54 ON 26                               3 = THUNDER
                        SNOW, ICE PELLETS, HAIL    4 = ICE PELLETS
                        TOTAL MONTH:   0.0 INCH    5 = HAIL
                        GRTST 24HR     0.0         6 = FREEZING RAIN OR DRIZZLE
                        GRTST DEPTH:   0           7 = DUSTSTORM OR SANDSTORM:
                                                       VSBY 1/2 MILE OR LESS
                                                   8 = SMOKE OR HAZE
[NO. OF DAYS WITH]      [WEATHER - DAYS WITH]      9 = BLOWING SNOW
                                                   X = TORNADO
MAX 32 OR BELOW:   0    0.01 INCH OR MORE:   6
MAX 90 OR ABOVE:  10    0.10 INCH OR MORE:   3
MIN 32 OR BELOW:   0    0.50 INCH OR MORE:   2
MIN  0 OR BELOW:   0    1.00 INCH OR MORE:   2

[HDD (BASE 65) ]
TOTAL THIS MO.     0    CLEAR  (SCALE 0-3)  28
DPTR FM NORMAL   -13    PTCLDY (SCALE 4-7)   3
TOTAL FM JUL 1     0    CLOUDY (SCALE 8-10)  0
DPTR FM NORMAL   -14

[CDD (BASE 65) ]
TOTAL THIS MO.   398
DPTR FM NORMAL   101    [PRESSURE DATA]
TOTAL FM JAN 1  1283    HIGHEST SLP 30.23 ON 26
DPTR FM NORMAL   318    LOWEST  SLP 29.67 ON 13

[REMARKS]
#FINAL-08-10#
