134
CXUS53 KLSX 040313 CCA
CF6UIN

PRELIMINARY LOCAL CLIMATOLOGICAL DATA (WS FORM: F-6)

                                          STATION:   QUINCY IL
                                          MONTH:     OCTOBER
                                          YEAR:      2015
                                          LATITUDE:   39 57 N
                                          LONGITUDE:  91 12 W

  TEMPERATURE IN F:       :PCPN:    SNOW:  WIND      :SUNSHINE: SKY     :PK WND
================================================================================
1   2   3   4   5  6A  6B    7    8   9   10  11  12  13   14  15   16   17  18
                                     12Z  AVG MX 2MIN
DY MAX MIN AVG DEP HDD CDD  WTR  SNW DPTH SPD SPD DIR MIN PSBL S-S WX    SPD DR
================================================================================

 1  68  40  54  -6  11   0 0.00  0.0    0 11.6 22  50   M    M   0        27  40
 2  68  39  54  -6  11   0 0.00  0.0    0 13.0 21  60   M    M   1        30  60
 3  65  39  52  -7  13   0 0.00  0.0    0 13.4 25  30   M    M   3        32  30
 4  60  50  55  -4  10   0 0.00  0.0    0 10.6 15  30   M    M   9        19  50
 5  71  55  63   5   2   0 0.00  0.0    0  6.6 10  10   M    M   7        14  30
 6  71  57  64   6   1   0 0.00  0.0    0  3.8  8  30   M    M   8        10 360
 7  78  58  68  10   0   3 0.00  0.0    0  4.0 10 230   M    M   4 8      12 230
 8  83  56  70  13   0   5 0.01  0.0    0  8.1 20 240   M    M   2 18     25 240
 9  63  47  55  -2  10   0    T  0.0    0  9.6 20  10   M    M   8        23 340
10  68  39  54  -3  11   0 0.00  0.0    0  5.0 14 220   M    M   0 18     18 230
11  82  50  66  10   0   1 0.00  0.0    0 11.8 21 200   M    M   0        27 190
12  79  58  69  13   0   4    T  0.0    0 13.3 29 290   M    M   0        37 300
13  69  49  59   3   6   0 0.00  0.0    0 10.8 22 290   M    M   0        27 300
14  70  40  55   0  10   0 0.00  0.0    0  5.8 16 320   M    M   0 8      20 310
15  74   M   M   M   M   M 0.00  0.0    0 11.4 23 290   M    M   0 8      29 290
16  60  36  48  -7  17   0 0.00  0.0    0 10.9 21 310   M    M   0        33 320
17  55  32  44 -10  21   0 0.00  0.0    0  6.1 14  30   M    M   1 8      19  30
18  63  35  49  -5  16   0 0.00  0.0    0  8.7 15 180   M    M   0        21 180
19  79  50  65  11   0   0 0.00  0.0    0 16.8 24 190   M    M   0        31 210
20  80  55  68  15   0   3 0.00  0.0    0 12.6 21 200   M    M   0 3      26 210
21  84  60  72  19   0   7 0.00  0.0    0 11.7 21 240   M    M   2 3      31 240
22  78  53  66  13   0   1 0.00  0.0    0  7.2 14 110   M    M   1 8      20 100
23  68  58  63  10   2   0 0.36  0.0    0 11.5 18 140   M    M   7 1      26 130
24  67  45  56   4   9   0    T  0.0    0  9.7 22 310   M    M   6 18     27 290
25  65  38  52   0  13   0 0.00  0.0    0  7.1 12  60   M    M   0 1      18  70
26  66  37  52   0  13   0 0.00  0.0    0  9.2 17 120   M    M   0        23 110
27  59  50  55   4  10   0 0.58  0.0    0  8.1 15  90   M    M  10 1      21 110
28  57  37  47  -4  18   0 0.01  0.0    0 11.8 26 320   M    M   8 18     35 310
29  49  34  42  -8  23   0 0.00  0.0    0 10.8 22 290   M    M   4        29 250
30  53  33  43  -7  22   0    T  0.0    0  6.5 14 130   M    M   2        18 130
31  56  47  52   2  13   0    M  0.0    0 10.4 16 170   M    M   8 1      23 160
================================================================================
SM 2108 1377       262  24  0.96     0.0 297.9          M       91
================================================================================
AV 68.0 45.9                               9.6 FASTST   M    M   3    MAX(MPH)
                                 MISC ---->  # 29 290               # 37  300
================================================================================
NOTES:
# LAST OF SEVERAL OCCURRENCES

COLUMN 17 PEAK WIND IN M.P.H.

PRELIMINARY LOCAL CLIMATOLOGICAL DATA (WS FORM: F-6) , PAGE 2

                                          STATION:  QUINCY IL
                                          MONTH:    OCTOBER
                                          YEAR:     2015
                                          LATITUDE:   39 57 N
                                          LONGITUDE:  91 12 W

[TEMPERATURE DATA]      [PRECIPITATION DATA]       SYMBOLS USED IN COLUMN 16

AVERAGE MONTHLY: 57.0   TOTAL FOR MONTH:   0.96    1 = FOG OR MIST
DPTR FM NORMAL:   2.3   DPTR FM NORMAL:   -2.05    2 = FOG REDUCING VISIBILITY
HIGHEST:    84 ON 21    GRTST 24HR  0.59 ON 27-28      TO 1/4 MILE OR LESS
LOWEST:     32 ON 17                               3 = THUNDER
                        SNOW, ICE PELLETS, HAIL    4 = ICE PELLETS
                        TOTAL MONTH:   0.0 INCH    5 = HAIL
                        GRTST 24HR     0.0         6 = FREEZING RAIN OR DRIZZLE
                        GRTST DEPTH:   0           7 = DUSTSTORM OR SANDSTORM:
                                                       VSBY 1/2 MILE OR LESS
                                                   8 = SMOKE OR HAZE
[NO. OF DAYS WITH]      [WEATHER - DAYS WITH]      9 = BLOWING SNOW
                                                   X = TORNADO
MAX 32 OR BELOW:   0    0.01 INCH OR MORE:   4
MAX 90 OR ABOVE:   0    0.10 INCH OR MORE:   2
MIN 32 OR BELOW:   1    0.50 INCH OR MORE:   1
MIN  0 OR BELOW:   0    1.00 INCH OR MORE:   0

[HDD (BASE 65) ]
TOTAL THIS MO.   262    CLEAR  (SCALE 0-3)  20
DPTR FM NORMAL   -75    PTCLDY (SCALE 4-7)   5
TOTAL FM JUL 1   296    CLOUDY (SCALE 8-10)  6
DPTR FM NORMAL  -128

[CDD (BASE 65) ]
TOTAL THIS MO.    24
DPTR FM NORMAL     7    [PRESSURE DATA]
TOTAL FM JAN 1  1219    HIGHEST SLP 30.56 ON 17
DPTR FM NORMAL   126    LOWEST  SLP 29.54 ON 28

[REMARKS]
#FINAL-10-15#
