000
CXUS53 KLSX 311600
CF6UIN
PRELIMINARY LOCAL CLIMATOLOGICAL DATA (WS FORM: F-6)

                                          STATION:   QUINCY IL
                                          MONTH:     DECEMBER
                                          YEAR:      2013
                                          LATITUDE:   39 57 N
                                          LONGITUDE:  91 12 W

  TEMPERATURE IN F:       :PCPN:    SNOW:  WIND      :SUNSHINE: SKY     :PK WND
================================================================================
1   2   3   4   5  6A  6B    7    8   9   10  11  12  13   14  15   16   17  18
                                     12Z  AVG MX 2MIN
DY MAX MIN AVG DEP HDD CDD  WTR  SNW DPTH SPD SPD DIR MIN PSBL S-S WX    SPD DR
================================================================================

 1  51  28  40   5  25   0 0.00  0.0    0  3.4  7  90   M    M   1 128    10  80
 2  49  34  42   8  23   0 0.00  0.0    0  6.8 13 160   M    M   5 18     15 160
 3  56  35  46  12  19   0    T  0.0    0  7.3 18 160   M    M   1 18     22 150
 4  60  29  45  12  20   0 0.00  0.0    0 11.0 26 260   M    M   9 18     37 260
 5  29  19  24  -9  41   0    T    M    M 14.1 22 300   M    M   5        28 280
 6  20  10  15 -18  50   0 0.00  0.0    M 12.2 17 340   M    M   9        21 340
 7  21   4  13 -19  52   0 0.00  0.0    M  7.5 14 360   M    M   0        17 340
 8  24  16  20 -12  45   0    T    M    M  9.3 15 250   M    M  10 18     19  90
 9  23   8  16 -15  49   0 0.00  0.0    M 10.5 18 300   M    M   3        25 290
10  31   6  19 -12  46   0 0.00  0.0    M 10.0 24 290   M    M   1        30 290
11  26   3  15 -16  50   0    T    T    M 10.3 25 340   M    M   2        33 360
12  39   2  21  -9  44   0 0.00  0.0    0  9.9 21 250   M    M   0        26 270
13  36  22  29  -1  36   0 0.65    M    0  8.0 14 200   M    M   5 16     18 200
14  32  19  26  -4  39   0 0.14    M    M 12.2 21 330   M    M  10 1      25 330
15  24  14  19 -11  46   0 0.00  0.0    M  6.0 15 290   M    M   8 18     19 280
16  24  18  21  -8  44   0 0.00  0.0    M  7.6 15  50   M    M  10 1      18 330
17  37  18  28  -1  37   0    T    M    M  8.2 17 280   M    M   5 12     21 280
18  44  15  30   1  35   0 0.00  0.0    M 11.8 21 190   M    M   0        29 180
19  52  40  46  17  19   0    T  0.0    M 10.1 15 170   M    M   4        22 170
20  51  29  40  12  25   0 0.05  0.0    0  8.9 15 300   M    M  10 12     18 300
21  31  28  30   2  35   0 0.12  0.0    0 10.6 17  20   M    M  10 16     21  10
22  32  17  25  -3  40   0 0.12    M    0 12.1 21 310   M    M  10 16     25 290
23  18   4  11 -17  54   0 0.00  0.0    0 11.9 17 300   M    M   4        21 300
24  22  -1  11 -17  54   0 0.00  0.0    0  9.2 18 150   M    M   2        24 150
25  32  21  27  -1  38   0 0.00  0.0    0 10.7 18 240   M    M   9 18     23 170
26  41  19  30   3  35   0 0.00  0.0    0  9.8 20 200   M    M   2        24 200
27  48  26  37  10  28   0 0.00  0.0    0  9.3 15 210   M    M   0 1      19 210
28  53  35  44  17  21   0 0.00  0.0    0 11.2 17 200   M    M   0        24 200
29  40   8  24  -3  41   0    T    M    0 18.0 28 330   M    M   5 1      35 330
30  24   2  13 -14  52   0 0.00  0.0    0  5.3 14 160   M    M   5        19 170
================================================================================
SM 1070  528      1143   0  1.08    T    293.2          M      145
================================================================================
AV 35.7 17.6                               9.8 FASTST   M    M   5    MAX(MPH)
                                 MISC ---->  # 28 330               # 37  260
================================================================================
NOTES:
# LAST OF SEVERAL OCCURRENCES

COLUMN 17 PEAK WIND IN M.P.H.

PRELIMINARY LOCAL CLIMATOLOGICAL DATA (WS FORM: F-6) , PAGE 2

                                          STATION:  QUINCY IL
                                          MONTH:    DECEMBER
                                          YEAR:     2013
                                          LATITUDE:   39 57 N
                                          LONGITUDE:  91 12 W

[TEMPERATURE DATA]      [PRECIPITATION DATA]       SYMBOLS USED IN COLUMN 16

AVERAGE MONTHLY: 26.6   TOTAL FOR MONTH:   1.08    1 = FOG OR MIST
DPTR FM NORMAL:  -3.3   DPTR FM NORMAL:   -1.11    2 = FOG REDUCING VISIBILITY
HIGHEST:    60 ON  4    GRTST 24HR  0.79 ON 13-14      TO 1/4 MILE OR LESS
LOWEST:     -1 ON 24                               3 = THUNDER
                        SNOW, ICE PELLETS, HAIL    4 = ICE PELLETS
                        TOTAL MONTH:    T          5 = HAIL
                        GRTST 24HR    T  ON 11-11  6 = FREEZING RAIN OR DRIZZLE
                        GRTST DEPTH:   0           7 = DUSTSTORM OR SANDSTORM:
                                                       VSBY 1/2 MILE OR LESS
                                                   8 = SMOKE OR HAZE
[NO. OF DAYS WITH]      [WEATHER - DAYS WITH]      9 = BLOWING SNOW
                                                   X = TORNADO
MAX 32 OR BELOW:  16    0.01 INCH OR MORE:   5
MAX 90 OR ABOVE:   0    0.10 INCH OR MORE:   4
MIN 32 OR BELOW:  26    0.50 INCH OR MORE:   1
MIN  0 OR BELOW:   1    1.00 INCH OR MORE:   0

[HDD (BASE 65) ]
TOTAL THIS MO.  1143    CLEAR  (SCALE 0-3)  12
DPTR FM NORMAL    90    PTCLDY (SCALE 4-7)   8
TOTAL FM JUL 1  2276    CLOUDY (SCALE 8-10) 10
DPTR FM NORMAL   123

[CDD (BASE 65) ]
TOTAL THIS MO.     0
DPTR FM NORMAL     0    [PRESSURE DATA]
TOTAL FM JAN 1  1242    HIGHEST SLP M ON M
DPTR FM NORMAL   148    LOWEST  SLP 29.50 ON 30

[REMARKS]
