000
CXUS53 KLSX 011600
CF6UIN
PRELIMINARY LOCAL CLIMATOLOGICAL DATA (WS FORM: F-6)

                                          STATION:   QUINCY IL
                                          MONTH:     JUNE
                                          YEAR:      2010
                                          LATITUDE:   39 57 N
                                          LONGITUDE:  91 12 W

  TEMPERATURE IN F:       :PCPN:    SNOW:  WIND      :SUNSHINE: SKY     :PK WND
================================================================================
1   2   3   4   5  6A  6B    7    8   9   10  11  12  13   14  15   16   17  18
                                     12Z  AVG MX 2MIN
DY MAX MIN AVG DEP HDD CDD  WTR  SNW DPTH SPD SPD DIR MIN PSBL S-S WX    SPD DR
================================================================================

 1  88  64  76   8   0  11 0.60  0.0    0  5.8 43 310   M    M   1 13     51 300
 2  77  64  71   3   0   6 0.59  0.0    0  6.3 22 190   M    M   5 13     28 190
 3  80  66  73   4   0   8 0.00  0.0    0  3.9 13 350   M    M   3 1      15 350
 4  88  67  78   9   0  13 0.05  0.0    0  7.6 22 340   M    M   1 13     28 340
 5  85  68  77   8   0  12 0.30  0.0    0  8.9 26 340   M    M   4 13     32 240
 6  80  59  70   0   0   5 0.00  0.0    0 10.1 22 320   M    M   3        28 330
 7  79  64  72   2   0   7 0.00  0.0    0  4.7 10 160   M    M   3        14 160
 8  76  65  71   1   0   6 1.57  0.0    0 10.0 26 300   M    M   5 13     33  10
 9  83  67  75   4   0  10 0.03  0.0    0  5.8 13 310   M    M   2 13     15 310
10  83  65  74   3   0   9 0.00  0.0    0  8.0 18 140   M    M   1 3      23 140
11  86  72  79   8   0  14 0.00  0.0    0 10.3 20 220   M    M   5        25 190
12  87  70  79   8   0  14 0.45  0.0    0  8.7 33 340   M    M   3 13     44 260
13  84  70  77   5   0  12 0.71  0.0    0  4.6 31 290   M    M   5 13     53 260
14  82  70  76   4   0  11    M  0.0    0  6.5 18 300   M    M   4 13     25 310
15  78  67  73   1   0   8 0.18  0.0    0  5.5 21 260   M    M   2 1      26 250
16  85  64  75   3   0  10 0.00  0.0    0  3.4  9 340   M    M   1 1      15 250
17  86  69  78   5   0  13 0.28  0.0    0  8.0 17 200   M    M   1 13     23 200
18  92  66  79   6   0  14 0.88  0.0    0  9.6 35  10   M    M   1 13     41  10
19  88  66  77   4   0  12 0.11  0.0    0  5.8 28 130   M    M   2 13     38 150
20  89  69  79   6   0  14 0.00  0.0    0  5.1 16 170   M    M   0        24 180
21  90  70  80   7   0  15 0.88  0.0    0  8.0 36 300   M    M   2 13     46 290
22  88  68  78   4   0  13 0.20  0.0    0  8.5 30 320   M    M   2 138    39 320
23  93  72  83   9   0  18 0.04  0.0    0 11.5 24 320   M    M   1 3      32 320
24  83  64  74   0   0   9 0.00  0.0    0  5.2 13 340   M    M   1        17 330
25  87  67  77   3   0  12 0.00  0.0    0  6.3 13 190   M    M   0        17 180
26  92  69  81   7   0  16 0.00  0.0    0  9.8 31  10   M    M   1        39 360
27  88  71  80   5   0  15 0.32  0.0    0  9.0 26 330   M    M   2 138    32 320
28  85  63  74  -1   0   9 0.00  0.0    0  9.4 22 300   M    M   0        26 320
29  80  60  70  -5   0   5 0.00  0.0    0  5.4 12 360   M    M   2        17  20
30  81  59  70  -5   0   5 0.00  0.0    0  4.6 10 110   M    M   0        16  40
================================================================================
SM 2543 1995         0 326  7.19     0.0 216.3          M       63
================================================================================
AV 84.8 66.5                               7.2 FASTST   M    M   2    MAX(MPH)
                                 MISC ---->  # 43 310               # 53  260
================================================================================
NOTES:
# LAST OF SEVERAL OCCURRENCES

COLUMN 17 PEAK WIND IN M.P.H.

PRELIMINARY LOCAL CLIMATOLOGICAL DATA (WS FORM: F-6) , PAGE 2

                                          STATION:  QUINCY IL
                                          MONTH:    JUNE
                                          YEAR:     2010
                                          LATITUDE:   39 57 N
                                          LONGITUDE:  91 12 W

[TEMPERATURE DATA]      [PRECIPITATION DATA]       SYMBOLS USED IN COLUMN 16

AVERAGE MONTHLY: 75.6   TOTAL FOR MONTH:   7.19    1 = FOG OR MIST
DPTR FM NORMAL:   3.6   DPTR FM NORMAL:    3.58    2 = FOG REDUCING VISIBILITY
HIGHEST:    93 ON 23    GRTST 24HR  1.60 ON  8- 9      TO 1/4 MILE OR LESS
LOWEST:     59 ON 30, 6                            3 = THUNDER
                        SNOW, ICE PELLETS, HAIL    4 = ICE PELLETS
                        TOTAL MONTH:   0.0 INCH    5 = HAIL
                        GRTST 24HR     0.0         6 = FREEZING RAIN OR DRIZZLE
                        GRTST DEPTH:   0           7 = DUSTSTORM OR SANDSTORM:
                                                       VSBY 1/2 MILE OR LESS
                                                   8 = SMOKE OR HAZE
[NO. OF DAYS WITH]      [WEATHER - DAYS WITH]      9 = BLOWING SNOW
                                                   X = TORNADO
MAX 32 OR BELOW:   0    0.01 INCH OR MORE:  16
MAX 90 OR ABOVE:   4    0.10 INCH OR MORE:  13
MIN 32 OR BELOW:   0    0.50 INCH OR MORE:   6
MIN  0 OR BELOW:   0    1.00 INCH OR MORE:   1

[HDD (BASE 65) ]
TOTAL THIS MO.     0    CLEAR  (SCALE 0-3)  23
DPTR FM NORMAL   -13    PTCLDY (SCALE 4-7)   7
TOTAL FM JUL 1  5636    CLOUDY (SCALE 8-10)  0
DPTR FM NORMAL   -45

[CDD (BASE 65) ]
TOTAL THIS MO.   326
DPTR FM NORMAL   103    [PRESSURE DATA]
TOTAL FM JAN 1   472    HIGHEST SLP 30.25 ON 30
DPTR FM NORMAL   157    LOWEST  SLP 29.58 ON 27

[REMARKS]
#FINAL-06-10#
