757
CXUS53 KLSX 011600
CF6UIN
PRELIMINARY LOCAL CLIMATOLOGICAL DATA (WS FORM: F-6)

                                          STATION:   QUINCY IL
                                          MONTH:     SEPTEMBER
                                          YEAR:      2015
                                          LATITUDE:   39 57 N
                                          LONGITUDE:  91 12 W

  TEMPERATURE IN F:       :PCPN:    SNOW:  WIND      :SUNSHINE: SKY     :PK WND
================================================================================
1   2   3   4   5  6A  6B    7    8   9   10  11  12  13   14  15   16   17  18
                                     12Z  AVG MX 2MIN
DY MAX MIN AVG DEP HDD CDD  WTR  SNW DPTH SPD SPD DIR MIN PSBL S-S WX    SPD DR
================================================================================

 1  91  71  81   9   0  16 0.00  0.0    0  6.9 13 180   M    M   1 18     17 170
 2  90  71  81   9   0  16 0.00  0.0    0  7.5 18 210   M    M   1 18     22 240
 3  93  70  82  11   0  17 0.00  0.0    0  6.1 13 260   M    M   1        18 240
 4  94  70  82  11   0  17 0.00  0.0    0  5.7 10 180   M    M   1        14 200
 5  92  71  82  11   0  17 0.00  0.0    0  6.7 14 220   M    M   0        17 250
 6  94  71  83  13   0  18 0.00  0.0    0  8.7 15 180   M    M   0 18     21 220
 7  87  73  80  10   0  15    T  0.0    0  6.2 20 330   M    M   2        25 330
 8  84  69  77   7   0  12 0.92  0.0    0  6.4 26 280   M    M   4 13     36 320
 9  84  65  75   6   0  10 0.00  0.0    0  6.7 14  50   M    M   1 8      18  90
10  87  64  76   7   0  11 0.00  0.0    0  5.9 20  70   M    M   2 13     23  70
11  73  51  62  -6   3   0 0.22  0.0    0 11.4 23 340   M    M   4 13     27 340
12  68  47  58 -10   7   0 0.00  0.0    0  7.3 17  10   M    M   2        23  10
13  74  44  59  -9   6   0 0.00  0.0    0  6.7 14 190   M    M   0        19 250
14  84  59  72   5   0   7 0.00  0.0    0 12.3 23 200   M    M   1        29 210
15  83  62  73   6   0   8 0.00  0.0    0 10.9 20 170   M    M   0        26 150
16  86  61  74   8   0   9 0.00  0.0    0  9.7 17 160   M    M   1        26 150
17  91  69  80  14   0  15    T  0.0    0 11.8 21 190   M    M   1        29 190
18  84  64  74   9   0   9 0.07  0.0    0  9.2 24 310   M    M   6 3      29 310
19  73  55  64  -1   1   0 0.00  0.0    0 10.1 20 330   M    M   4        26 320
20  74  48  61  -4   4   0 0.00  0.0    0  5.1 12 120   M    M   0        17 140
21  78  49  64   0   1   0 0.00  0.0    0  6.0 15 150   M    M   0        22 130
22  83  58  71   7   0   6 0.00  0.0    0  5.9 12 160   M    M   1        15 160
23  85  58  72   9   0   7 0.00  0.0    0  6.2 14  90   M    M   0 8      17 130
24  83  60  72   9   0   7 0.00  0.0    0  6.3 10  80   M    M   0        14 140
25  83  55  69   7   0   4 0.00  0.0    0  8.1 17  80   M    M   0        23  70
26  81  55  68   6   0   3 0.00  0.0    0  7.8 17 120   M    M   2 1      24 120
27  77  64  71   9   0   6 0.00  0.0    0  4.7 10 140   M    M   9        14 140
28  82  65  74  13   0   9 0.00  0.0    0  4.6 13 170   M    M   5 1      17 170
29  77  57  67   6   0   2 0.06  0.0    0 10.5 23  20   M    M   6 1      27  10
30  68  45  57  -3   8   0 0.00  0.0    0 10.8 18  50   M    M   1 8      24  60
================================================================================
SM 2483 1821        30 241  1.27     0.0 232.2          M       56
================================================================================
AV 82.8 60.7                               7.7 FASTST   M    M   2    MAX(MPH)
                                 MISC ---->  # 26 280               # 36  320
================================================================================
NOTES:
# LAST OF SEVERAL OCCURRENCES

COLUMN 17 PEAK WIND IN M.P.H.

PRELIMINARY LOCAL CLIMATOLOGICAL DATA (WS FORM: F-6) , PAGE 2

                                          STATION:  QUINCY IL
                                          MONTH:    SEPTEMBER
                                          YEAR:     2015
                                          LATITUDE:   39 57 N
                                          LONGITUDE:  91 12 W

[TEMPERATURE DATA]      [PRECIPITATION DATA]       SYMBOLS USED IN COLUMN 16

AVERAGE MONTHLY: 71.7   TOTAL FOR MONTH:   1.27    1 = FOG OR MIST
DPTR FM NORMAL:   5.3   DPTR FM NORMAL:   -2.03    2 = FOG REDUCING VISIBILITY
HIGHEST:    94 ON  6, 4 GRTST 24HR  0.92 ON  8- 8      TO 1/4 MILE OR LESS
LOWEST:     44 ON 13                               3 = THUNDER
                        SNOW, ICE PELLETS, HAIL    4 = ICE PELLETS
                        TOTAL MONTH:   0.0 INCH    5 = HAIL
                        GRTST 24HR     0.0         6 = FREEZING RAIN OR DRIZZLE
                        GRTST DEPTH:   0           7 = DUSTSTORM OR SANDSTORM:
                                                       VSBY 1/2 MILE OR LESS
                                                   8 = SMOKE OR HAZE
[NO. OF DAYS WITH]      [WEATHER - DAYS WITH]      9 = BLOWING SNOW
                                                   X = TORNADO
MAX 32 OR BELOW:   0    0.01 INCH OR MORE:   4
MAX 90 OR ABOVE:   7    0.10 INCH OR MORE:   2
MIN 32 OR BELOW:   0    0.50 INCH OR MORE:   1
MIN  0 OR BELOW:   0    1.00 INCH OR MORE:   0

[HDD (BASE 65) ]
TOTAL THIS MO.    30    CLEAR  (SCALE 0-3)  23
DPTR FM NORMAL   -52    PTCLDY (SCALE 4-7)   6
TOTAL FM JUL 1    34    CLOUDY (SCALE 8-10)  1
DPTR FM NORMAL   -53

[CDD (BASE 65) ]
TOTAL THIS MO.   241
DPTR FM NORMAL   118    [PRESSURE DATA]
TOTAL FM JAN 1  1195    HIGHEST SLP 30.22 ON 30
DPTR FM NORMAL   119    LOWEST  SLP 29.74 ON 18

[REMARKS]
#FINAL-09-15#
