000
CXUS53 KLSX 020858
CF6UIN

PRELIMINARY LOCAL CLIMATOLOGICAL DATA (WS FORM: F-6)

                                          STATION:   QUINCY IL
                                          MONTH:     APRIL
                                          YEAR:      2014
                                          LATITUDE:   39 57 N
                                          LONGITUDE:  91 12 W

  TEMPERATURE IN F:       :PCPN:    SNOW:  WIND      :SUNSHINE: SKY     :PK WND
================================================================================
1   2   3   4   5  6A  6B    7    8   9   10  11  12  13   14  15   16   17  18
                                     12Z  AVG MX 2MIN
DY MAX MIN AVG DEP HDD CDD  WTR  SNW DPTH SPD SPD DIR MIN PSBL S-S WX    SPD DR
================================================================================

 1  54  30  42  -6  23   0 0.01  0.0    0 10.5 26 290   M    M   3        33 290
 2  49  41  45  -4  20   0 0.47  0.0    0 12.0 22  80   M    M  10 13     27 100
 3  59  44  52   3  13   0 1.08  0.0    0 10.4 28 140   M    M   6 13     33 150
 4  58  36  47  -2  18   0    T  0.0    0 19.0 33 300   M    M  10 1      42 300
 5  54  31  43  -7  22   0 0.00  0.0    0  4.9 16 320   M    M   2        20 320
 6  59  35  47  -3  18   0 0.00  0.0    0  7.8 15 140   M    M   1        18 140
 7  61  42  52   2  13   0    T  0.0    0  7.8 20 310   M    M   4        26 330
 8  62  41  52   1  13   0 0.00  0.0    0 12.9 24 320   M    M   2        40 310
 9  67  35  51   0  14   0 0.00  0.0    0 10.1 20 200   M    M   0        25 210
10  69  48  59   8   6   0 0.00  0.0    0 13.6 31 200   M    M   1        41 200
11  73  40  57   5   8   0 0.00  0.0    0  5.1 15 200   M    M   0        20 210
12  82  52  67  15   0   2 0.00  0.0    0 15.8 28 210   M    M   1        36 210
13  73  49  61   9   4   0 0.33    M    0 14.6 31 250   M    M   5 1      41 190
14  49  30  40 -13  25   0 0.01    M    0 16.3 26 330   M    M   8 18     33 330
15  47  25  36 -17  29   0 0.00  0.0    0  8.3 20 300   M    M   1        29 330
16  58  35  47  -7  18   0 0.00  0.0    0 16.1 28 160   M    M   0        36 180
17  52  42  47  -7  18   0    T  0.0    0  7.0 18 180   M    M   5        25 170
18  67  36  52  -2  13   0 0.00  0.0    0  5.0  9 120   M    M   0 18     13  40
19  75  44  60   5   5   0 0.00  0.0    0 10.3 17 160   M    M   0        22 200
20  80  54  67  12   0   2 0.00  0.0    0  9.1 20 210   M    M   0        28 230
21  70  55  63   8   2   0    T  0.0    0  7.7 16 300   M    M   6        20 280
22  65  45  55  -1  10   0 0.00  0.0    0 11.0 21 320   M    M   0        26 320
23  60  42  51  -5  14   0    T  0.0    0 13.5 20 120   M    M   3        26 140
24  69  50  60   4   5   0 0.38  0.0    0 13.0 24 310   M    M   6 1      31 280
25  75  43  59   3   6   0 0.00  0.0    0  9.6 22 260   M    M   1 1      33 240
26  80  49  65   8   0   0 0.02  0.0    0  8.7 20 170   M    M   0 3      28 220
27  79  51  65   8   0   0 0.65  0.0    0 14.3 25 130   M    M   4 13     32 140
28  73  52  63   6   2   0 0.40  0.0    0 13.8 30 110   M    M   3 13     37 110
29  57  45  51  -7  14   0 0.08  0.0    0 11.7 23 300   M    M  10 1      26 310
30  53  41  47 -11  18   0 0.02  0.0    0 12.0 23 270   M    M   9 1      32 270
================================================================================
SM 1929 1263       351   4  3.45     0.0 331.9          M      101
================================================================================
AV 64.3 42.1                              11.1 FASTST   M    M   3    MAX(MPH)
                                 MISC ---->  # 33 300               # 42  300
================================================================================
NOTES:
# LAST OF SEVERAL OCCURRENCES

COLUMN 17 PEAK WIND IN M.P.H.

PRELIMINARY LOCAL CLIMATOLOGICAL DATA (WS FORM: F-6) , PAGE 2

                                          STATION:  QUINCY IL
                                          MONTH:    APRIL
                                          YEAR:     2014
                                          LATITUDE:   39 57 N
                                          LONGITUDE:  91 12 W

[TEMPERATURE DATA]      [PRECIPITATION DATA]       SYMBOLS USED IN COLUMN 16

AVERAGE MONTHLY: 53.2   TOTAL FOR MONTH:   3.45    1 = FOG OR MIST
DPTR FM NORMAL:   0.0   DPTR FM NORMAL:   -0.24    2 = FOG REDUCING VISIBILITY
HIGHEST:    82 ON 12    GRTST 24HR  1.39 ON  2- 3      TO 1/4 MILE OR LESS
LOWEST:     25 ON 15                               3 = THUNDER
                        SNOW, ICE PELLETS, HAIL    4 = ICE PELLETS
                        TOTAL MONTH:   0.0 INCH    5 = HAIL
                        GRTST 24HR     0.0         6 = FREEZING RAIN OR DRIZZLE
                        GRTST DEPTH:   0           7 = DUSTSTORM OR SANDSTORM:
                                                       VSBY 1/2 MILE OR LESS
                                                   8 = SMOKE OR HAZE
[NO. OF DAYS WITH]      [WEATHER - DAYS WITH]      9 = BLOWING SNOW
                                                   X = TORNADO
MAX 32 OR BELOW:   0    0.01 INCH OR MORE:  11
MAX 90 OR ABOVE:   0    0.10 INCH OR MORE:   6
MIN 32 OR BELOW:   4    0.50 INCH OR MORE:   2
MIN  0 OR BELOW:   0    1.00 INCH OR MORE:   1

[HDD (BASE 65) ]
TOTAL THIS MO.   351    CLEAR  (SCALE 0-3)  16
DPTR FM NORMAL   -19    PTCLDY (SCALE 4-7)   9
TOTAL FM JUL 1  6123    CLOUDY (SCALE 8-10)  5
DPTR FM NORMAL   693

[CDD (BASE 65) ]
TOTAL THIS MO.     4
DPTR FM NORMAL   -12    [PRESSURE DATA]
TOTAL FM JAN 1     4    HIGHEST SLP 30.35 ON 18
DPTR FM NORMAL   -14    LOWEST  SLP 29.31 ON 28

[REMARKS]
#FINAL-04-14#
