000
CXUS53 KLSX 011600
CF6UIN
PRELIMINARY LOCAL CLIMATOLOGICAL DATA (WS FORM: F-6)

                                          STATION:   QUINCY IL
                                          MONTH:     OCTOBER
                                          YEAR:      2013
                                          LATITUDE:   39 57 N
                                          LONGITUDE:  91 12 W

  TEMPERATURE IN F:       :PCPN:    SNOW:  WIND      :SUNSHINE: SKY     :PK WND
================================================================================
1   2   3   4   5  6A  6B    7    8   9   10  11  12  13   14  15   16   17  18
                                     12Z  AVG MX 2MIN
DY MAX MIN AVG DEP HDD CDD  WTR  SNW DPTH SPD SPD DIR MIN PSBL S-S WX    SPD DR
================================================================================

 1  84  63  74  14   0   9 0.00  0.0    0  8.3 16 240   M    M   4 1       M  M
 2  84  61  73  13   0   8 0.00  0.0    0  5.1 12 120   M    M   4 12     17 170
 3  86  66  76  17   0  11 0.18  0.0    0  9.3 33 250   M    M   3 3      43 260
 4  88  69  79  20   0  14 0.00  0.0    0 10.4 20 200   M    M   1 1      25 220
 5  75  49  62   4   3   0 0.12  0.0    0  7.6 16 220   M    M   5 1      24 220
 6  52  39  46 -12  19   0 0.06  0.0    0 10.4 20 260   M    M   6 1      26 270
 7  70  49  60   2   5   0 0.00  0.0    0  7.2 14 280   M    M   3        18 290
 8  76  47  62   5   3   0 0.00  0.0    0  7.3 15 180   M    M   0        20 160
 9  74  45  60   3   5   0 0.00  0.0    0  4.8 12 130   M    M   0        15 130
10  77  51  64   7   1   0 0.00  0.0    0  6.2 14 160   M    M   0        18 140
11  78  54  66  10   0   1 0.00  0.0    0 10.0 22 140   M    M   1        29 140
12  73  50  62   6   3   0    T  0.0    0  8.0 18 320   M    M   3 8      25 310
13  70  43  57   1   8   0 0.00  0.0    0  5.1 12  30   M    M   0 8      16  30
14  68  42  55   0  10   0 0.02  0.0    0 10.2 21 110   M    M   0        26 110
15  68  46  57   2   8   0 0.15  0.0    0 10.4 17 280   M    M   6 18     25 260
16  55  45  50  -5  15   0 0.03  0.0    0  7.9 16 290   M    M  10        23 280
17  64  45  55   1  10   0 0.04  0.0    0  7.7 18 240   M    M   4        24 250
18  55  41  48  -6  17   0 0.03  0.0    0  8.6 16 320   M    M   6        23 330
19  57  35  46  -8  19   0    T  0.0    0 10.2 22 240   M    M   4 1      29 250
20  73  41  57   4   8   0 0.00  0.0    0 11.7 24 240   M    M   2        32 230
21  58  36  47  -6  18   0 0.00  0.0    0  9.2 18 310   M    M   4        24 320
22  52  35  44  -9  21   0 0.06  0.0    0 10.7 23 320   M    M   9 1      30 310
23  47  34  41 -12  24   0    T  0.0    0  8.1 17 310   M    M   7        22 300
24  44  26  35 -17  30   0 0.00  0.0    0  9.4 22 320   M    M   6        29 340
25  55  23  39 -13  26   0 0.00  0.0    0  7.6 20 220   M    M   0        28 210
26  59  34  47  -5  18   0 0.00  0.0    0 11.3 25 310   M    M   2        33 310
27  59  27  43  -8  22   0 0.00  0.0    0  5.3 15 190   M    M   0        18 240
28  69  37  53   2  12   0 0.00  0.0    0  5.2 12 150   M    M   0 8      18 130
29  55  43  49  -1  16   0    T  0.0    0  9.0 15 130   M    M   6 18     18 130
30  66  54  60  10   5   0 1.07  0.0    0  8.0 18 190   M    M  10 123    23 200
31  64  45  55   5  10   0 1.08  0.0    0 10.4 20 300   M    M   9 1      25 210
================================================================================
SM 2055 1375       336  43  2.84     0.0 260.6          M      115
================================================================================
AV 66.3 44.4                               8.4 FASTST   M    M   4    MAX(MPH)
                                 MISC ---->  # 33 250               # 43  260
================================================================================
NOTES:
# LAST OF SEVERAL OCCURRENCES

COLUMN 17 PEAK WIND IN M.P.H.

PRELIMINARY LOCAL CLIMATOLOGICAL DATA (WS FORM: F-6) , PAGE 2

                                          STATION:  QUINCY IL
                                          MONTH:    OCTOBER
                                          YEAR:     2013
                                          LATITUDE:   39 57 N
                                          LONGITUDE:  91 12 W

[TEMPERATURE DATA]      [PRECIPITATION DATA]       SYMBOLS USED IN COLUMN 16

AVERAGE MONTHLY: 55.3   TOTAL FOR MONTH:   2.84    1 = FOG OR MIST
DPTR FM NORMAL:   0.6   DPTR FM NORMAL:   -0.17    2 = FOG REDUCING VISIBILITY
HIGHEST:    88 ON  4    GRTST 24HR  1.64 ON 30-31      TO 1/4 MILE OR LESS
LOWEST:     23 ON 25                               3 = THUNDER
                        SNOW, ICE PELLETS, HAIL    4 = ICE PELLETS
                        TOTAL MONTH:   0.0 INCH    5 = HAIL
                        GRTST 24HR     0.0         6 = FREEZING RAIN OR DRIZZLE
                        GRTST DEPTH:   0           7 = DUSTSTORM OR SANDSTORM:
                                                       VSBY 1/2 MILE OR LESS
                                                   8 = SMOKE OR HAZE
[NO. OF DAYS WITH]      [WEATHER - DAYS WITH]      9 = BLOWING SNOW
                                                   X = TORNADO
MAX 32 OR BELOW:   0    0.01 INCH OR MORE:  11
MAX 90 OR ABOVE:   0    0.10 INCH OR MORE:   5
MIN 32 OR BELOW:   3    0.50 INCH OR MORE:   2
MIN  0 OR BELOW:   0    1.00 INCH OR MORE:   2

[HDD (BASE 65) ]
TOTAL THIS MO.   336    CLEAR  (SCALE 0-3)  13
DPTR FM NORMAL    -1    PTCLDY (SCALE 4-7)  14
TOTAL FM JUL 1   373    CLOUDY (SCALE 8-10)  4
DPTR FM NORMAL   -51

[CDD (BASE 65) ]
TOTAL THIS MO.    43
DPTR FM NORMAL    26    [PRESSURE DATA]
TOTAL FM JAN 1  1242    HIGHEST SLP 30.49 ON 25
DPTR FM NORMAL   149    LOWEST  SLP 29.38 ON 31

[REMARKS]
#FINAL-10-13#
