000
CXUS53 KLSX 011600
CF6UIN
PRELIMINARY LOCAL CLIMATOLOGICAL DATA (WS FORM: F-6)

                                          STATION:   QUINCY IL
                                          MONTH:     SEPTEMBER
                                          YEAR:      2013
                                          LATITUDE:   39 57 N
                                          LONGITUDE:  91 12 W

  TEMPERATURE IN F:       :PCPN:    SNOW:  WIND      :SUNSHINE: SKY     :PK WND
================================================================================
1   2   3   4   5  6A  6B    7    8   9   10  11  12  13   14  15   16   17  18
                                     12Z  AVG MX 2MIN
DY MAX MIN AVG DEP HDD CDD  WTR  SNW DPTH SPD SPD DIR MIN PSBL S-S WX    SPD DR
================================================================================

 1  91  67  79   7   0  14 0.00  0.0    0  6.8 16 300   M    M   2 128    21 320
 2  84  58  71  -1   0   6 0.00  0.0    0  6.8 14 300   M    M   1        22 340
 3  82  51  67  -4   0   2 0.00  0.0    0  3.1 10 310   M    M   0        13 340
 4  88  56  72   1   0   7 0.00  0.0    0  3.4  8 330   M    M   0        12 290
 5  90  61  76   5   0  11 0.00  0.0    0  4.3 12  80   M    M   0        16  90
 6  89  61  75   5   0  10 0.00  0.0    0  5.6 14 200   M    M   0        20 180
 7  96  60  78   8   0  13    T  0.0    0  6.9 16 210   M    M   0        22 240
 8  90  71  81  11   0  16 0.11  0.0    0  9.0 16 210   M    M   0 13     23 160
 9 100  72  86  17   0  21 0.00  0.0    0  9.3 18 210   M    M   0 18     26 210
10  98  70  84  15   0  19 0.00  0.0    0  8.8 21 210   M    M   0        26 210
11  97  69  83  15   0  18 0.18  0.0    0  7.6 17  10   M    M   2 13     26 230
12  85  57  71   3   0   6 0.52  0.0    0  9.2 21 330   M    M   3 13     26 330
13  75  52  64  -4   1   0 0.00  0.0    0  7.1 15  40   M    M   0        20  40
14  74  47  61  -6   4   0 0.00  0.0    0  5.9 12 190   M    M   0        15 130
15  80  58  69   2   0   4 0.04  0.0    0 10.0 17  30   M    M   6 1      25 210
16  71  54  63  -3   2   0 0.00  0.0    0  8.2 17  80   M    M   6        22  70
17  67  53  60  -6   5   0 0.01  0.0    0  6.6 12 150   M    M   5 1      14 160
18  88  63  76  11   0  11    T  0.0    0 10.1 18 190   M    M   3 18     24 190
19  94  68  81  16   0  16 0.42  0.0    0 10.0 24 310   M    M   1 13     31 310
20  72  54  63  -2   2   0 0.07  0.0    0  7.8 17 310   M    M   3 1      23 290
21  71  49  60  -4   5   0 0.00  0.0    0  6.2 15 320   M    M   0        21 300
22  75  48  62  -2   3   0 0.00  0.0    0  4.6 10  90   M    M   0        15  80
23  75  50  63   0   2   0 0.00  0.0    0  8.3 17 140   M    M   0        22 130
24  78  52  65   2   0   0 0.00  0.0    0  9.3 17 110   M    M   2        23 100
25  81  56  69   7   0   4 0.00  0.0    0  5.5  M   M   M    M   1         M  M
26  85  58  72  10   0   7 0.00  0.0    0  7.4 16 190   M    M   0 18     21 180
27  83  59  71   9   0   6 0.00  0.0    0  9.0 17 170   M    M   0 18     23 180
28  79  55  67   6   0   2 0.45  0.0    0  9.7 22 170   M    M   6 1      29 190
29  73  47  60  -1   5   0 0.00  0.0    0  3.4 10  70   M    M   2 12     15  40
30  77  48  63   3   2   0 0.00  0.0    0  8.4 15 190   M    M   0         M  M
================================================================================
SM 2488 1724        31 193  1.80     0.0 218.3          M       43
================================================================================
AV 82.9 57.5                               7.3 FASTST   M    M   1    MAX(MPH)
                                 MISC ---->  # 24 310               # 31  310
================================================================================
NOTES:
# LAST OF SEVERAL OCCURRENCES

COLUMN 17 PEAK WIND IN M.P.H.

PRELIMINARY LOCAL CLIMATOLOGICAL DATA (WS FORM: F-6) , PAGE 2

                                          STATION:  QUINCY IL
                                          MONTH:    SEPTEMBER
                                          YEAR:     2013
                                          LATITUDE:   39 57 N
                                          LONGITUDE:  91 12 W

[TEMPERATURE DATA]      [PRECIPITATION DATA]       SYMBOLS USED IN COLUMN 16

AVERAGE MONTHLY: 70.2   TOTAL FOR MONTH:   1.80    1 = FOG OR MIST
DPTR FM NORMAL:   3.8   DPTR FM NORMAL:   -1.50    2 = FOG REDUCING VISIBILITY
HIGHEST:   100 ON  9    GRTST 24HR  0.70 ON 11-12      TO 1/4 MILE OR LESS
LOWEST:     47 ON 29,14                            3 = THUNDER
                        SNOW, ICE PELLETS, HAIL    4 = ICE PELLETS
                        TOTAL MONTH:   0.0 INCH    5 = HAIL
                        GRTST 24HR     0.0         6 = FREEZING RAIN OR DRIZZLE
                        GRTST DEPTH:   0           7 = DUSTSTORM OR SANDSTORM:
                                                       VSBY 1/2 MILE OR LESS
                                                   8 = SMOKE OR HAZE
[NO. OF DAYS WITH]      [WEATHER - DAYS WITH]      9 = BLOWING SNOW
                                                   X = TORNADO
MAX 32 OR BELOW:   0    0.01 INCH OR MORE:   8
MAX 90 OR ABOVE:   8    0.10 INCH OR MORE:   5
MIN 32 OR BELOW:   0    0.50 INCH OR MORE:   1
MIN  0 OR BELOW:   0    1.00 INCH OR MORE:   0

[HDD (BASE 65) ]
TOTAL THIS MO.    31    CLEAR  (SCALE 0-3)  26
DPTR FM NORMAL   -51    PTCLDY (SCALE 4-7)   4
TOTAL FM JUL 1    37    CLOUDY (SCALE 8-10)  0
DPTR FM NORMAL   -50

[CDD (BASE 65) ]
TOTAL THIS MO.   193
DPTR FM NORMAL    70    [PRESSURE DATA]
TOTAL FM JAN 1  1199    HIGHEST SLP 30.32 ON 16
DPTR FM NORMAL   123    LOWEST  SLP 29.77 ON  1

[REMARKS]
#FINAL-09-13#
