000
CXUS53 KLSX 011612 CCA
CF6UIN
PRELIMINARY LOCAL CLIMATOLOGICAL DATA (WS FORM: F-6)
STATION: QUINCY IL
MONTH: MARCH
YEAR: 2022
LATITUDE: 39 57 N
LONGITUDE: 91 12 W
TEMPERATURE IN F: :PCPN: SNOW: WIND :SUNSHINE: SKY :PK WND
================================================================================
1 2 3 4 5 6A 6B 7 8 9 10 11 12 13 14 15 16 17 18
12Z AVG MX 2MIN
DY MAX MIN AVG DEP HDD CDD WTR SNW DPTH SPD SPD DIR MIN PSBL S-S WX SPD DR
================================================================================
1 64 35 50 14 15 0 0.00 0.0 0 7.7 13 220 M M 0 16 240
2 71 37 54 17 11 0 0.00 0.0 0 7.5 20 20 M M 1 27 30
3 46 31 39 2 26 0 0.00 0.0 0 11.5 18 20 M M 2 18 23 20
4 53 29 41 4 24 0 0.00 0.0 0 11.5 17 120 M M 0 25 120
5 75 48 62 24 3 0 T 0.0 0 14.5 40 200 M M 6 59 190
6 49 33 41 3 24 0 0.41 0.0 0 12.6 25 270 M M 4 1 38 250
7 33 23 28 -11 37 0 0.01 M M 13.0 22 310 M M 8 1 30 310
8 39 20 30 -9 35 0 0.00 0.0 0 4.6 12 190 M M 0 16 210
9 43 26 35 -4 30 0 0.00 0.0 0 9.8 20 10 M M 2 23 20
10 26 20 23 -17 42 0 M M 0 11.8 18 10 M M 9 18 23 10
11 30 13 22 -18 43 0 M M M 12.2 23 310 M M 3 1 30 310
12 27 6 17 -23 48 0 0.00 0.0 M 11.3 20 330 M M 1 27 330
13 56 27 42 1 23 0 0.00 0.0 0 12.3 23 210 M M 3 34 220
14 65 41 53 12 12 0 0.00 0.0 0 11.1 21 190 M M 1 28 210
15 65 46 56 14 9 0 0.00 0.0 0 5.1 12 210 M M 5 8 14 220
16 71 42 57 15 8 0 0.00 0.0 0 9.2 22 210 M M 1 31 200
17 75 46 61 19 4 0 0.00 0.0 0 8.8 22 30 M M 1 8 31 20
18 52 38 45 2 20 0 1.06 0.0 0 12.9 22 320 M M 9 1 29 340
19 54 37 46 3 19 0 T 0.0 0 13.4 23 290 M M 4 1 30 290
20 71 36 54 10 11 0 0.00 0.0 0 9.0 16 240 M M 0 22 230
21 74 50 62 18 3 0 0.14 0.0 0 10.2 22 180 M M 2 1 34 180
22 60 50 55 11 10 0 0.47 0.0 0 13.2 23 110 M M 9 18 36 100
23 53 38 46 1 19 0 0.12 0.0 0 9.9 17 280 M M 10 12 24 260
24 45 35 40 -5 25 0 0.05 0.0 0 9.5 17 280 M M 10 1 23 270
25 54 39 47 1 18 0 0.00 0.0 0 17.0 35 310 M M 5 46 290
26 45 30 38 -8 27 0 0.00 0.0 0 17.4 31 310 M M 0 40 310
27 42 25 34 -12 31 0 0.00 0.0 0 8.1 15 330 M M 0 21 340
28 45 28 37 -10 28 0 0.00 0.0 0 11.1 18 120 M M 4 25 120
29 56 37 47 0 18 0 T 0.0 0 18.9 29 140 M M 6 38 140
30 58 33 46 -1 19 0 1.18 0.0 0 13.4 23 300 M M 10 1 34 280
31 39 33 36 -12 29 0 0.06 M 0 14.4 22 290 M M 10 1 28 290
================================================================================
SM 1636 1032 671 0 3.50 M 352.9 M 126
================================================================================
AV 52.8 33.3 11.4 FASTST M M 4 MAX(MPH)
MISC ----> 40 200 59 190
================================================================================
NOTES:
# LAST OF SEVERAL OCCURRENCES
COLUMN 17 PEAK WIND IN M.P.H.
PRELIMINARY LOCAL CLIMATOLOGICAL DATA (WS FORM: F-6) , PAGE 2
STATION: QUINCY IL
MONTH: MARCH
YEAR: 2022
LATITUDE: 39 57 N
LONGITUDE: 91 12 W
[TEMPERATURE DATA] [PRECIPITATION DATA] SYMBOLS USED IN COLUMN 16
AVERAGE MONTHLY: 43.0 TOTAL FOR MONTH: 3.50 1 = FOG OR MIST
DPTR FM NORMAL: 0.9 DPTR FM NORMAL: 1.21 2 = FOG REDUCING VISIBILITY
HIGHEST: 75 ON 17, 5 GRTST 24HR 1.20 ON 30-31 TO 1/4 MILE OR LESS
LOWEST: 6 ON 12 3 = THUNDER
SNOW, ICE PELLETS, HAIL 4 = ICE PELLETS
TOTAL MONTH: M 5 = HAIL
GRTST 24HR M 6 = FREEZING RAIN OR DRIZZLE
GRTST DEPTH: M 7 = DUSTSTORM OR SANDSTORM:
VSBY 1/2 MILE OR LESS
8 = SMOKE OR HAZE
[NO. OF DAYS WITH] [WEATHER - DAYS WITH] 9 = BLOWING SNOW
X = TORNADO
MAX 32 OR BELOW: 3 0.01 INCH OR MORE: M
MAX 90 OR ABOVE: 0 0.10 INCH OR MORE: M
MIN 32 OR BELOW: 12 0.50 INCH OR MORE: 2
MIN 0 OR BELOW: 0 1.00 INCH OR MORE: 2
[HDD (BASE 65) ]
TOTAL THIS MO. 671 CLEAR (SCALE 0-3) 16
DPTR FM NORMAL -43 PTCLDY (SCALE 4-7) 7
TOTAL FM JUL 1 4646 CLOUDY (SCALE 8-10) 8
DPTR FM NORMAL -331
[CDD (BASE 65) ]
TOTAL THIS MO. 0
DPTR FM NORMAL -2 [PRESSURE DATA]
TOTAL FM JAN 1 0 HIGHEST SLP 30.40 ON 12
DPTR FM NORMAL -2 LOWEST SLP 29.29 ON 30
[REMARKS]
#FINAL-03-22#