000
CXUS53 KLSX 011610 CCA
CF6UIN

PRELIMINARY LOCAL CLIMATOLOGICAL DATA (WS FORM: F-6)

                                          STATION:   QUINCY IL
                                          MONTH:     APRIL
                                          YEAR:      2016
                                          LATITUDE:   39 57 N
                                          LONGITUDE:  91 12 W

  TEMPERATURE IN F:       :PCPN:    SNOW:  WIND      :SUNSHINE: SKY     :PK WND
================================================================================
1   2   3   4   5  6A  6B    7    8   9   10  11  12  13   14  15   16   17  18
                                     12Z  AVG MX 2MIN
DY MAX MIN AVG DEP HDD CDD  WTR  SNW DPTH SPD SPD DIR MIN PSBL S-S WX    SPD DR
================================================================================

 1  51  33  42  -6  23   0 0.03  0.0    0 11.0 31 300   M    M   7        38 290
 2  54  33  44  -5  21   0 0.00  0.0    0 16.3 44 300   M    M   1        55 290
 3  77  28  53   4  12   0 0.00  0.0    0 16.7 33 240   M    M   1        44 240
 4  64  36  50   1  15   0 0.00  0.0    0 11.2 24 330   M    M   2        30 320
 5  54  30  42  -8  23   0 0.00  0.0    0 15.8 29 130   M    M   1        37 140
 6  55  44  50   0  15   0 0.12  0.0    0 16.0 29 290   M    M   8 1      37 300
 7  54  36  45  -5  20   0 0.01  0.0    0 14.2 23 290   M    M   7        28 300
 8  53  32  43  -8  22   0    T  0.0    0 21.0 37 320   M    M   5        47 290
 9  49  23  36 -15  29   0    T  0.0    0 10.0 21 360   M    M   2        27 140
10  55  44  50  -1  15   0 0.20  0.0    0  9.3 20 190   M    M   8 123    27 170
11  55  36  46  -6  19   0 0.00  0.0    0 12.8 23 330   M    M   2 12     31 320
12  58  29  44  -8  21   0 0.00  0.0    0  6.9 12 140   M    M   0        14 120
13  65  33  49  -3  16   0 0.00  0.0    0  8.2 13 150   M    M   0        19 160
14  70  41  56   3   9   0 0.00  0.0    0  9.2 17 100   M    M   0        23 130
15  77  49  63  10   2   0 0.00  0.0    0 11.6 20 120   M    M   2        25 140
16  79  50  65  11   0   0 0.00  0.0    0 11.1 25 130   M    M   0        32 150
17  81  56  69  15   0   4 0.00  0.0    0  9.5 18 140   M    M   2        24 150
18  80  55  68  14   0   3    T  0.0    0  8.7 21 140   M    M   2        26 280
19  75  60  68  13   0   3 0.81  0.0    0  5.2 14 150   M    M   9 13     16 150
20  67  54  61   6   4   0 0.31  0.0    0  8.6 20 160   M    M   6 12     27 150
21  65  50  58   3   7   0 0.14  0.0    0  8.4 20 240   M    M   6 123    25 260
22  70  46  58   2   7   0 0.00  0.0    0  8.4 17  50   M    M   4 128    23 330
23  71  46  59   3   6   0 0.00  0.0    0  7.7 14 140   M    M   0 1      17 150
24  81  53  67  11   0   2 0.00  0.0    0 10.8 21 190   M    M   0 1      29 190
25  80  63  72  16   0   7 0.00  0.0    0 13.6 23 210   M    M   3        30 220
26  67  51  59   2   6   0 0.52  0.0    0 10.4 36 110   M    M   2 13     46 110
27  67  50  59   2   6   0 0.60  0.0    0 12.3 28 300   M    M   9 138    36 300
28  61  47  54  -3  11   0 0.00  0.0    0  8.3 16 290   M    M   8 12     22 270
29  56  48  52  -6  13   0    T  0.0    0 11.0 18  80   M    M   8 18     24  90
30  70  50  60   2   5   0 0.60  0.0    0 12.1 23 110   M    M  10 123    29  90
================================================================================
SM 1961 1306       327  19  3.34     0.0 336.3          M      115
================================================================================
AV 65.4 43.5                              11.2 FASTST   M    M   4    MAX(MPH)
                                 MISC ---->  # 44 300               # 55  290
================================================================================
NOTES:
# LAST OF SEVERAL OCCURRENCES

COLUMN 17 PEAK WIND IN M.P.H.

PRELIMINARY LOCAL CLIMATOLOGICAL DATA (WS FORM: F-6) , PAGE 2

                                          STATION:  QUINCY IL
                                          MONTH:    APRIL
                                          YEAR:     2016
                                          LATITUDE:   39 57 N
                                          LONGITUDE:  91 12 W

[TEMPERATURE DATA]      [PRECIPITATION DATA]       SYMBOLS USED IN COLUMN 16

AVERAGE MONTHLY: 54.4   TOTAL FOR MONTH:   3.34    1 = FOG OR MIST
DPTR FM NORMAL:   1.2   DPTR FM NORMAL:   -0.35    2 = FOG REDUCING VISIBILITY
HIGHEST:    81 ON 24,17 GRTST 24HR  0.81 ON 19         TO 1/4 MILE OR LESS
LOWEST:     23 ON  9                               3 = THUNDER
                        SNOW, ICE PELLETS, HAIL    4 = ICE PELLETS
                        TOTAL MONTH:   0.0 INCH    5 = HAIL
                        GRTST 24HR     0.0         6 = FREEZING RAIN OR DRIZZLE
                        GRTST DEPTH:   0           7 = DUSTSTORM OR SANDSTORM:
                                                       VSBY 1/2 MILE OR LESS
                                                   8 = SMOKE OR HAZE
[NO. OF DAYS WITH]      [WEATHER - DAYS WITH]      9 = BLOWING SNOW
                                                   X = TORNADO
MAX 32 OR BELOW:   0    0.01 INCH OR MORE:  10
MAX 90 OR ABOVE:   0    0.10 INCH OR MORE:   8
MIN 32 OR BELOW:   5    0.50 INCH OR MORE:   4
MIN  0 OR BELOW:   0    1.00 INCH OR MORE:   0

[HDD (BASE 65) ]
TOTAL THIS MO.   327    CLEAR  (SCALE 0-3)  17
DPTR FM NORMAL   -43    PTCLDY (SCALE 4-7)   6
TOTAL FM JUL 1  4444    CLOUDY (SCALE 8-10)  7
DPTR FM NORMAL  -986

[CDD (BASE 65) ]
TOTAL THIS MO.    19
DPTR FM NORMAL     3    [PRESSURE DATA]
TOTAL FM JAN 1    21    HIGHEST SLP 30.43 ON  5
DPTR FM NORMAL     3    LOWEST  SLP 29.56 ON 27

[REMARKS]
#FINAL-04-16#
