000
CXUS53 KLSX 261600
CF6UIN
PRELIMINARY LOCAL CLIMATOLOGICAL DATA (WS FORM: F-6)

                                          STATION:   QUINCY IL
                                          MONTH:     JUNE
                                          YEAR:      2017
                                          LATITUDE:   39 57 N
                                          LONGITUDE:  91 12 W

  TEMPERATURE IN F:       :PCPN:    SNOW:  WIND      :SUNSHINE: SKY     :PK WND
================================================================================
1   2   3   4   5  6A  6B    7    8   9   10  11  12  13   14  15   16   17  18
                                     12Z  AVG MX 2MIN
DY MAX MIN AVG DEP HDD CDD  WTR  SNW DPTH SPD SPD DIR MIN PSBL S-S WX    SPD DR
================================================================================

 1  80  55  68   0   0   3 0.00  0.0    0  4.1 12 170   M    M   0        17 210
 2  86  61  74   6   0   9 0.00  0.0    0  4.8 12 110   M    M   0        16 110
 3  90  66  78  10   0  13 0.00  0.0    0  3.9 10 190   M    M   0        15 190
 4  87  66  77   8   0  12 0.00  0.0    0  6.2 18 180   M    M   0        23 180
 5  92  66  79  10   0  14 0.00  0.0    0 10.3 21  40   M    M   0        30  70
 6  79  56  68  -1   0   3 0.00  0.0    0 10.4 17  40   M    M   0        25  40
 7  79  55  67  -3   0   2 0.00  0.0    0  7.6 20  20   M    M   0        24  60
 8  82  54  68  -2   0   3 0.00  0.0    0  4.7 12 250   M    M   0        14 260
 9  86  59  73   3   0   8 0.00  0.0    0  8.9 17 230   M    M   0        23 240
10  87  63  75   4   0  10 0.00  0.0    0 14.1 24 200   M    M   0        31 190
11  91  70  81  10   0  16 0.00  0.0    0 14.4 24 200   M    M   1        31 200
12  93  71  82  11   0  17 0.00  0.0    0 11.0 20 210   M    M   1        25 180
13  94  74  84  12   0  19 0.00  0.0    0 10.6 18 190   M    M   2        25 160
14  90  67  79   7   0  14 1.00  0.0    0 10.1 39 290   M    M   2 13     52 270
15  89  65  77   5   0  12 0.02  0.0    0  8.3 21 250   M    M   0 3      25 240
16  87  65  76   4   0  11 0.34  0.0    0  8.3 37 290   M    M   1 13     50 290
17  87  69  78   5   0  13 0.70  0.0    0  8.7 46 320   M    M   6 13     56 330
18  79  64  72  -1   0   7 0.02  0.0    0  9.0 20 300   M    M   3 3      23 290
19  83  61  72  -1   0   7 0.00  0.0    0  7.2 17 350   M    M   1        21 350
20  88  62  75   1   0  10 0.00  0.0    0  7.9 20 240   M    M   2        24 230
21  91  66  79   5   0  14 0.00  0.0    0  7.0 16 190   M    M   1        21 190
22  83  73  78   4   0  13 0.00  0.0    0  9.5 17 190   M    M   4        24 170
23  83  63  73  -1   0   8 0.14  0.0    0 12.0 23 270   M    M   3 1      28 290
24  76  57  67  -7   0   2 0.00  0.0    0 10.0 23 300   M    M   0        32 290
25  74  53  64 -11   1   0 0.00  0.0    0  9.8 22 320   M    M   1        30 310
================================================================================
SM 2136 1581         1 240  2.22     0.0 218.8          M       28
================================================================================
AV 85.4 63.2                               8.8 FASTST   M    M   1    MAX(MPH)
                                 MISC ---->  # 46 320               # 56  330
================================================================================
NOTES:
# LAST OF SEVERAL OCCURRENCES

COLUMN 17 PEAK WIND IN M.P.H.

PRELIMINARY LOCAL CLIMATOLOGICAL DATA (WS FORM: F-6) , PAGE 2

                                          STATION:  QUINCY IL
                                          MONTH:    JUNE
                                          YEAR:     2017
                                          LATITUDE:   39 57 N
                                          LONGITUDE:  91 12 W

[TEMPERATURE DATA]      [PRECIPITATION DATA]       SYMBOLS USED IN COLUMN 16

AVERAGE MONTHLY: 74.3   TOTAL FOR MONTH:   2.22    1 = FOG OR MIST
DPTR FM NORMAL:   2.9   DPTR FM NORMAL:   -1.16    2 = FOG REDUCING VISIBILITY
HIGHEST:    94 ON 13    GRTST 24HR  1.00 ON 14-14      TO 1/4 MILE OR LESS
LOWEST:     53 ON 25                               3 = THUNDER
                        SNOW, ICE PELLETS, HAIL    4 = ICE PELLETS
                        TOTAL MONTH:   0.0 INCH    5 = HAIL
                        GRTST 24HR     0.0         6 = FREEZING RAIN OR DRIZZLE
                        GRTST DEPTH:   0           7 = DUSTSTORM OR SANDSTORM:
                                                       VSBY 1/2 MILE OR LESS
                                                   8 = SMOKE OR HAZE
[NO. OF DAYS WITH]      [WEATHER - DAYS WITH]      9 = BLOWING SNOW
                                                   X = TORNADO
MAX 32 OR BELOW:   0    0.01 INCH OR MORE:   6
MAX 90 OR ABOVE:   7    0.10 INCH OR MORE:   4
MIN 32 OR BELOW:   0    0.50 INCH OR MORE:   2
MIN  0 OR BELOW:   0    1.00 INCH OR MORE:   1

[HDD (BASE 65) ]
TOTAL THIS MO.     1    CLEAR  (SCALE 0-3)  23
DPTR FM NORMAL   -13    PTCLDY (SCALE 4-7)   2
TOTAL FM JUL 1  4434    CLOUDY (SCALE 8-10)  0
DPTR FM NORMAL -1146

[CDD (BASE 65) ]
TOTAL THIS MO.   240
DPTR FM NORMAL    62    [PRESSURE DATA]
TOTAL FM JAN 1   349    HIGHEST SLP M ON M
DPTR FM NORMAL    85    LOWEST  SLP 29.60 ON 17

[REMARKS]
