000
CXUS53 KLSX 021245 CCA
CLAUIN

CXUS53 KLSX DDHHMM CCA
CLAUIN

CLIMATE REPORT
NATIONAL WEATHER SERVICE ST LOUIS MO
544 AM CST SAT JAN 2 2016

...................................

...THE QUINCY IL CLIMATE SUMMARY FOR THE YEAR 2015...

CLIMATE NORMAL PERIOD 1981 TO 2010
CLIMATE RECORD PERIOD 1901 TO 2016

WEATHER         OBSERVED          NORMAL  DEPART
                 VALUE   DATE(S)  VALUE   FROM
                                          NORMAL
................................................
TEMPERATURE (F)
RECORD
 HIGH             114   07/15/1936
 LOW              -29   02/13/1905
HIGHEST            94   09/06
                        09/04
LOWEST             -8   02/27
AVG. MAXIMUM     63.6              62.1     1.5
AVG. MINIMUM     44.4              43.3     1.1
MEAN             54.0              52.7     1.3
DAYS MAX >= 90     16
DAYS MAX <= 32     28
DAYS MIN <= 32     95
DAYS MIN <= 0       8

PRECIPITATION (INCHES)
RECORD
 MAXIMUM        66.60   1973
 MINIMUM        20.00   1953

TOTALS          39.49*             37.33    2.16
DAYS >= .01       103
DAYS >= .10        63
DAYS >= .50        24
DAYS >= 1.00       11
GREATEST
 24 HR. TOTAL    3.87   07/11

* ANNUAL TOTAL INCLUDES 16 DAYS OF MISSING PRECIPITATION

DEGREE_DAYS
HEATING TOTAL    5081              5582    -501
COOLING TOTAL    1219              1095     124
.................................................

WIND (MPH)
HIGHEST WIND SPEED/DIRECTION    48/290    DATE  07/13
HIGHEST GUST SPEED/DIRECTION    74/290    DATE  07/13


WEATHER CONDITIONS. NUMBER OF DAYS WITH
THUNDERSTORM             53     FOG W/VIS <= 1/4 MILE     18

-  INDICATES NEGATIVE NUMBERS.
R  INDICATES RECORD WAS SET OR TIED.
MM INDICATES DATA IS MISSING.
T  INDICATES TRACE AMOUNT.


...ANNUAL...

TIED 8TH LEAST NUMBER OF OCCURRENCES OF A MINIMUM TEMPERATURE LESS
THAN OR EQUAL TO 32 DEGREES (95 DAYS).


...SEASONAL...

4TH WETTEST METEOROLOGICAL SUMMER ON RECORD (20.08 INCHES).
-- INCLUDED 2 MISSING DAYS OF MEASURABLE RAINFALL.


...MONTHLY...

TIED 3RD WARMEST DECEMBER ON RECORD (40.8 DEGREES).

2ND WETTEST DECEMBER ON RECORD (5.82 INCHES).

TIED 10TH WARMEST NOVEMBER ON RECORD (47.4 DEGREES).

3RD WETTEST JULY ON RECORD (9.42 INCHES).
-- INCLUDED 1 MISSING DAY OF MEASURABLE RAINFALL.

9TH WETTEST JUNE ON RECORD (8.53 INCHES).
-- INCLUDED 1 MISSING DAY OF MEASURABLE RAINFALL.

5TH COLDEST FEBRUARY ON RECORD (19.3 DEGREES).


...DAILY...

1 RECORD HIGH TEMPERATURE SET (69 DEGREES ON 12/12...PREVIOUS 67
DEGREES SET IN 1991).

2 RECORD LOWS TIED (05/19 AND 02/27).

3 RECORD HIGH MINIMUM TEMPERATURES SET OR TIED (12/13...12/12...AND
11/05).

5 RECORD LOW MAXIMUM TEMPERATURES SET OR TIED (07/08...07/07...
05/20...02/23...AND 02/19).

6 RECORD PRECIPITATION VALUES SET
(12/28...12/26...12/13...07/11...06/24...AND 06/20).


$$

GOSSELIN
