000
CXUS53 KLSX 061651
CLAUIN

CLIMATE REPORT
NATIONAL WEATHER SERVICE ST LOUIS MO
1021 AM CST MON JAN 6 2014

...................................

...THE QUINCY IL CLIMATE SUMMARY FOR THE YEAR OF 2013...

CLIMATE NORMAL PERIOD 1981 TO 2010
CLIMATE RECORD PERIOD 1901 TO 2014

WEATHER         OBSERVED          NORMAL  DEPART
                 VALUE   DATE(S)  VALUE   FROM
                                          NORMAL
................................................
TEMPERATURE (F)
RECORD
 HIGH             114   07/15/1936
 LOW              -29   02/13/1905
HIGHEST           100   09/09
                        08/30
LOWEST                  12/24
AVG. MAXIMUM     61.7              62.1    -0.4
AVG. MINIMUM     42.1              43.3    -1.2
MEAN             51.9              52.7    -0.8
DAYS MAX >= 90     29
DAYS MAX <= 32     42
DAYS MIN <= 32    127
DAYS MIN <= 0       1

PRECIPITATION (INCHES)
RECORD
 MAXIMUM        66.60   1973
 MINIMUM        20.00   1953
TOTALS          35.67             37.33   -1.66
DAYS >= .01        93
DAYS >= .10        56
DAYS >= .50        21
DAYS >= 1.00       12
GREATEST
 24 HR. TOTAL    2.69  04/18 TO 04/18

DEGREE_DAYS
HEATING TOTAL    5906              5582     324
 SINCE 7/1       2316              2191     125
COOLING TOTAL    1242              1095     147
 SINCE 1/1       1242              1094     148
.................................................

WIND (MPH)
HIGHEST WIND SPEED/DIRECTION    46/320    DATE  06/23
HIGHEST GUST SPEED/DIRECTION    77/260    DATE  04/17


WEATHER CONDITIONS. NUMBER OF DAYS WITH
THUNDERSTORM             47     FOG W/VIS <= 1/4 MILE     23

-  INDICATES NEGATIVE NUMBERS.
R  INDICATES RECORD WAS SET OR TIED.
MM INDICATES DATA IS MISSING.
T  INDICATES TRACE AMOUNT.

$$

SEE STLPNSLSX 1030 AM CST MON JAN 6 2014 FOR SUPPLEMENTAL ANNUAL CLIMATE DATA
