000
CXUS53 KLSX 022107 RRA
CLAUIN

STLCLMUIN 000
TTAA00 KLSX 022100


CLIMATE REPORT
NATIONAL WEATHER SERVICE ST LOUIS MO
211 PM CST MON JAN 2 2017

...................................

...THE QUINCY IL CLIMATE SUMMARY FOR THE YEAR OF 2016...

CLIMATE NORMAL PERIOD 1981 TO 2010
CLIMATE RECORD PERIOD 1901 TO 2017

WEATHER         OBSERVED          NORMAL  DEPART
                 VALUE   DATE(S)  VALUE   FROM
                                          NORMAL
................................................
TEMPERATURE (F)
RECORD
 HIGH             114   07/15/1936
 LOW              -29   02/13/1905
HIGHEST            97   06/15
LOWEST             -7   12/19 & 12/18
                        12/18
AVG. MAXIMUM     65.1              62.1     3.0
AVG. MINIMUM     46.0              43.3     2.7
MEAN             55.5              52.7     2.8
DAYS MAX >= 90     31
DAYS MAX <= 32     27
DAYS MIN <= 32     96
DAYS MIN <= 0       4

PRECIPITATION (INCHES)
RECORD
 MAXIMUM        66.60   1973
 MINIMUM        20.00   1953
TOTALS          30.88             37.33   -6.45
DAYS >= .01        97
DAYS >= .10        60
DAYS >= .50        23
DAYS >= 1.00        8
GREATEST
 24 HR. TOTAL    2.18   09/09 TO 09/10

DEGREE_DAYS
HEATING TOTAL    4832              5582    -750
 SINCE 7/1       1801              2191    -390
COOLING TOTAL    1472              1095     377
 SINCE 1/1       1472              1094     378
.................................................

WIND (MPH)
HIGHEST WIND SPEED/DIRECTION    48/310    DATE  07/19
HIGHEST GUST SPEED/DIRECTION    62/310    DATE  07/19


WEATHER CONDITIONS. NUMBER OF DAYS WITH
THUNDERSTORM              57     FOG W/VIS <= 1/4 MILE     37

-  INDICATES NEGATIVE NUMBERS.
R  INDICATES RECORD WAS SET OR TIED.
MM INDICATES DATA IS MISSING.
T  INDICATES TRACE AMOUNT.


...ANNUAL...

16TH WARMEST CALENDAR YEAR ON RECORD (55.5 DEGREES).

2ND WARMEST CONSECUTIVE DAYS WITH A MINIMUM TEMPERATURE GREATER THAN
OR EQUAL TO 60 DEGREES(138 DAYS).


...SEASONAL...

3RD WARMEST METEOROLOGICAL FALL ON RECORD (60.5 DEGREES).

MOST NUMBER OF OCCURENCES OF A MAXIMUM TEMPERATURE GREATER THAN OR
EQUAL TO 60 DEGREES WITHIN METEOROLOGICAL FALL (72 DEGREES).


...MONTHLY...

TIED 5TH WARMEST NOVEMBER ON RECORD (48.9 DEGREES).

9TH WETTEST AUGUST ON RECORD (7.29 INCHES).

HIGH OF 64 DEGREES ON 07/03 SET NEW RECORD FOR COOLEST MAXIMUM
TEMPERATURE RECORDED IN THE MONTH OF JULY.

6TH DRIEST JUNE ON RECORD (1.02 INCHES).

10TH WARMEST MARCH ON RECORD ( 48.1 DEGREES).

4TH DRIEST FEBRUARY ON RECORD (0.22 INCHES).


...DAILY...


3 RECORD HIGH TEMPERATURES SET (11/17...10/17...AND 02/20).

3 RECORD LOW MAXIMUM TEMPERATURES SET ON 12/18...07/03...07/02).

5 RECORD HIGH MINIMUM TEMPERATURES SET
(11/17...11/01...10/17...10/16...AND 02/02).

RECORD PRECIPITATION VALUE OF 1.47 INCHES SET ON 08/24...PREVIOUS
1.13 INCHES IN 2007.

$$
