000
CDUS43 KLSX 210737
CLIUIN


CLIMATE REPORT
NATIONAL WEATHER SERVICE ST LOUIS MO
235 AM CDT MON AUG 21 2017


...................................

...THE QUINCY IL CLIMATE SUMMARY FOR AUGUST 20 2017...

CLIMATE NORMAL PERIOD 1981 TO 2010
CLIMATE RECORD PERIOD 1901 TO 2017


WEATHER ITEM   OBSERVED TIME   RECORD YEAR NORMAL DEPARTURE LAST
                VALUE   (LST)  VALUE       VALUE  FROM      YEAR
                                                  NORMAL
..................................................................
TEMPERATURE (F)
 YESTERDAY
  MAXIMUM         84    220 PM 104    1936  84      0       80
  MINIMUM         67    501 AM  42    1950  64      3       62
  AVERAGE         76                        74      2

PRECIPITATION (IN)
  YESTERDAY        T             1.92 1951   0.12  -0.12     0.25
  MONTH TO DATE    2.25                      2.36  -0.11     2.55
  SINCE JUN 1      7.31                     10.39  -3.08    10.27
  SINCE JAN 1     24.09                     24.48  -0.39    18.95

DEGREE DAYS
 HEATING
  YESTERDAY        0                         0      0
  MONTH TO DATE    0                         0      0
  SINCE JUN 1      4                        16    -12
  SINCE JUL 1      0                         0      0

 COOLING
  YESTERDAY       11                         9      2
  MONTH TO DATE  149                       204    -55
  SINCE JUN 1    838                       774     64
  SINCE JAN 1    947                       860     87
..................................................................


WIND (MPH)
  HIGHEST WIND SPEED    20   HIGHEST WIND DIRECTION    NW (300)
  HIGHEST GUST SPEED    24   HIGHEST GUST DIRECTION    NW (300)
  AVERAGE WIND SPEED     5.9


SKY COVER
  AVERAGE SKY COVER 0.1



RELATIVE HUMIDITY (PERCENT)
 HIGHEST    93           200 AM
 LOWEST     55           100 PM
 AVERAGE    74

..........................................................


THE QUINCY IL CLIMATE NORMALS FOR TODAY
                         NORMAL    RECORD    YEAR
 MAXIMUM TEMPERATURE (F)   84       102      1947
                                             1936
 MINIMUM TEMPERATURE (F)   64        44      1950


SUNRISE AND SUNSET
AUGUST 21 2017........SUNRISE   622 AM CDT   SUNSET   752 PM CDT
AUGUST 22 2017........SUNRISE   623 AM CDT   SUNSET   751 PM CDT


-  INDICATES NEGATIVE NUMBERS.
R  INDICATES RECORD WAS SET OR TIED.
MM INDICATES DATA IS MISSING.
T  INDICATES TRACE AMOUNT.




$$
