000
CDUS43 KLSX 220731
CLIUIN


CLIMATE REPORT
NATIONAL WEATHER SERVICE ST LOUIS MO
230 AM CDT MON MAY 22 2017


...................................

...THE QUINCY IL CLIMATE SUMMARY FOR MAY 21 2017...

CLIMATE NORMAL PERIOD 1981 TO 2010
CLIMATE RECORD PERIOD 1901 TO 2017


WEATHER ITEM   OBSERVED TIME   RECORD YEAR NORMAL DEPARTURE LAST
                VALUE   (LST)  VALUE       VALUE  FROM      YEAR
                                                  NORMAL
..................................................................
TEMPERATURE (F)
 YESTERDAY
  MAXIMUM         62    516 PM  95    1925  74    -12       75
  MINIMUM         49   1157 PM  38    2002  54     -5       49
  AVERAGE         56                        64     -8

PRECIPITATION (IN)
  YESTERDAY        0.00          1.23 1933   0.16  -0.16     0.00
  MONTH TO DATE    3.43                      2.99   0.44     1.87
  SINCE MAR 1     13.42                      9.14   4.28     6.29
  SINCE JAN 1     15.47                     12.54   2.93     6.91

DEGREE DAYS
 HEATING
  YESTERDAY        9                         3      6
  MONTH TO DATE   97                       111    -14
  SINCE MAR 1    967                      1199   -232
  SINCE JUL 1   4408                      5541  -1133

 COOLING
  YESTERDAY        0                         3     -3
  MONTH TO DATE   61                        33     28
  SINCE MAR 1     93                        51     42
  SINCE JAN 1     93                        51     42
..................................................................


WIND (MPH)
  HIGHEST WIND SPEED    21   HIGHEST WIND DIRECTION     W (290)
  HIGHEST GUST SPEED    28   HIGHEST GUST DIRECTION     W (270)
  AVERAGE WIND SPEED    10.0


SKY COVER
  AVERAGE SKY COVER 0.5



RELATIVE HUMIDITY (PERCENT)
 HIGHEST    89          1000 PM
 LOWEST     55           300 PM
 AVERAGE    72

..........................................................


THE QUINCY IL CLIMATE NORMALS FOR TODAY
                         NORMAL    RECORD    YEAR
 MAXIMUM TEMPERATURE (F)   74        94      1925
 MINIMUM TEMPERATURE (F)   55        38      1963


SUNRISE AND SUNSET
MAY 22 2017...........SUNRISE   544 AM CDT   SUNSET   820 PM CDT
MAY 23 2017...........SUNRISE   543 AM CDT   SUNSET   821 PM CDT


-  INDICATES NEGATIVE NUMBERS.
R  INDICATES RECORD WAS SET OR TIED.
MM INDICATES DATA IS MISSING.
T  INDICATES TRACE AMOUNT.




$$
