000
CDUS43 KLSX 280743
CLIUIN


CLIMATE REPORT
NATIONAL WEATHER SERVICE ST LOUIS MO
142 AM CST SAT FEB 28 2015


...................................

...THE QUINCY IL CLIMATE SUMMARY FOR FEBRUARY 27 2015...

CLIMATE NORMAL PERIOD 1981 TO 2010
CLIMATE RECORD PERIOD 1901 TO 2015


WEATHER ITEM   OBSERVED TIME   RECORD YEAR NORMAL DEPARTURE LAST
                VALUE   (LST)  VALUE       VALUE  FROM      YEAR
                                                  NORMAL
..................................................................
TEMPERATURE (F)
 YESTERDAY
  MAXIMUM         12    403 PM  73    1976  44    -32       24
  MINIMUM         -8R   639 AM  -8    1934  27    -35        9
  AVERAGE          2                        35    -33

PRECIPITATION (IN)
  YESTERDAY        0.00          1.40 2011   0.08  -0.08     0.00
  MONTH TO DATE    0.91                      1.80  -0.89     1.42
  SINCE DEC 1      3.35                      5.57  -2.22     3.20
  SINCE JAN 1      2.04                      3.32  -1.28     2.12

DEGREE DAYS
 HEATING
  YESTERDAY       63                        30     33
  MONTH TO DATE 1222                       926    296
  SINCE DEC 1   3338                      3212    126
  SINCE JUL 1   4615                      4312    303

 COOLING
  YESTERDAY        0                         0      0
  MONTH TO DATE    0                         0      0
  SINCE DEC 1      0                         0      0
  SINCE JAN 1      0                         0      0
..................................................................


WIND (MPH)
  HIGHEST WIND SPEED    10   HIGHEST WIND DIRECTION    NW (320)
  HIGHEST GUST SPEED    12   HIGHEST GUST DIRECTION    NW (320)
  AVERAGE WIND SPEED     4.6


SKY COVER
  AVERAGE SKY COVER 0.1



RELATIVE HUMIDITY (PERCENT)
 HIGHEST    83           500 AM
 LOWEST     46           400 PM
 AVERAGE    65

..........................................................


THE QUINCY IL CLIMATE NORMALS FOR TODAY
                         NORMAL    RECORD    YEAR
 MAXIMUM TEMPERATURE (F)   44        68      1932
 MINIMUM TEMPERATURE (F)   27        -3      1962


SUNRISE AND SUNSET
FEBRUARY 28 2015......SUNRISE   640 AM CST   SUNSET   555 PM CST
MARCH  1 2015.........SUNRISE   638 AM CST   SUNSET   556 PM CST


-  INDICATES NEGATIVE NUMBERS.
R  INDICATES RECORD WAS SET OR TIED.
MM INDICATES DATA IS MISSING.
T  INDICATES TRACE AMOUNT.




$$
