000
CDUS43 KLSX 230729
CLIUIN


CLIMATE REPORT
NATIONAL WEATHER SERVICE ST LOUIS MO
227 AM CDT SAT JUL 23 2016


...................................

...THE QUINCY IL CLIMATE SUMMARY FOR JULY 22 2016...

CLIMATE NORMAL PERIOD 1981 TO 2010
CLIMATE RECORD PERIOD 1901 TO 2016


WEATHER ITEM   OBSERVED TIME   RECORD YEAR NORMAL DEPARTURE LAST
                VALUE   (LST)  VALUE       VALUE  FROM      YEAR
                                                  NORMAL
..................................................................
TEMPERATURE (F)
 YESTERDAY
  MAXIMUM         90    402 PM 111    1901  86      4       82
  MINIMUM         70    753 AM  50    1947  66      4       61
  AVERAGE         80                        76      4

PRECIPITATION (IN)
  YESTERDAY        0.86          4.62 1951   0.13   0.73     0.00
  MONTH TO DATE    5.25                      2.94   2.31     7.36
  SINCE JUN 1      6.27                      6.93  -0.66    15.89
  SINCE JAN 1     14.95                     21.02  -6.07    24.57

DEGREE DAYS
 HEATING
  YESTERDAY        0                         0      0
  MONTH TO DATE    6                         0      6
  SINCE JUN 1      6                        16    -10
  SINCE JUL 1      6                         0      6

 COOLING
  YESTERDAY       15                        11      4
  MONTH TO DATE  257                       242     15
  SINCE JUN 1    614                       469    145
  SINCE JAN 1    718                       555    163
..................................................................


WIND (MPH)
  HIGHEST WIND SPEED    33   HIGHEST WIND DIRECTION     E (70)
  HIGHEST GUST SPEED    40   HIGHEST GUST DIRECTION    NE (60)
  AVERAGE WIND SPEED     8.0


SKY COVER
  AVERAGE SKY COVER 0.3



RELATIVE HUMIDITY (PERCENT)
 HIGHEST    93          1000 AM
 LOWEST     59           200 PM
 AVERAGE    76

..........................................................


THE QUINCY IL CLIMATE NORMALS FOR TODAY
                         NORMAL    RECORD    YEAR
 MAXIMUM TEMPERATURE (F)   86       112      1934
 MINIMUM TEMPERATURE (F)   66        53      1947
                                             1904


SUNRISE AND SUNSET
JULY 23 2016..........SUNRISE   556 AM CDT   SUNSET   826 PM CDT
JULY 24 2016..........SUNRISE   557 AM CDT   SUNSET   826 PM CDT


-  INDICATES NEGATIVE NUMBERS.
R  INDICATES RECORD WAS SET OR TIED.
MM INDICATES DATA IS MISSING.
T  INDICATES TRACE AMOUNT.




$$
