000
CDUS43 KLSX 020734
CLIUIN


CLIMATE REPORT
NATIONAL WEATHER SERVICE ST LOUIS MO
234 AM CDT SAT AUG 2 2014


...................................

...THE QUINCY IL CLIMATE SUMMARY FOR AUGUST 1 2014...

CLIMATE NORMAL PERIOD 1981 TO 2010
CLIMATE RECORD PERIOD 1901 TO 2014


WEATHER ITEM   OBSERVED TIME   RECORD YEAR NORMAL DEPARTURE LAST
                VALUE   (LST)  VALUE       VALUE  FROM      YEAR
                                                  NORMAL
..................................................................
TEMPERATURE (F)
 YESTERDAY
  MAXIMUM         82    205 PM 103    1945  86     -4       86
                                      1940
  MINIMUM         63   1159 PM  52    1907  66     -3       62
  AVERAGE         73                        76     -3

PRECIPITATION (IN)
  YESTERDAY        0.07          3.14 1932   0.12  -0.05     0.00
  MONTH TO DATE    0.07                      0.12  -0.05     0.00
  SINCE JUN 1     11.11                      8.15   2.96     2.85
  SINCE JAN 1     19.52                     22.24  -2.72    28.09

DEGREE DAYS
 HEATING
  YESTERDAY        0                         0      0
  MONTH TO DATE    0                         0      0
  SINCE JUN 1      9                        16     -7
  SINCE JUL 1      5                         0      5

 COOLING
  YESTERDAY        8                        11     -3
  MONTH TO DATE    8                        11     -3
  SINCE JUN 1    473                       581   -108
  SINCE JAN 1    616                       667    -51
..................................................................


WIND (MPH)
  HIGHEST WIND SPEED    13   HIGHEST WIND DIRECTION    NE (40)
  HIGHEST GUST SPEED    15   HIGHEST GUST DIRECTION    NE (40)
  AVERAGE WIND SPEED     3.7


SKY COVER
  AVERAGE SKY COVER 0.2



RELATIVE HUMIDITY (PERCENT)
 HIGHEST    93           900 PM
 LOWEST     51           200 PM
 AVERAGE    72

..........................................................


THE QUINCY IL CLIMATE NORMALS FOR TODAY
                         NORMAL    RECORD    YEAR
 MAXIMUM TEMPERATURE (F)   85       105      1947
 MINIMUM TEMPERATURE (F)   66        52      1907


SUNRISE AND SUNSET
AUGUST  2 2014........SUNRISE   604 AM CDT   SUNSET   817 PM CDT
AUGUST  3 2014........SUNRISE   605 AM CDT   SUNSET   816 PM CDT


-  INDICATES NEGATIVE NUMBERS.
R  INDICATES RECORD WAS SET OR TIED.
MM INDICATES DATA IS MISSING.
T  INDICATES TRACE AMOUNT.




$$
