000
CDUS43 KLSX 280730
CLIUIN


CLIMATE REPORT
NATIONAL WEATHER SERVICE ST LOUIS MO
230 AM CDT WED SEP 28 2016


...................................

...THE QUINCY IL CLIMATE SUMMARY FOR SEPTEMBER 27 2016...

CLIMATE NORMAL PERIOD 1981 TO 2010
CLIMATE RECORD PERIOD 1901 TO 2016


WEATHER ITEM   OBSERVED TIME   RECORD YEAR NORMAL DEPARTURE LAST
                VALUE   (LST)  VALUE       VALUE  FROM      YEAR
                                                  NORMAL
..................................................................
TEMPERATURE (F)
 YESTERDAY
  MAXIMUM         77    334 PM  92    1929  72      5       77
  MINIMUM         50    628 AM  33    1942  51     -1       64
                                      1940
  AVERAGE         64                        62      2

PRECIPITATION (IN)
  YESTERDAY        0.00          2.24 1923   0.12  -0.12     0.00
  MONTH TO DATE    3.09                      2.99   0.10     1.21
  SINCE SEP 1      3.09                      2.99   0.10     1.21
  SINCE JAN 1     26.78                     28.74  -1.96    29.97

DEGREE DAYS
 HEATING
  YESTERDAY        1                         6     -5
  MONTH TO DATE    4                        65    -61
  SINCE SEP 1      4                        65    -61
  SINCE JUL 1     10                        70    -60

 COOLING
  YESTERDAY        0                         2     -2
  MONTH TO DATE  220                       117    103
  SINCE SEP 1    220                       117    103
  SINCE JAN 1   1396                      1070    326
..................................................................


WIND (MPH)
  HIGHEST WIND SPEED    23   HIGHEST WIND DIRECTION     W (290)
  HIGHEST GUST SPEED    27   HIGHEST GUST DIRECTION     W (290)
  AVERAGE WIND SPEED     8.4


SKY COVER
  AVERAGE SKY COVER 0.0



RELATIVE HUMIDITY (PERCENT)
 HIGHEST    86           600 AM
 LOWEST     28           300 PM
 AVERAGE    57

..........................................................


THE QUINCY IL CLIMATE NORMALS FOR TODAY
                         NORMAL    RECORD    YEAR
 MAXIMUM TEMPERATURE (F)   72       100      1953
 MINIMUM TEMPERATURE (F)   50        26      1942


SUNRISE AND SUNSET
SEPTEMBER 28 2016.....SUNRISE   659 AM CDT   SUNSET   651 PM CDT
SEPTEMBER 29 2016.....SUNRISE   700 AM CDT   SUNSET   649 PM CDT


-  INDICATES NEGATIVE NUMBERS.
R  INDICATES RECORD WAS SET OR TIED.
MM INDICATES DATA IS MISSING.
T  INDICATES TRACE AMOUNT.




$$
