000
CDUS43 KLSX 310730
CLIUIN


CLIMATE REPORT
NATIONAL WEATHER SERVICE ST LOUIS MO
229 AM CDT FRI OCT 31 2014


...................................

...THE QUINCY IL CLIMATE SUMMARY FOR OCTOBER 30 2014...

CLIMATE NORMAL PERIOD 1981 TO 2010
CLIMATE RECORD PERIOD 1901 TO 2014


WEATHER ITEM   OBSERVED TIME   RECORD YEAR NORMAL DEPARTURE LAST
                VALUE   (LST)  VALUE       VALUE  FROM      YEAR
                                                  NORMAL
..................................................................
TEMPERATURE (F)
 YESTERDAY
  MAXIMUM         57    259 PM  90    1950  60     -3       66
  MINIMUM         36    344 AM  10    1925  40     -4       54
  AVERAGE         47                        50     -3

PRECIPITATION (IN)
  YESTERDAY        0.05          1.42 1967   0.10  -0.05     1.07
  MONTH TO DATE    6.07                      2.92   3.15     1.76
  SINCE SEP 1     12.34                      6.22   6.12     3.56
  SINCE JAN 1     37.96                     31.97   5.99    31.66

DEGREE DAYS
 HEATING
  YESTERDAY       18                        15      3
  MONTH TO DATE  294                       320    -26
  SINCE SEP 1    381                       402    -21
  SINCE JUL 1    386                       407    -21

 COOLING
  YESTERDAY        0                         0      0
  MONTH TO DATE    5                        14     -9
  SINCE SEP 1     92                       137    -45
  SINCE JAN 1   1021                      1090    -69
..................................................................


WIND (MPH)
  HIGHEST WIND SPEED    18   HIGHEST WIND DIRECTION     S (170)
  HIGHEST GUST SPEED    22   HIGHEST GUST DIRECTION     S (170)
  AVERAGE WIND SPEED     7.4


SKY COVER
  AVERAGE SKY COVER 0.6



RELATIVE HUMIDITY (PERCENT)
 HIGHEST    86           800 PM
 LOWEST     57           300 PM
 AVERAGE    72

..........................................................


THE QUINCY IL CLIMATE NORMALS FOR TODAY
                         NORMAL    RECORD    YEAR
 MAXIMUM TEMPERATURE (F)   59        88      1950
 MINIMUM TEMPERATURE (F)   40        20      1925


SUNRISE AND SUNSET
OCTOBER 31 2014.......SUNRISE   733 AM CDT   SUNSET   604 PM CDT
NOVEMBER  1 2014......SUNRISE   734 AM CDT   SUNSET   602 PM CDT


-  INDICATES NEGATIVE NUMBERS.
R  INDICATES RECORD WAS SET OR TIED.
MM INDICATES DATA IS MISSING.
T  INDICATES TRACE AMOUNT.




$$
