000
CDUS43 KLSX 050745
CLIUIN


CLIMATE REPORT
NATIONAL WEATHER SERVICE ST LOUIS MO
145 AM CST MON DEC 5 2016


...................................

...THE QUINCY IL CLIMATE SUMMARY FOR DECEMBER 4 2016...

CLIMATE NORMAL PERIOD 1981 TO 2010
CLIMATE RECORD PERIOD 1901 TO 2016


WEATHER ITEM   OBSERVED TIME   RECORD YEAR NORMAL DEPARTURE LAST
                VALUE   (LST)  VALUE       VALUE  FROM      YEAR
                                                  NORMAL
..................................................................
TEMPERATURE (F)
 YESTERDAY
  MAXIMUM         38    349 AM  69    1998  41     -3       51
  MINIMUM         31   1159 PM   2    2006  26      5       27
  AVERAGE         35                        33      2

PRECIPITATION (IN)
  YESTERDAY        0.33          2.23 1973   0.08   0.25     0.00
  MONTH TO DATE    0.33                      0.35  -0.02     0.02
  SINCE DEC 1      0.33                      0.35  -0.02     0.02
  SINCE JAN 1     30.18                     35.43  -5.25    33.69

DEGREE DAYS
 HEATING
  YESTERDAY       30                        32     -2
  MONTH TO DATE  116                       124     -8
  SINCE DEC 1    116                       124     -8
  SINCE JUL 1    804                      1224   -420

 COOLING
  YESTERDAY        0                         0      0
  MONTH TO DATE    0                         0      0
  SINCE DEC 1      0                         0      0
  SINCE JAN 1   1472                      1094    378
..................................................................


WIND (MPH)
  HIGHEST WIND SPEED    13   HIGHEST WIND DIRECTION     W (270)
  HIGHEST GUST SPEED    17   HIGHEST GUST DIRECTION     W (270)
  AVERAGE WIND SPEED     6.7


SKY COVER
  AVERAGE SKY COVER 1.0



RELATIVE HUMIDITY (PERCENT)
 HIGHEST   100           800 AM
 LOWEST     85          1200 AM
 AVERAGE    93

..........................................................


THE QUINCY IL CLIMATE NORMALS FOR TODAY
                         NORMAL    RECORD    YEAR
 MAXIMUM TEMPERATURE (F)   41        68      2001
 MINIMUM TEMPERATURE (F)   25         6      2005


SUNRISE AND SUNSET
DECEMBER  5 2016......SUNRISE   712 AM CST   SUNSET   440 PM CST
DECEMBER  6 2016......SUNRISE   713 AM CST   SUNSET   440 PM CST


-  INDICATES NEGATIVE NUMBERS.
R  INDICATES RECORD WAS SET OR TIED.
MM INDICATES DATA IS MISSING.
T  INDICATES TRACE AMOUNT.




$$
