769
CDUS43 KLSX 242225
CLIUIN


CLIMATE REPORT
NATIONAL WEATHER SERVICE ST LOUIS MO
525 PM CDT WED MAY 24 2017


...................................

...THE QUINCY IL CLIMATE SUMMARY FOR MAY 24 2017...
VALID TODAY AS OF 0500 PM LOCAL TIME.

CLIMATE NORMAL PERIOD 1981 TO 2010
CLIMATE RECORD PERIOD 1901 TO 2017


WEATHER ITEM   OBSERVED TIME   RECORD YEAR NORMAL DEPARTURE LAST
                VALUE   (LST)  VALUE       VALUE  FROM      YEAR
                                                  NORMAL
..................................................................
TEMPERATURE (F)
 TODAY
  MAXIMUM         65    257 PM  94    1921  75    -10       82
  MINIMUM         47    510 AM  40    1917  55     -8       61
  AVERAGE         56                        65     -9       72

PRECIPITATION (IN)
  TODAY            0.09          2.24 1995   0.15  -0.06     0.00
  MONTH TO DATE    4.62                      3.44   1.18     1.87
  SINCE MAR 1     14.61                      9.59   5.02     6.29
  SINCE JAN 1     16.66                     12.99   3.67     6.91

DEGREE DAYS
 HEATING
  TODAY            9                         3      6
  MONTH TO DATE  118                       120     -2
  SINCE MAR 1    988                      1208   -220
  SINCE JUL 1   4429                      5550  -1121

 COOLING
  TODAY            0                         3     -3
  MONTH TO DATE   61                        42     19
  SINCE MAR 1     93                        60     33
  SINCE JAN 1     93                        60     33
..................................................................


WIND (MPH)
  HIGHEST WIND SPEED    25   HIGHEST WIND DIRECTION     N (10)
  HIGHEST GUST SPEED    31   HIGHEST GUST DIRECTION     N (360)
  AVERAGE WIND SPEED     8.0


SKY COVER
  AVERAGE SKY COVER 0.5



RELATIVE HUMIDITY (PERCENT)
 HIGHEST   100           500 AM
 LOWEST     60           300 PM
 AVERAGE    80

..........................................................


THE QUINCY IL CLIMATE NORMALS FOR TOMORROW
                         NORMAL    RECORD    YEAR
 MAXIMUM TEMPERATURE (F)   75        95      1911
 MINIMUM TEMPERATURE (F)   56        34      1925


SUNRISE AND SUNSET
MAY 24 2017...........SUNRISE   542 AM CDT   SUNSET   821 PM CDT
MAY 25 2017...........SUNRISE   542 AM CDT   SUNSET   822 PM CDT


-  INDICATES NEGATIVE NUMBERS.
R  INDICATES RECORD WAS SET OR TIED.
MM INDICATES DATA IS MISSING.
T  INDICATES TRACE AMOUNT.




$$
