000
CDUS43 KLSX 210734
CLIUIN


CLIMATE REPORT
NATIONAL WEATHER SERVICE ST LOUIS MO
232 AM CDT TUE MAR 21 2017


...................................

...THE QUINCY IL CLIMATE SUMMARY FOR MARCH 20 2017...

CLIMATE NORMAL PERIOD 1981 TO 2010
CLIMATE RECORD PERIOD 1901 TO 2017


WEATHER ITEM   OBSERVED TIME   RECORD YEAR NORMAL DEPARTURE LAST
                VALUE   (LST)  VALUE       VALUE  FROM      YEAR
                                                  NORMAL
..................................................................
TEMPERATURE (F)
 YESTERDAY
  MAXIMUM         73    253 PM  81    2012  53     20       47
  MINIMUM         45   1147 PM   3    1906  34     11       33
  AVERAGE         59                        44     15

PRECIPITATION (IN)
  YESTERDAY        0.00          2.10 1945   0.08  -0.08      T
  MONTH TO DATE    0.59                      1.53  -0.94     0.75
  SINCE MAR 1      0.59                      1.53  -0.94     0.75
  SINCE JAN 1      2.64                      4.93  -2.29     1.37

DEGREE DAYS
 HEATING
  YESTERDAY        6                        22    -16
  MONTH TO DATE  465                       507    -42
  SINCE MAR 1    465                       507    -42
  SINCE JUL 1   3906                      4849   -943

 COOLING
  YESTERDAY        0                         0      0
  MONTH TO DATE    0                         0      0
  SINCE MAR 1      0                         0      0
  SINCE JAN 1      0                         0      0
..................................................................


WIND (MPH)
  HIGHEST WIND SPEED    18   HIGHEST WIND DIRECTION     N (360)
  HIGHEST GUST SPEED    23   HIGHEST GUST DIRECTION     N (360)
  AVERAGE WIND SPEED    10.4


SKY COVER
  AVERAGE SKY COVER 0.0



RELATIVE HUMIDITY (PERCENT)
 HIGHEST    86          1100 PM
 LOWEST     41           300 PM
 AVERAGE    64

..........................................................


THE QUINCY IL CLIMATE NORMALS FOR TODAY
                         NORMAL    RECORD    YEAR
 MAXIMUM TEMPERATURE (F)   54        88      1907
 MINIMUM TEMPERATURE (F)   34         7      1951


SUNRISE AND SUNSET
MARCH 21 2017.........SUNRISE   706 AM CDT   SUNSET   718 PM CDT
MARCH 22 2017.........SUNRISE   705 AM CDT   SUNSET   719 PM CDT


-  INDICATES NEGATIVE NUMBERS.
R  INDICATES RECORD WAS SET OR TIED.
MM INDICATES DATA IS MISSING.
T  INDICATES TRACE AMOUNT.




$$
