000
CDUS43 KLSX 282246
CLIUIN


CLIMATE REPORT
NATIONAL WEATHER SERVICE ST LOUIS MO
545 PM CDT SUN JUN 28 2015


...................................

...THE QUINCY IL CLIMATE SUMMARY FOR JUNE 28 2015...
VALID TODAY AS OF 0500 PM LOCAL TIME.

CLIMATE NORMAL PERIOD 1981 TO 2010
CLIMATE RECORD PERIOD 1901 TO 2015


WEATHER ITEM   OBSERVED TIME   RECORD YEAR NORMAL DEPARTURE LAST
                VALUE   (LST)  VALUE       VALUE  FROM      YEAR
                                                  NORMAL
..................................................................
TEMPERATURE (F)
 TODAY
  MAXIMUM         76    314 PM 104    2012  85     -9       85
                                      1934
  MINIMUM         62    421 AM  53    1968  66     -4       69
  AVERAGE         69                        75     -6       77

PRECIPITATION (IN)
  TODAY            0.42          3.01 1902   0.12   0.30     0.13
  MONTH TO DATE    8.53                      3.75   4.78     8.10
  SINCE JUN 1      8.53                      3.75   4.78     8.10
  SINCE JAN 1     17.21                     17.84  -0.63    16.51

DEGREE DAYS
 HEATING
  TODAY            0                         0      0
  MONTH TO DATE    8                        14     -6
  SINCE JUN 1      8                        14     -6
  SINCE JUL 1   5760                      5580    180

 COOLING
  TODAY            4                        10     -6
  MONTH TO DATE  231                       208     23
  SINCE JUN 1    231                       208     23
  SINCE JAN 1    345                       294     51
..................................................................


WIND (MPH)
  HIGHEST WIND SPEED    16   HIGHEST WIND DIRECTION    SE (150)
  HIGHEST GUST SPEED    23   HIGHEST GUST DIRECTION     S (160)
  AVERAGE WIND SPEED     6.9


SKY COVER
  AVERAGE SKY COVER 0.3



RELATIVE HUMIDITY (PERCENT)
 HIGHEST    93          1200 AM
 LOWEST     73           200 PM
 AVERAGE    83

..........................................................


THE QUINCY IL CLIMATE NORMALS FOR TOMORROW
                         NORMAL    RECORD    YEAR
 MAXIMUM TEMPERATURE (F)   85       103      2012
                                             1934
                                             1931
 MINIMUM TEMPERATURE (F)   66        52      1950
                                             1923


SUNRISE AND SUNSET
JUNE 28 2015..........SUNRISE   538 AM CDT   SUNSET   838 PM CDT
JUNE 29 2015..........SUNRISE   539 AM CDT   SUNSET   838 PM CDT


-  INDICATES NEGATIVE NUMBERS.
R  INDICATES RECORD WAS SET OR TIED.
MM INDICATES DATA IS MISSING.
T  INDICATES TRACE AMOUNT.




$$
