000
CDUS43 KLSX 302226
CLIUIN


CLIMATE REPORT
NATIONAL WEATHER SERVICE ST LOUIS MO
425 PM CST FRI JAN 30 2015


...................................

...THE QUINCY IL CLIMATE SUMMARY FOR JANUARY 30 2015...
VALID TODAY AS OF 0400 PM LOCAL TIME.

CLIMATE NORMAL PERIOD 1981 TO 2010
CLIMATE RECORD PERIOD 1901 TO 2015


WEATHER ITEM   OBSERVED TIME   RECORD YEAR NORMAL DEPARTURE LAST
                VALUE   (LST)  VALUE       VALUE  FROM      YEAR
                                                  NORMAL
..................................................................
TEMPERATURE (F)
 TODAY
  MAXIMUM         35    345 PM  64    2012  35      0       37
  MINIMUM         20    724 AM -13    1965  19      1       23
  AVERAGE         28                        27      1       30

PRECIPITATION (IN)
  TODAY            0.00          1.77 2002   0.05  -0.05     0.02
  MONTH TO DATE    0.62                      1.47  -0.85     0.66
  SINCE DEC 1      1.93                      3.72  -1.79     1.74
  SINCE JAN 1      0.62                      1.47  -0.85     0.66

DEGREE DAYS
 HEATING
  TODAY           37                        38     -1
  MONTH TO DATE 1118                      1160    -42
  SINCE DEC 1   2081                      2251   -170
  SINCE JUL 1   3358                      3351      7

 COOLING
  TODAY            0                         0      0
  MONTH TO DATE    0                         0      0
  SINCE DEC 1      0                         0      0
  SINCE JAN 1      0                         0      0
..................................................................


WIND (MPH)
  HIGHEST WIND SPEED    20   HIGHEST WIND DIRECTION    NW (330)
  HIGHEST GUST SPEED    24   HIGHEST GUST DIRECTION    NW (320)
  AVERAGE WIND SPEED     8.1


SKY COVER
  AVERAGE SKY COVER 0.3



RELATIVE HUMIDITY (PERCENT)
 HIGHEST    84           800 AM
 LOWEST     44           300 PM
 AVERAGE    64

..........................................................


THE QUINCY IL CLIMATE NORMALS FOR TOMORROW
                         NORMAL    RECORD    YEAR
 MAXIMUM TEMPERATURE (F)   35        72      1989
 MINIMUM TEMPERATURE (F)   19       -14      1996


SUNRISE AND SUNSET
JANUARY 30 2015.......SUNRISE   715 AM CST   SUNSET   521 PM CST
JANUARY 31 2015.......SUNRISE   714 AM CST   SUNSET   523 PM CST


-  INDICATES NEGATIVE NUMBERS.
R  INDICATES RECORD WAS SET OR TIED.
MM INDICATES DATA IS MISSING.
T  INDICATES TRACE AMOUNT.




$$
