367
CDUS43 KLSX 242126
CLIUIN


CLIMATE REPORT
NATIONAL WEATHER SERVICE ST LOUIS MO
426 PM CDT MON JUL 24 2017


...................................

...THE QUINCY IL CLIMATE SUMMARY FOR JULY 24 2017...
VALID TODAY AS OF 0400 PM LOCAL TIME.

CLIMATE NORMAL PERIOD 1981 TO 2010
CLIMATE RECORD PERIOD 1901 TO 2017


WEATHER ITEM   OBSERVED TIME   RECORD YEAR NORMAL DEPARTURE LAST
                VALUE   (LST)  VALUE       VALUE  FROM      YEAR
                                                  NORMAL
..................................................................
TEMPERATURE (F)
 TODAY
  MAXIMUM         85    235 PM 111    1934  86     -1       95
  MINIMUM         64    514 AM  52    1904  66     -2       76
  AVERAGE         75                        76     -1       86

PRECIPITATION (IN)
  TODAY            0.00          3.10 1968   0.12  -0.12     0.00
  MONTH TO DATE    0.58                      3.19  -2.61     5.25
  SINCE JUN 1      4.01                      7.18  -3.17     6.27
  SINCE JAN 1     20.79                     21.27  -0.48    14.95

DEGREE DAYS
 HEATING
  TODAY            0                         0      0
  MONTH TO DATE    0                         0      0
  SINCE JUN 1      4                        16    -12
  SINCE JUL 1      0                         0      0

 COOLING
  TODAY           10                        11     -1
  MONTH TO DATE  353                       264     89
  SINCE JUN 1    624                       491    133
  SINCE JAN 1    733                       577    156
..................................................................


WIND (MPH)
  HIGHEST WIND SPEED    13   HIGHEST WIND DIRECTION    NE (30)
  HIGHEST GUST SPEED    17   HIGHEST GUST DIRECTION    NE (40)
  AVERAGE WIND SPEED     6.0


SKY COVER
  AVERAGE SKY COVER 0.1



RELATIVE HUMIDITY (PERCENT)
 HIGHEST    87           400 AM
 LOWEST     47          1100 AM
 AVERAGE    67

..........................................................


THE QUINCY IL CLIMATE NORMALS FOR TOMORROW
                         NORMAL    RECORD    YEAR
 MAXIMUM TEMPERATURE (F)   86       109      1934
 MINIMUM TEMPERATURE (F)   66        53      1911


SUNRISE AND SUNSET
JULY 24 2017..........SUNRISE   556 AM CDT   SUNSET   826 PM CDT
JULY 25 2017..........SUNRISE   557 AM CDT   SUNSET   825 PM CDT


-  INDICATES NEGATIVE NUMBERS.
R  INDICATES RECORD WAS SET OR TIED.
MM INDICATES DATA IS MISSING.
T  INDICATES TRACE AMOUNT.




$$
