839
CDUS43 KLSX 192246
CLIUIN


CLIMATE REPORT
NATIONAL WEATHER SERVICE ST LOUIS MO
440 PM CST SUN FEB 19 2017


...................................

...THE QUINCY IL CLIMATE SUMMARY FOR FEBRUARY 19 2017...
VALID TODAY AS OF 0400 PM LOCAL TIME.

CLIMATE NORMAL PERIOD 1981 TO 2010
CLIMATE RECORD PERIOD 1901 TO 2017


WEATHER ITEM   OBSERVED TIME   RECORD YEAR NORMAL DEPARTURE LAST
                VALUE   (LST)  VALUE       VALUE  FROM      YEAR
                                                  NORMAL
..................................................................
TEMPERATURE (F)
 TODAY
  MAXIMUM         72R   308 PM  71    1930  40     32       66
  MINIMUM         40    632 AM -11    1903  24     16       44
  AVERAGE         56                        32     24       55

PRECIPITATION (IN)
  TODAY            0.00          1.37 1994   0.08  -0.08     0.00
  MONTH TO DATE    0.09                      1.19  -1.10     0.22
  SINCE DEC 1      2.30                      4.96  -2.66     6.44
  SINCE JAN 1      1.27                      2.71  -1.44     0.62

DEGREE DAYS
 HEATING
  TODAY            9                        33    -24
  MONTH TO DATE  487                       675   -188
  SINCE DEC 1   2626                      2961   -335
  SINCE JUL 1   3314                      4061   -747

 COOLING
  TODAY            0                         0      0
  MONTH TO DATE    0                         0      0
  SINCE DEC 1      0                         0      0
  SINCE JAN 1      0                         0      0
..................................................................


WIND (MPH)
  HIGHEST WIND SPEED    13   HIGHEST WIND DIRECTION     S (180)
  HIGHEST GUST SPEED    16   HIGHEST GUST DIRECTION    SW (210)
  AVERAGE WIND SPEED     6.3


SKY COVER
  AVERAGE SKY COVER 0.0



RELATIVE HUMIDITY (PERCENT)
 HIGHEST    93           700 AM
 LOWEST     41           200 PM
 AVERAGE    67

..........................................................


THE QUINCY IL CLIMATE NORMALS FOR TOMORROW
                         NORMAL    RECORD    YEAR
 MAXIMUM TEMPERATURE (F)   41        72      2016
 MINIMUM TEMPERATURE (F)   24        -3      1929


SUNRISE AND SUNSET
FEBRUARY 19 2017......SUNRISE   652 AM CST   SUNSET   546 PM CST
FEBRUARY 20 2017......SUNRISE   651 AM CST   SUNSET   547 PM CST


-  INDICATES NEGATIVE NUMBERS.
R  INDICATES RECORD WAS SET OR TIED.
MM INDICATES DATA IS MISSING.
T  INDICATES TRACE AMOUNT.




$$
