000
CDUS43 KLSX 212230
CLIUIN


CLIMATE REPORT
NATIONAL WEATHER SERVICE ST LOUIS MO
430 PM CST FRI NOV 21 2014


...................................

...THE QUINCY IL CLIMATE SUMMARY FOR NOVEMBER 21 2014...
VALID TODAY AS OF 0400 PM LOCAL TIME.

CLIMATE NORMAL PERIOD 1981 TO 2010
CLIMATE RECORD PERIOD 1901 TO 2014


WEATHER ITEM   OBSERVED TIME   RECORD YEAR NORMAL DEPARTURE LAST
                VALUE   (LST)  VALUE       VALUE  FROM      YEAR
                                                  NORMAL
..................................................................
TEMPERATURE (F)
 TODAY
  MAXIMUM         39    155 PM  74    1913  48     -9       49
  MINIMUM         16    444 AM   5    1937  31    -15       38
  AVERAGE         28                        40    -12       44

PRECIPITATION (IN)
  TODAY            0.00          1.20 1908   0.10  -0.10     0.27
  MONTH TO DATE    0.10                      2.14  -2.04     1.85
  SINCE SEP 1     12.44                      8.45   3.99     6.49
  SINCE JAN 1     38.06                     34.20   3.86    34.59

DEGREE DAYS
 HEATING
  TODAY           37                        25     12
  MONTH TO DATE  621                       427    194
  SINCE SEP 1   1029                       846    183
  SINCE JUL 1   1034                       851    183

 COOLING
  TODAY            0                         0      0
  MONTH TO DATE    0                         0      0
  SINCE SEP 1     92                       140    -48
  SINCE JAN 1   1021                      1093    -72
..................................................................


WIND (MPH)
  HIGHEST WIND SPEED    17   HIGHEST WIND DIRECTION    SE (140)
  HIGHEST GUST SPEED    23   HIGHEST GUST DIRECTION    SE (140)
  AVERAGE WIND SPEED    10.6


SKY COVER
  AVERAGE SKY COVER 0.1



RELATIVE HUMIDITY (PERCENT)
 HIGHEST    73           400 AM
 LOWEST     37           200 PM
 AVERAGE    55

..........................................................


THE QUINCY IL CLIMATE NORMALS FOR TOMORROW
                         NORMAL    RECORD    YEAR
 MAXIMUM TEMPERATURE (F)   48        75      2010
                                             1913
 MINIMUM TEMPERATURE (F)   31         8      1937


SUNRISE AND SUNSET
NOVEMBER 21 2014......SUNRISE   657 AM CST   SUNSET   444 PM CST
NOVEMBER 22 2014......SUNRISE   658 AM CST   SUNSET   444 PM CST


-  INDICATES NEGATIVE NUMBERS.
R  INDICATES RECORD WAS SET OR TIED.
MM INDICATES DATA IS MISSING.
T  INDICATES TRACE AMOUNT.




$$
