821
CDUS43 KLSX 242129
CLIUIN


CLIMATE REPORT
NATIONAL WEATHER SERVICE ST LOUIS MO
428 PM CDT SUN SEP 24 2017


...................................

...THE QUINCY IL CLIMATE SUMMARY FOR SEPTEMBER 24 2017...
VALID TODAY AS OF 0400 PM LOCAL TIME.

CLIMATE NORMAL PERIOD 1981 TO 2010
CLIMATE RECORD PERIOD 1901 TO 2017


WEATHER ITEM   OBSERVED TIME   RECORD YEAR NORMAL DEPARTURE LAST
                VALUE   (LST)  VALUE       VALUE  FROM      YEAR
                                                  NORMAL
..................................................................
TEMPERATURE (F)
 TODAY
  MAXIMUM         91    251 PM  94    1935  74     17       89
  MINIMUM         65    624 AM  33    1989  52     13       67
  AVERAGE         78                        63     15       78

PRECIPITATION (IN)
  TODAY            0.00          4.35 1904   0.12  -0.12     0.00
  MONTH TO DATE    0.67                      2.65  -1.98     3.09
  SINCE SEP 1      0.67                      2.65  -1.98     3.09
  SINCE JAN 1     26.82                     28.40  -1.58    26.78

DEGREE DAYS
 HEATING
  TODAY            0                         5     -5
  MONTH TO DATE   19                        49    -30
  SINCE SEP 1     19                        49    -30
  SINCE JUL 1     19                        54    -35

 COOLING
  TODAY           13                         2     11
  MONTH TO DATE  156                       111     45
  SINCE SEP 1    156                       111     45
  SINCE JAN 1   1151                      1064     87
..................................................................


WIND (MPH)
  HIGHEST WIND SPEED    15   HIGHEST WIND DIRECTION     S (160)
  HIGHEST GUST SPEED    20   HIGHEST GUST DIRECTION     S (160)
  AVERAGE WIND SPEED     7.1


SKY COVER
  AVERAGE SKY COVER 0.1



RELATIVE HUMIDITY (PERCENT)
 HIGHEST    81           600 AM
 LOWEST     38           300 PM
 AVERAGE    60

..........................................................


THE QUINCY IL CLIMATE NORMALS FOR TOMORROW
                         NORMAL    RECORD    YEAR
 MAXIMUM TEMPERATURE (F)   73        93      1920
 MINIMUM TEMPERATURE (F)   52        35      1907


SUNRISE AND SUNSET
SEPTEMBER 24 2017.....SUNRISE   655 AM CDT   SUNSET   658 PM CDT
SEPTEMBER 25 2017.....SUNRISE   656 AM CDT   SUNSET   656 PM CDT


-  INDICATES NEGATIVE NUMBERS.
R  INDICATES RECORD WAS SET OR TIED.
MM INDICATES DATA IS MISSING.
T  INDICATES TRACE AMOUNT.




$$
