000
CDUS43 KLSX 110743
CLIUIN


CLIMATE REPORT
NATIONAL WEATHER SERVICE ST LOUIS MO
141 AM CST WED JAN 11 2017


...................................

...THE QUINCY IL CLIMATE SUMMARY FOR JANUARY 10 2017...

CLIMATE NORMAL PERIOD 1981 TO 2010
CLIMATE RECORD PERIOD 1901 TO 2017


WEATHER ITEM   OBSERVED TIME   RECORD YEAR NORMAL DEPARTURE LAST
                VALUE   (LST)  VALUE       VALUE  FROM      YEAR
                                                  NORMAL
..................................................................
TEMPERATURE (F)
 YESTERDAY
  MAXIMUM         60R  1206 PM  59    1939  34     26       13
  MINIMUM         25   1106 PM -21    1982  18      7        0
  AVERAGE         43                        26     17

PRECIPITATION (IN)
  YESTERDAY        T             0.84 1904   0.06  -0.06     0.00
  MONTH TO DATE    0.08                      0.54  -0.46     0.20
  SINCE DEC 1      1.11                      2.79  -1.68     6.02
  SINCE JAN 1      0.08                      0.54  -0.46     0.20

DEGREE DAYS
 HEATING
  YESTERDAY       22                        39    -17
  MONTH TO DATE  424                       386     38
  SINCE DEC 1   1537                      1477     60
  SINCE JUL 1   2225                      2577   -352

 COOLING
  YESTERDAY        0                         0      0
  MONTH TO DATE    0                         0      0
  SINCE DEC 1      0                         0      0
  SINCE JAN 1      0                         0      0
..................................................................


WIND (MPH)
  HIGHEST WIND SPEED    36   HIGHEST WIND DIRECTION     W (250)
  HIGHEST GUST SPEED    48   HIGHEST GUST DIRECTION     W (250)
  AVERAGE WIND SPEED    17.4


SKY COVER
  AVERAGE SKY COVER 0.6



RELATIVE HUMIDITY (PERCENT)
 HIGHEST    86           800 AM
 LOWEST     55          1200 PM
 AVERAGE    71

..........................................................


THE QUINCY IL CLIMATE NORMALS FOR TODAY
                         NORMAL    RECORD    YEAR
 MAXIMUM TEMPERATURE (F)   34        59      2013
 MINIMUM TEMPERATURE (F)   18       -15      1977


SUNRISE AND SUNSET
JANUARY 11 2017.......SUNRISE   726 AM CST   SUNSET   500 PM CST
JANUARY 12 2017.......SUNRISE   726 AM CST   SUNSET   501 PM CST


-  INDICATES NEGATIVE NUMBERS.
R  INDICATES RECORD WAS SET OR TIED.
MM INDICATES DATA IS MISSING.
T  INDICATES TRACE AMOUNT.




$$
