000
CDUS43 KLSX 210739
CLIUIN


CLIMATE REPORT
NATIONAL WEATHER SERVICE ST LOUIS MO
238 AM CDT TUE OCT 21 2014


...................................

...THE QUINCY IL CLIMATE SUMMARY FOR OCTOBER 20 2014...

CLIMATE NORMAL PERIOD 1981 TO 2010
CLIMATE RECORD PERIOD 1901 TO 2014


WEATHER ITEM   OBSERVED TIME   RECORD YEAR NORMAL DEPARTURE LAST
                VALUE   (LST)  VALUE       VALUE  FROM      YEAR
                                                  NORMAL
..................................................................
TEMPERATURE (F)
 YESTERDAY
  MAXIMUM         69    257 PM  87    1979  64      5       73
                                      1953
  MINIMUM         50   1159 PM  22    1960  43      7       41
  AVERAGE         60                        53      7

PRECIPITATION (IN)
  YESTERDAY        0.00          1.29 2005   0.10  -0.10     0.00
  MONTH TO DATE    5.99                      1.96   4.03     0.63
  SINCE SEP 1     12.26                      5.26   7.00     2.43
  SINCE JAN 1     37.88                     31.01   6.87    30.53

DEGREE DAYS
 HEATING
  YESTERDAY        5                        12     -7
  MONTH TO DATE  195                       185     10
  SINCE SEP 1    282                       267     15
  SINCE JUL 1    287                       272     15

 COOLING
  YESTERDAY        0                         0      0
  MONTH TO DATE    0                        14    -14
  SINCE SEP 1     87                       137    -50
  SINCE JAN 1   1016                      1090    -74
..................................................................


WIND (MPH)
  HIGHEST WIND SPEED    20   HIGHEST WIND DIRECTION    NW (330)
  HIGHEST GUST SPEED    27   HIGHEST GUST DIRECTION     N (340)
  AVERAGE WIND SPEED     9.3


SKY COVER
  AVERAGE SKY COVER 0.0



RELATIVE HUMIDITY (PERCENT)
 HIGHEST    89           600 AM
 LOWEST     37           200 PM
 AVERAGE    63

..........................................................


THE QUINCY IL CLIMATE NORMALS FOR TODAY
                         NORMAL    RECORD    YEAR
 MAXIMUM TEMPERATURE (F)   63        86      1979
 MINIMUM TEMPERATURE (F)   43        24      1952


SUNRISE AND SUNSET
OCTOBER 21 2014.......SUNRISE   722 AM CDT   SUNSET   617 PM CDT
OCTOBER 22 2014.......SUNRISE   723 AM CDT   SUNSET   615 PM CDT


-  INDICATES NEGATIVE NUMBERS.
R  INDICATES RECORD WAS SET OR TIED.
MM INDICATES DATA IS MISSING.
T  INDICATES TRACE AMOUNT.




$$
