000
CDUS43 KLSX 302130
CLIUIN


CLIMATE REPORT
NATIONAL WEATHER SERVICE ST LOUIS MO
429 PM CDT SAT APR 30 2016


...................................

...THE QUINCY IL CLIMATE SUMMARY FOR APRIL 30 2016...
VALID TODAY AS OF 0400 PM LOCAL TIME.

CLIMATE NORMAL PERIOD 1981 TO 2010
CLIMATE RECORD PERIOD 1901 TO 2016


WEATHER ITEM   OBSERVED TIME   RECORD YEAR NORMAL DEPARTURE LAST
                VALUE   (LST)  VALUE       VALUE  FROM      YEAR
                                                  NORMAL
..................................................................
TEMPERATURE (F)
 TODAY
  MAXIMUM         69    259 PM  90    1936  68      1       67
  MINIMUM         50    625 AM  30    1908  48      2       43
  AVERAGE         60                        58      2       55

PRECIPITATION (IN)
  TODAY            0.30          1.92 1942   0.13   0.17     0.00
  MONTH TO DATE    3.04                      3.69  -0.65     1.70
  SINCE MAR 1      4.12                      6.15  -2.03     2.65
  SINCE JAN 1      4.74                      9.55  -4.81     4.69

DEGREE DAYS
 HEATING
  TODAY            5                         8     -3
  MONTH TO DATE  327                       370    -43
  SINCE MAR 1    847                      1088   -241
  SINCE JUL 1   4444                      5430   -986

 COOLING
  TODAY            0                         1     -1
  MONTH TO DATE   19                        16      3
  SINCE MAR 1     21                        18      3
  SINCE JAN 1     21                        18      3
..................................................................


WIND (MPH)
  HIGHEST WIND SPEED    23   HIGHEST WIND DIRECTION     E (110)
  HIGHEST GUST SPEED    29   HIGHEST GUST DIRECTION     E (90)
  AVERAGE WIND SPEED    13.8


SKY COVER
  AVERAGE SKY COVER 1.0



RELATIVE HUMIDITY (PERCENT)
 HIGHEST    96           700 AM
 LOWEST     78           300 PM
 AVERAGE    87

..........................................................


THE QUINCY IL CLIMATE NORMALS FOR TOMORROW
                         NORMAL    RECORD    YEAR
 MAXIMUM TEMPERATURE (F)   68        88      1901
 MINIMUM TEMPERATURE (F)   48        29      1907


SUNRISE AND SUNSET
APRIL 30 2016.........SUNRISE   606 AM CDT   SUNSET   759 PM CDT
MAY  1 2016...........SUNRISE   604 AM CDT   SUNSET   800 PM CDT


-  INDICATES NEGATIVE NUMBERS.
R  INDICATES RECORD WAS SET OR TIED.
MM INDICATES DATA IS MISSING.
T  INDICATES TRACE AMOUNT.




$$
