000
CDUS43 KLSX 100727
CLIUIN


CLIMATE REPORT
NATIONAL WEATHER SERVICE ST LOUIS MO
126 AM CST SUN DEC 10 2017


...................................

...THE QUINCY IL CLIMATE SUMMARY FOR DECEMBER 9 2017...

CLIMATE NORMAL PERIOD 1981 TO 2010
CLIMATE RECORD PERIOD 1901 TO 2017


WEATHER ITEM   OBSERVED TIME   RECORD YEAR NORMAL DEPARTURE LAST
                VALUE   (LST)  VALUE       VALUE  FROM      YEAR
                                                  NORMAL
..................................................................
TEMPERATURE (F)
 YESTERDAY
  MAXIMUM         32    328 PM  71    1940  39     -7       24
  MINIMUM         18   1043 PM  -8    1917  24     -6       14
                                      1909
  AVERAGE         25                        31     -6

PRECIPITATION (IN)
  YESTERDAY        0.00          1.01 2003   0.08  -0.08     0.00
  MONTH TO DATE    0.10                      0.77  -0.67     0.33
  SINCE DEC 1      0.10                      0.77  -0.67     0.33
  SINCE JAN 1     32.70                     35.85  -3.15    30.18

DEGREE DAYS
 HEATING
  YESTERDAY       40                        34      6
  MONTH TO DATE  246                       288    -42
  SINCE DEC 1    246                       288    -42
  SINCE JUL 1   1193                      1388   -195

 COOLING
  YESTERDAY        0                         0      0
  MONTH TO DATE    0                         0      0
  SINCE DEC 1      0                         0      0
  SINCE JAN 1   1229                      1094    135
..................................................................


WIND (MPH)
  HIGHEST WIND SPEED    24   HIGHEST WIND DIRECTION    NW (320)
  HIGHEST GUST SPEED    33   HIGHEST GUST DIRECTION    NW (320)
  AVERAGE WIND SPEED    13.1


SKY COVER
  AVERAGE SKY COVER 0.6



RELATIVE HUMIDITY (PERCENT)
 HIGHEST    78           300 AM
 LOWEST     49           300 PM
 AVERAGE    64

..........................................................


THE QUINCY IL CLIMATE NORMALS FOR TODAY
                         NORMAL    RECORD    YEAR
 MAXIMUM TEMPERATURE (F)   39        63      1979
 MINIMUM TEMPERATURE (F)   23        -7      1917


SUNRISE AND SUNSET
DECEMBER 10 2017......SUNRISE   716 AM CST   SUNSET   440 PM CST
DECEMBER 11 2017......SUNRISE   717 AM CST   SUNSET   440 PM CST


-  INDICATES NEGATIVE NUMBERS.
R  INDICATES RECORD WAS SET OR TIED.
MM INDICATES DATA IS MISSING.
T  INDICATES TRACE AMOUNT.




$$
