000
CDUS43 KLSX 190728
CLIUIN


CLIMATE REPORT
NATIONAL WEATHER SERVICE ST LOUIS MO
226 AM CDT SAT AUG 19 2017


...................................

...THE QUINCY IL CLIMATE SUMMARY FOR AUGUST 18 2017...

CLIMATE NORMAL PERIOD 1981 TO 2010
CLIMATE RECORD PERIOD 1901 TO 2017


WEATHER ITEM   OBSERVED TIME   RECORD YEAR NORMAL DEPARTURE LAST
                VALUE   (LST)  VALUE       VALUE  FROM      YEAR
                                                  NORMAL
..................................................................
TEMPERATURE (F)
 YESTERDAY
  MAXIMUM         87    157 PM 104    1936  85      2       89
  MINIMUM         59    503 AM  50    2012  65     -6       69
  AVERAGE         73                        75     -2

PRECIPITATION (IN)
  YESTERDAY        0.00          1.94 1906   0.12  -0.12     0.00
  MONTH TO DATE    2.25                      2.13   0.12     2.30
  SINCE JUN 1      7.31                     10.16  -2.85    10.02
  SINCE JAN 1     24.09                     24.25  -0.16    18.70

DEGREE DAYS
 HEATING
  YESTERDAY        0                         0      0
  MONTH TO DATE    0                         0      0
  SINCE JUN 1      4                        16    -12
  SINCE JUL 1      0                         0      0

 COOLING
  YESTERDAY        8                        10     -2
  MONTH TO DATE  126                       185    -59
  SINCE JUN 1    815                       755     60
  SINCE JAN 1    924                       841     83
..................................................................


WIND (MPH)
  HIGHEST WIND SPEED    16   HIGHEST WIND DIRECTION    SW (210)
  HIGHEST GUST SPEED    22   HIGHEST GUST DIRECTION    SW (210)
  AVERAGE WIND SPEED     6.7


SKY COVER
  AVERAGE SKY COVER 0.0



RELATIVE HUMIDITY (PERCENT)
 HIGHEST   100           600 AM
 LOWEST     46           200 PM
 AVERAGE    73

..........................................................


THE QUINCY IL CLIMATE NORMALS FOR TODAY
                         NORMAL    RECORD    YEAR
 MAXIMUM TEMPERATURE (F)   85       106      1936
 MINIMUM TEMPERATURE (F)   64        46      1950


SUNRISE AND SUNSET
AUGUST 19 2017........SUNRISE   621 AM CDT   SUNSET   755 PM CDT
AUGUST 20 2017........SUNRISE   622 AM CDT   SUNSET   754 PM CDT


-  INDICATES NEGATIVE NUMBERS.
R  INDICATES RECORD WAS SET OR TIED.
MM INDICATES DATA IS MISSING.
T  INDICATES TRACE AMOUNT.




$$
