000
CDUS43 KLSX 212135
CLIUIN


CLIMATE REPORT
NATIONAL WEATHER SERVICE ST LOUIS MO
434 PM CDT TUE MAR 21 2017


...................................

...THE QUINCY IL CLIMATE SUMMARY FOR MARCH 21 2017...
VALID TODAY AS OF 0400 PM LOCAL TIME.

CLIMATE NORMAL PERIOD 1981 TO 2010
CLIMATE RECORD PERIOD 1901 TO 2017


WEATHER ITEM   OBSERVED TIME   RECORD YEAR NORMAL DEPARTURE LAST
                VALUE   (LST)  VALUE       VALUE  FROM      YEAR
                                                  NORMAL
..................................................................
TEMPERATURE (F)
 TODAY
  MAXIMUM         60   1231 PM  88    1907  54      6       57
  MINIMUM         39    619 AM   7    1951  34      5       26
  AVERAGE         50                        44      6       42

PRECIPITATION (IN)
  TODAY            0.00          0.74 1921   0.08  -0.08     0.00
  MONTH TO DATE    0.59                      1.61  -1.02     0.75
  SINCE MAR 1      0.59                      1.61  -1.02     0.75
  SINCE JAN 1      2.64                      5.01  -2.37     1.37

DEGREE DAYS
 HEATING
  TODAY           15                        21     -6
  MONTH TO DATE  480                       528    -48
  SINCE MAR 1    480                       528    -48
  SINCE JUL 1   3921                      4870   -949

 COOLING
  TODAY            0                         0      0
  MONTH TO DATE    0                         0      0
  SINCE MAR 1      0                         0      0
  SINCE JAN 1      0                         0      0
..................................................................


WIND (MPH)
  HIGHEST WIND SPEED    26   HIGHEST WIND DIRECTION     N (20)
  HIGHEST GUST SPEED    33   HIGHEST GUST DIRECTION     N (20)
  AVERAGE WIND SPEED    12.8


SKY COVER
  AVERAGE SKY COVER 0.1



RELATIVE HUMIDITY (PERCENT)
 HIGHEST    96           200 AM
 LOWEST     24          1200 PM
 AVERAGE    60

..........................................................


THE QUINCY IL CLIMATE NORMALS FOR TOMORROW
                         NORMAL    RECORD    YEAR
 MAXIMUM TEMPERATURE (F)   54        84      1907
 MINIMUM TEMPERATURE (F)   35        11      1906


SUNRISE AND SUNSET
MARCH 21 2017.........SUNRISE   706 AM CDT   SUNSET   718 PM CDT
MARCH 22 2017.........SUNRISE   705 AM CDT   SUNSET   719 PM CDT


-  INDICATES NEGATIVE NUMBERS.
R  INDICATES RECORD WAS SET OR TIED.
MM INDICATES DATA IS MISSING.
T  INDICATES TRACE AMOUNT.




$$
