000
CDUS43 KLSX 090727
CLIUIN


CLIMATE REPORT
NATIONAL WEATHER SERVICE ST LOUIS MO
126 AM CST SAT DEC 9 2017


...................................

...THE QUINCY IL CLIMATE SUMMARY FOR DECEMBER 8 2017...

CLIMATE NORMAL PERIOD 1981 TO 2010
CLIMATE RECORD PERIOD 1901 TO 2017


WEATHER ITEM   OBSERVED TIME   RECORD YEAR NORMAL DEPARTURE LAST
                VALUE   (LST)  VALUE       VALUE  FROM      YEAR
                                                  NORMAL
..................................................................
TEMPERATURE (F)
 YESTERDAY
  MAXIMUM         38    305 PM  70    1991  40     -2       26
  MINIMUM         14    430 AM  -6    1917  24    -10       16
  AVERAGE         26                        32     -6

PRECIPITATION (IN)
  YESTERDAY        0.00          0.70 1980   0.09  -0.09     0.00
  MONTH TO DATE    0.10                      0.69  -0.59     0.33
  SINCE DEC 1      0.10                      0.69  -0.59     0.33
  SINCE JAN 1     32.70                     35.77  -3.07    30.18

DEGREE DAYS
 HEATING
  YESTERDAY       39                        33      6
  MONTH TO DATE  206                       254    -48
  SINCE DEC 1    206                       254    -48
  SINCE JUL 1   1153                      1354   -201

 COOLING
  YESTERDAY        0                         0      0
  MONTH TO DATE    0                         0      0
  SINCE DEC 1      0                         0      0
  SINCE JAN 1   1229                      1094    135
..................................................................


WIND (MPH)
  HIGHEST WIND SPEED    16   HIGHEST WIND DIRECTION    SW (210)
  HIGHEST GUST SPEED    21   HIGHEST GUST DIRECTION    SW (210)
  AVERAGE WIND SPEED     9.6


SKY COVER
  AVERAGE SKY COVER 0.0



RELATIVE HUMIDITY (PERCENT)
 HIGHEST    74           800 AM
 LOWEST     29           200 PM
 AVERAGE    52

..........................................................


THE QUINCY IL CLIMATE NORMALS FOR TODAY
                         NORMAL    RECORD    YEAR
 MAXIMUM TEMPERATURE (F)   39        71      1940
 MINIMUM TEMPERATURE (F)   24        -8      1917
                                             1909


SUNRISE AND SUNSET
DECEMBER  9 2017......SUNRISE   715 AM CST   SUNSET   440 PM CST
DECEMBER 10 2017......SUNRISE   716 AM CST   SUNSET   440 PM CST


-  INDICATES NEGATIVE NUMBERS.
R  INDICATES RECORD WAS SET OR TIED.
MM INDICATES DATA IS MISSING.
T  INDICATES TRACE AMOUNT.




$$
