000
CDUS43 KLSX 250728
CLIUIN


CLIMATE REPORT
NATIONAL WEATHER SERVICE ST LOUIS MO
227 AM CDT SUN JUN 25 2017


...................................

...THE QUINCY IL CLIMATE SUMMARY FOR JUNE 24 2017...

CLIMATE NORMAL PERIOD 1981 TO 2010
CLIMATE RECORD PERIOD 1901 TO 2017


WEATHER ITEM   OBSERVED TIME   RECORD YEAR NORMAL DEPARTURE LAST
                VALUE   (LST)  VALUE       VALUE  FROM      YEAR
                                                  NORMAL
..................................................................
TEMPERATURE (F)
 YESTERDAY
  MAXIMUM         76    316 PM  99    1988  84     -8       88
                                      1923
  MINIMUM         57   1152 PM  49    1974  65     -8       61
                                      1961
  AVERAGE         67                        74     -7

PRECIPITATION (IN)
  YESTERDAY        0.00          1.80 2015   0.12  -0.12     0.00
  MONTH TO DATE    2.22                      3.25  -1.03     0.57
  SINCE JUN 1      2.22                      3.25  -1.03     0.57
  SINCE JAN 1     19.00                     17.34   1.66     9.25

DEGREE DAYS
 HEATING
  YESTERDAY        0                         0      0
  MONTH TO DATE    0                        14    -14
  SINCE JUN 1      0                        14    -14
  SINCE JUL 1   4433                      5580  -1147

 COOLING
  YESTERDAY        2                        10     -8
  MONTH TO DATE  240                       168     72
  SINCE JUN 1    240                       168     72
  SINCE JAN 1    349                       254     95
..................................................................


WIND (MPH)
  HIGHEST WIND SPEED    23   HIGHEST WIND DIRECTION    NW (300)
  HIGHEST GUST SPEED    32   HIGHEST GUST DIRECTION     W (290)
  AVERAGE WIND SPEED    10.0


SKY COVER
  AVERAGE SKY COVER 0.0



RELATIVE HUMIDITY (PERCENT)
 HIGHEST    86           500 AM
 LOWEST     27           400 PM
 AVERAGE    57

..........................................................


THE QUINCY IL CLIMATE NORMALS FOR TODAY
                         NORMAL    RECORD    YEAR
 MAXIMUM TEMPERATURE (F)   84       102      1931
 MINIMUM TEMPERATURE (F)   65        50      1974


SUNRISE AND SUNSET
JUNE 25 2017..........SUNRISE   538 AM CDT   SUNSET   837 PM CDT
JUNE 26 2017..........SUNRISE   538 AM CDT   SUNSET   838 PM CDT


-  INDICATES NEGATIVE NUMBERS.
R  INDICATES RECORD WAS SET OR TIED.
MM INDICATES DATA IS MISSING.
T  INDICATES TRACE AMOUNT.




$$
