000
CDUS43 KLSX 270727
CLIUIN


CLIMATE REPORT
NATIONAL WEATHER SERVICE ST LOUIS MO
226 AM CDT SUN JUL 27 2014


...................................

...THE QUINCY IL CLIMATE SUMMARY FOR JULY 26 2014...

CLIMATE NORMAL PERIOD 1981 TO 2010
CLIMATE RECORD PERIOD 1901 TO 2014


WEATHER ITEM   OBSERVED TIME   RECORD YEAR NORMAL DEPARTURE LAST
                VALUE   (LST)  VALUE       VALUE  FROM      YEAR
                                                  NORMAL
..................................................................
TEMPERATURE (F)
 YESTERDAY
  MAXIMUM         87   1153 AM 107    1934  86      1       80
  MINIMUM         70   1250 AM  51    1962  66      4       60
  AVERAGE         79                        76      3

PRECIPITATION (IN)
  YESTERDAY        0.11          2.15 1932   0.12  -0.01     0.25
  MONTH TO DATE    2.89                      3.44  -0.55     0.50
  SINCE JUN 1     11.04                      7.43   3.61     2.28
  SINCE JAN 1     19.45                     21.52  -2.07    27.52

DEGREE DAYS
 HEATING
  YESTERDAY        0                         0      0
  MONTH TO DATE    5                         0      5
  SINCE JUN 1      9                        16     -7
  SINCE JUL 1      5                         0      5

 COOLING
  YESTERDAY       14                        11      3
  MONTH TO DATE  176                       286   -110
  SINCE JUN 1    443                       513    -70
  SINCE JAN 1    586                       599    -13
..................................................................


WIND (MPH)
  HIGHEST WIND SPEED    16   HIGHEST WIND DIRECTION     N (20)
  HIGHEST GUST SPEED    21   HIGHEST GUST DIRECTION    SW (240)
  AVERAGE WIND SPEED     7.1


SKY COVER
  AVERAGE SKY COVER 0.4



RELATIVE HUMIDITY (PERCENT)
 HIGHEST    94           800 PM
 LOWEST     65          1200 PM
 AVERAGE    80

..........................................................


THE QUINCY IL CLIMATE NORMALS FOR TODAY
                         NORMAL    RECORD    YEAR
 MAXIMUM TEMPERATURE (F)   86       105      1936
                                             1930
                                             1916
 MINIMUM TEMPERATURE (F)   66        50      1962


SUNRISE AND SUNSET
JULY 27 2014..........SUNRISE   559 AM CDT   SUNSET   823 PM CDT
JULY 28 2014..........SUNRISE   600 AM CDT   SUNSET   822 PM CDT


-  INDICATES NEGATIVE NUMBERS.
R  INDICATES RECORD WAS SET OR TIED.
MM INDICATES DATA IS MISSING.
T  INDICATES TRACE AMOUNT.




$$
