000
CDUS43 KLSX 260728
CLIUIN


CLIMATE REPORT
NATIONAL WEATHER SERVICE ST LOUIS MO
127 AM CST MON JAN 26 2015


...................................

...THE QUINCY IL CLIMATE SUMMARY FOR JANUARY 25 2015...

CLIMATE NORMAL PERIOD 1981 TO 2010
CLIMATE RECORD PERIOD 1901 TO 2015


WEATHER ITEM   OBSERVED TIME   RECORD YEAR NORMAL DEPARTURE LAST
                VALUE   (LST)  VALUE       VALUE  FROM      YEAR
                                                  NORMAL
..................................................................
TEMPERATURE (F)
 YESTERDAY
  MAXIMUM         43    226 AM  71    1950  35      8       40
  MINIMUM         24   1159 PM -14    1940  19      5       18
  AVERAGE         34                        27      7

PRECIPITATION (IN)
  YESTERDAY        0.07          0.43 1949   0.05   0.02      T
                                      1936
  MONTH TO DATE    0.62                      1.24  -0.62     0.64
  SINCE DEC 1      1.93                      3.49  -1.56     1.72
  SINCE JAN 1      0.62                      1.24  -0.62     0.64

DEGREE DAYS
 HEATING
  YESTERDAY       31                        38     -7
  MONTH TO DATE  965                       970     -5
  SINCE DEC 1   1928                      2061   -133
  SINCE JUL 1   3205                      3161     44

 COOLING
  YESTERDAY        0                         0      0
  MONTH TO DATE    0                         0      0
  SINCE DEC 1      0                         0      0
  SINCE JAN 1      0                         0      0
..................................................................


WIND (MPH)
  HIGHEST WIND SPEED    28   HIGHEST WIND DIRECTION     N (20)
  HIGHEST GUST SPEED    33   HIGHEST GUST DIRECTION    NE (40)
  AVERAGE WIND SPEED    12.3


SKY COVER
  AVERAGE SKY COVER 0.9



RELATIVE HUMIDITY (PERCENT)
 HIGHEST    96           100 PM
 LOWEST     67          1200 AM
 AVERAGE    82

..........................................................


THE QUINCY IL CLIMATE NORMALS FOR TODAY
                         NORMAL    RECORD    YEAR
 MAXIMUM TEMPERATURE (F)   35        62      2002
                                             1911
 MINIMUM TEMPERATURE (F)   19       -16      1904


SUNRISE AND SUNSET
JANUARY 26 2015.......SUNRISE   718 AM CST   SUNSET   517 PM CST
JANUARY 27 2015.......SUNRISE   718 AM CST   SUNSET   518 PM CST


-  INDICATES NEGATIVE NUMBERS.
R  INDICATES RECORD WAS SET OR TIED.
MM INDICATES DATA IS MISSING.
T  INDICATES TRACE AMOUNT.




$$
