000
CDUS43 KLSX 210738
CLIUIN


CLIMATE REPORT
NATIONAL WEATHER SERVICE ST LOUIS MO
238 AM CDT FRI APR 21 2017


...................................

...THE QUINCY IL CLIMATE SUMMARY FOR APRIL 20 2017...

CLIMATE NORMAL PERIOD 1981 TO 2010
CLIMATE RECORD PERIOD 1901 TO 2017


WEATHER ITEM   OBSERVED TIME   RECORD YEAR NORMAL DEPARTURE LAST
                VALUE   (LST)  VALUE       VALUE  FROM      YEAR
                                                  NORMAL
..................................................................
TEMPERATURE (F)
 YESTERDAY
  MAXIMUM         73   1226 AM  90    1987  65      8       67
  MINIMUM         48   1159 PM  27    2013  45      3       54
  AVERAGE         61                        55      6

PRECIPITATION (IN)
  YESTERDAY        T             1.91 1976   0.13  -0.13     0.31
  MONTH TO DATE    2.00                      2.37  -0.37     1.48
  SINCE MAR 1      5.18                      4.83   0.35     2.56
  SINCE JAN 1      7.23                      8.23  -1.00     3.18

DEGREE DAYS
 HEATING
  YESTERDAY        4                        11     -7
  MONTH TO DATE  148                       278   -130
  SINCE MAR 1    770                       996   -226
  SINCE JUL 1   4211                      5338  -1127

 COOLING
  YESTERDAY        0                         1     -1
  MONTH TO DATE   30                         7     23
  SINCE MAR 1     30                         9     21
  SINCE JAN 1     30                         9     21
..................................................................


WIND (MPH)
  HIGHEST WIND SPEED    23   HIGHEST WIND DIRECTION    NW (320)
  HIGHEST GUST SPEED    31   HIGHEST GUST DIRECTION    NW (320)
  AVERAGE WIND SPEED    13.5


SKY COVER
  AVERAGE SKY COVER 0.3



RELATIVE HUMIDITY (PERCENT)
 HIGHEST    77          1100 PM
 LOWEST     48           500 PM
 AVERAGE    63

..........................................................


THE QUINCY IL CLIMATE NORMALS FOR TODAY
                         NORMAL    RECORD    YEAR
 MAXIMUM TEMPERATURE (F)   65        90      1902
 MINIMUM TEMPERATURE (F)   45        26      1904


SUNRISE AND SUNSET
APRIL 21 2017.........SUNRISE   618 AM CDT   SUNSET   750 PM CDT
APRIL 22 2017.........SUNRISE   616 AM CDT   SUNSET   751 PM CDT


-  INDICATES NEGATIVE NUMBERS.
R  INDICATES RECORD WAS SET OR TIED.
MM INDICATES DATA IS MISSING.
T  INDICATES TRACE AMOUNT.




$$
