000
CDUS43 KLSX 030745
CLIUIN


CLIMATE REPORT
NATIONAL WEATHER SERVICE ST LOUIS MO
245 AM CDT TUE MAY 3 2016


...................................

...THE QUINCY IL CLIMATE SUMMARY FOR MAY 2 2016...

CLIMATE NORMAL PERIOD 1981 TO 2010
CLIMATE RECORD PERIOD 1901 TO 2016


WEATHER ITEM   OBSERVED TIME   RECORD YEAR NORMAL DEPARTURE LAST
                VALUE   (LST)  VALUE       VALUE  FROM      YEAR
                                                  NORMAL
..................................................................
TEMPERATURE (F)
 YESTERDAY
  MAXIMUM         54    345 PM  90    1928  69    -15       75
  MINIMUM         47   1108 PM  29    1908  49     -2       53
  AVERAGE         51                        59     -8

PRECIPITATION (IN)
  YESTERDAY        T             1.76 1936   0.12  -0.12     0.05
  MONTH TO DATE    T                         0.25  -0.25     0.05
  SINCE MAR 1      4.42                      6.40  -1.98     2.70
  SINCE JAN 1      5.04                      9.80  -4.76     4.74

DEGREE DAYS
 HEATING
  YESTERDAY       14                         7      7
  MONTH TO DATE   26                        15     11
  SINCE MAR 1    873                      1103   -230
  SINCE JUL 1   4470                      5445   -975

 COOLING
  YESTERDAY        0                         1     -1
  MONTH TO DATE    0                         2     -2
  SINCE MAR 1     21                        20      1
  SINCE JAN 1     21                        20      1
..................................................................


WIND (MPH)
  HIGHEST WIND SPEED    13   HIGHEST WIND DIRECTION     N (10)
  HIGHEST GUST SPEED    15   HIGHEST GUST DIRECTION     N (20)
  AVERAGE WIND SPEED     6.9


SKY COVER
  AVERAGE SKY COVER 1.0



RELATIVE HUMIDITY (PERCENT)
 HIGHEST   100          1200 AM
 LOWEST     77           900 AM
 AVERAGE    89

..........................................................


THE QUINCY IL CLIMATE NORMALS FOR TODAY
                         NORMAL    RECORD    YEAR
 MAXIMUM TEMPERATURE (F)   69        88      1949
                                             1901
 MINIMUM TEMPERATURE (F)   49        31      2005
                                             1907


SUNRISE AND SUNSET
MAY  3 2016...........SUNRISE   602 AM CDT   SUNSET   802 PM CDT
MAY  4 2016...........SUNRISE   601 AM CDT   SUNSET   803 PM CDT


-  INDICATES NEGATIVE NUMBERS.
R  INDICATES RECORD WAS SET OR TIED.
MM INDICATES DATA IS MISSING.
T  INDICATES TRACE AMOUNT.




$$
