000
CDUS43 KLSX 142228
CLIUIN


CLIMATE REPORT
NATIONAL WEATHER SERVICE ST LOUIS MO
525 PM CDT SUN SEP 14 2014


...................................

...THE QUINCY IL CLIMATE SUMMARY FOR SEPTEMBER 14 2014...
VALID TODAY AS OF 0500 PM LOCAL TIME.

CLIMATE NORMAL PERIOD 1981 TO 2010
CLIMATE RECORD PERIOD 1901 TO 2014


WEATHER ITEM   OBSERVED TIME   RECORD YEAR NORMAL DEPARTURE LAST
                VALUE   (LST)  VALUE       VALUE  FROM      YEAR
                                                  NORMAL
..................................................................
TEMPERATURE (F)
 TODAY
  MAXIMUM         69    350 PM  99    1939  78     -9       74
  MINIMUM         41    359 AM  38    1996  56    -15       47
  AVERAGE         55                        67    -12       61

PRECIPITATION (IN)
  TODAY            0.00          2.33 1909   0.11  -0.11     0.00
  MONTH TO DATE    5.10                      1.54   3.56     0.81
  SINCE SEP 1      5.10                      1.54   3.56     0.81
  SINCE JAN 1     30.72                     27.29   3.43    28.91

DEGREE DAYS
 HEATING
  TODAY           10                         2      8
  MONTH TO DATE   50                        16     34
  SINCE SEP 1     50                        16     34
  SINCE JUL 1     55                        21     34

 COOLING
  TODAY            0                         4     -4
  MONTH TO DATE   49                        80    -31
  SINCE SEP 1     49                        80    -31
  SINCE JAN 1    978                      1033    -55
..................................................................


WIND (MPH)
  HIGHEST WIND SPEED    10   HIGHEST WIND DIRECTION    SW (220)
  HIGHEST GUST SPEED    15   HIGHEST GUST DIRECTION     S (190)
  AVERAGE WIND SPEED     4.9


SKY COVER
  AVERAGE SKY COVER 0.2



RELATIVE HUMIDITY (PERCENT)
 HIGHEST    89           600 AM
 LOWEST     39           400 PM
 AVERAGE    64

..........................................................


THE QUINCY IL CLIMATE NORMALS FOR TOMORROW
                         NORMAL    RECORD    YEAR
 MAXIMUM TEMPERATURE (F)   78       100      1939
                                             1927
 MINIMUM TEMPERATURE (F)   56        37      2007


SUNRISE AND SUNSET
SEPTEMBER 14 2014.....SUNRISE   645 AM CDT   SUNSET   715 PM CDT
SEPTEMBER 15 2014.....SUNRISE   646 AM CDT   SUNSET   713 PM CDT


-  INDICATES NEGATIVE NUMBERS.
R  INDICATES RECORD WAS SET OR TIED.
MM INDICATES DATA IS MISSING.
T  INDICATES TRACE AMOUNT.




$$
