730
CDUS43 KLSX 040733
CLIUIN


CLIMATE REPORT
NATIONAL WEATHER SERVICE ST LOUIS MO
132 AM CST SUN DEC 4 2016


...................................

...THE QUINCY IL CLIMATE SUMMARY FOR DECEMBER 3 2016...

CLIMATE NORMAL PERIOD 1981 TO 2010
CLIMATE RECORD PERIOD 1901 TO 2016


WEATHER ITEM   OBSERVED TIME   RECORD YEAR NORMAL DEPARTURE LAST
                VALUE   (LST)  VALUE       VALUE  FROM      YEAR
                                                  NORMAL
..................................................................
TEMPERATURE (F)
 YESTERDAY
  MAXIMUM         42    334 PM  74    2012  42      0       45
  MINIMUM         29    723 AM   1    1929  26      3       32
  AVERAGE         36                        34      2

PRECIPITATION (IN)
  YESTERDAY        0.00          1.68 1938   0.09  -0.09     0.00
  MONTH TO DATE    0.00                      0.27  -0.27     0.02
  SINCE DEC 1      0.00                      0.27  -0.27     0.02
  SINCE JAN 1     29.85                     35.35  -5.50    33.69

DEGREE DAYS
 HEATING
  YESTERDAY       29                        31     -2
  MONTH TO DATE   86                        92     -6
  SINCE DEC 1     86                        92     -6
  SINCE JUL 1    774                      1192   -418

 COOLING
  YESTERDAY        0                         0      0
  MONTH TO DATE    0                         0      0
  SINCE DEC 1      0                         0      0
  SINCE JAN 1   1472                      1094    378
..................................................................


WIND (MPH)
  HIGHEST WIND SPEED    14   HIGHEST WIND DIRECTION    SE (140)
  HIGHEST GUST SPEED    19   HIGHEST GUST DIRECTION    SE (130)
  AVERAGE WIND SPEED     6.8


SKY COVER
  AVERAGE SKY COVER 0.4



RELATIVE HUMIDITY (PERCENT)
 HIGHEST   100           500 AM
 LOWEST     67           100 PM
 AVERAGE    84

..........................................................


THE QUINCY IL CLIMATE NORMALS FOR TODAY
                         NORMAL    RECORD    YEAR
 MAXIMUM TEMPERATURE (F)   41        69      1998
 MINIMUM TEMPERATURE (F)   26         2      2006


SUNRISE AND SUNSET
DECEMBER  4 2016......SUNRISE   711 AM CST   SUNSET   440 PM CST
DECEMBER  5 2016......SUNRISE   712 AM CST   SUNSET   440 PM CST


-  INDICATES NEGATIVE NUMBERS.
R  INDICATES RECORD WAS SET OR TIED.
MM INDICATES DATA IS MISSING.
T  INDICATES TRACE AMOUNT.




$$
