000
CDUS43 KLSX 210732
CLIUIN


CLIMATE REPORT
NATIONAL WEATHER SERVICE ST LOUIS MO
231 AM CDT MON JUL 21 2014


...................................

...THE QUINCY IL CLIMATE SUMMARY FOR JULY 20 2014...

CLIMATE NORMAL PERIOD 1981 TO 2010
CLIMATE RECORD PERIOD 1901 TO 2014


WEATHER ITEM   OBSERVED TIME   RECORD YEAR NORMAL DEPARTURE LAST
                VALUE   (LST)  VALUE       VALUE  FROM      YEAR
                                                  NORMAL
..................................................................
TEMPERATURE (F)
 YESTERDAY
  MAXIMUM         83    233 PM 109    1934  86     -3       89
  MINIMUM         62    158 AM  55    1971  66     -4       69
  AVERAGE         73                        76     -3

PRECIPITATION (IN)
  YESTERDAY        0.00          3.41 1949   0.13  -0.13     0.00
  MONTH TO DATE    2.05                      2.68  -0.63     0.02
  SINCE JUN 1     10.20                      6.67   3.53     1.80
  SINCE JAN 1     18.61                     20.76  -2.15    27.04

DEGREE DAYS
 HEATING
  YESTERDAY        0                         0      0
  MONTH TO DATE    5                         0      5
  SINCE JUN 1      9                        16     -7
  SINCE JUL 1      5                         0      5

 COOLING
  YESTERDAY        8                        11     -3
  MONTH TO DATE  125                       220    -95
  SINCE JUN 1    392                       447    -55
  SINCE JAN 1    535                       533      2
..................................................................


WIND (MPH)
  HIGHEST WIND SPEED    12   HIGHEST WIND DIRECTION     S (190)
  HIGHEST GUST SPEED    16   HIGHEST GUST DIRECTION     S (190)
  AVERAGE WIND SPEED     6.4


SKY COVER
  AVERAGE SKY COVER 0.0



RELATIVE HUMIDITY (PERCENT)
 HIGHEST    84           200 AM
 LOWEST     46          1200 PM
 AVERAGE    65

..........................................................


THE QUINCY IL CLIMATE NORMALS FOR TODAY
                         NORMAL    RECORD    YEAR
 MAXIMUM TEMPERATURE (F)   86       110      1901
 MINIMUM TEMPERATURE (F)   66        52      1944


SUNRISE AND SUNSET
JULY 21 2014..........SUNRISE   554 AM CDT   SUNSET   828 PM CDT
JULY 22 2014..........SUNRISE   554 AM CDT   SUNSET   828 PM CDT


-  INDICATES NEGATIVE NUMBERS.
R  INDICATES RECORD WAS SET OR TIED.
MM INDICATES DATA IS MISSING.
T  INDICATES TRACE AMOUNT.




$$
