000
CDUS43 KLSX 060729
CLIUIN


CLIMATE REPORT
NATIONAL WEATHER SERVICE ST LOUIS MO
129 AM CST WED DEC 6 2017


...................................

...THE QUINCY IL CLIMATE SUMMARY FOR DECEMBER 5 2017...

CLIMATE NORMAL PERIOD 1981 TO 2010
CLIMATE RECORD PERIOD 1901 TO 2017


WEATHER ITEM   OBSERVED TIME   RECORD YEAR NORMAL DEPARTURE LAST
                VALUE   (LST)  VALUE       VALUE  FROM      YEAR
                                                  NORMAL
..................................................................
TEMPERATURE (F)
 YESTERDAY
  MAXIMUM         42   1238 PM  68    2001  41      1       41
  MINIMUM         28    841 PM   6    2005  25      3       30
  AVERAGE         35                        33      2

PRECIPITATION (IN)
  YESTERDAY        0.00          1.45 1925   0.09  -0.09     0.00
  MONTH TO DATE    0.10                      0.44  -0.34     0.33
  SINCE DEC 1      0.10                      0.44  -0.34     0.33
  SINCE JAN 1     32.70                     35.52  -2.82    30.18

DEGREE DAYS
 HEATING
  YESTERDAY       30                        32     -2
  MONTH TO DATE   95                       156    -61
  SINCE DEC 1     95                       156    -61
  SINCE JUL 1   1042                      1256   -214

 COOLING
  YESTERDAY        0                         0      0
  MONTH TO DATE    0                         0      0
  SINCE DEC 1      0                         0      0
  SINCE JAN 1   1229                      1094    135
..................................................................


WIND (MPH)
  HIGHEST WIND SPEED    30   HIGHEST WIND DIRECTION     W (280)
  HIGHEST GUST SPEED    39   HIGHEST GUST DIRECTION     W (290)
  AVERAGE WIND SPEED    15.0


SKY COVER
  AVERAGE SKY COVER 0.2



RELATIVE HUMIDITY (PERCENT)
 HIGHEST    69           200 AM
 LOWEST     34           100 PM
 AVERAGE    52

..........................................................


THE QUINCY IL CLIMATE NORMALS FOR TODAY
                         NORMAL    RECORD    YEAR
 MAXIMUM TEMPERATURE (F)   40        69      1951
 MINIMUM TEMPERATURE (F)   25         0      1977
                                             1976


SUNRISE AND SUNSET
DECEMBER  6 2017......SUNRISE   712 AM CST   SUNSET   440 PM CST
DECEMBER  7 2017......SUNRISE   713 AM CST   SUNSET   440 PM CST


-  INDICATES NEGATIVE NUMBERS.
R  INDICATES RECORD WAS SET OR TIED.
MM INDICATES DATA IS MISSING.
T  INDICATES TRACE AMOUNT.




$$
