000
CDUS43 KLSX 290726
CLIUIN


CLIMATE REPORT
NATIONAL WEATHER SERVICE ST LOUIS MO
226 AM CDT MON SEP 29 2014


...................................

...THE QUINCY IL CLIMATE SUMMARY FOR SEPTEMBER 28 2014...

CLIMATE NORMAL PERIOD 1981 TO 2010
CLIMATE RECORD PERIOD 1901 TO 2014


WEATHER ITEM   OBSERVED TIME   RECORD YEAR NORMAL DEPARTURE LAST
                VALUE   (LST)  VALUE       VALUE  FROM      YEAR
                                                  NORMAL
..................................................................
TEMPERATURE (F)
 YESTERDAY
  MAXIMUM         85    252 PM 100    1953  72     13       79
  MINIMUM         58    347 AM  26    1942  50      8       55
  AVERAGE         72                        61     11

PRECIPITATION (IN)
  YESTERDAY        0.00          2.00 1911   0.10  -0.10     0.45
  MONTH TO DATE    6.27                      3.09   3.18     1.80
  SINCE SEP 1      6.27                      3.09   3.18     1.80
  SINCE JAN 1     31.89                     28.84   3.05    29.90

DEGREE DAYS
 HEATING
  YESTERDAY        0                         6     -6
  MONTH TO DATE   87                        71     16
  SINCE SEP 1     87                        71     16
  SINCE JUL 1     92                        76     16

 COOLING
  YESTERDAY        7                         2      5
  MONTH TO DATE   80                       119    -39
  SINCE SEP 1     80                       119    -39
  SINCE JAN 1   1009                      1072    -63
..................................................................


WIND (MPH)
  HIGHEST WIND SPEED     9   HIGHEST WIND DIRECTION    NE (50)
  HIGHEST GUST SPEED    11   HIGHEST GUST DIRECTION    NE (40)
  AVERAGE WIND SPEED     1.9


SKY COVER
  AVERAGE SKY COVER 0.1



RELATIVE HUMIDITY (PERCENT)
 HIGHEST    90          1200 AM
 LOWEST     34           200 PM
 AVERAGE    62

..........................................................


THE QUINCY IL CLIMATE NORMALS FOR TODAY
                         NORMAL    RECORD    YEAR
 MAXIMUM TEMPERATURE (F)   72       100      1953
 MINIMUM TEMPERATURE (F)   50        32      1984
                                             1908


SUNRISE AND SUNSET
SEPTEMBER 29 2014.....SUNRISE   659 AM CDT   SUNSET   650 PM CDT
SEPTEMBER 30 2014.....SUNRISE   700 AM CDT   SUNSET   649 PM CDT


-  INDICATES NEGATIVE NUMBERS.
R  INDICATES RECORD WAS SET OR TIED.
MM INDICATES DATA IS MISSING.
T  INDICATES TRACE AMOUNT.




$$
