000
CDUS43 KLSX 172131
CLIUIN


CLIMATE REPORT
NATIONAL WEATHER SERVICE ST LOUIS MO
431 PM CDT MON JUL 17 2017


...................................

...THE QUINCY IL CLIMATE SUMMARY FOR JULY 17 2017...
VALID TODAY AS OF 0400 PM LOCAL TIME.

CLIMATE NORMAL PERIOD 1981 TO 2010
CLIMATE RECORD PERIOD 1901 TO 2017


WEATHER ITEM   OBSERVED TIME   RECORD YEAR NORMAL DEPARTURE LAST
                VALUE   (LST)  VALUE       VALUE  FROM      YEAR
                                                  NORMAL
..................................................................
TEMPERATURE (F)
 TODAY
  MAXIMUM         87    223 PM 104    1936  86      1       91
  MINIMUM         68    631 AM  54    1941  67      1       71
                                      1911
  AVERAGE         78                        76      2       81

PRECIPITATION (IN)
  TODAY            0.00          1.88 1972   0.13  -0.13     0.08
  MONTH TO DATE    0.56                      2.29  -1.73     3.21
  SINCE JUN 1      3.99                      6.28  -2.29     4.23
  SINCE JAN 1     20.77                     20.37   0.40    12.91

DEGREE DAYS
 HEATING
  TODAY            0                         0      0
  MONTH TO DATE    0                         0      0
  SINCE JUN 1      4                        16    -12
  SINCE JUL 1      0                         0      0

 COOLING
  TODAY           13                        11      2
  MONTH TO DATE  228                       187     41
  SINCE JUN 1    499                       414     85
  SINCE JAN 1    608                       500    108
..................................................................


WIND (MPH)
  HIGHEST WIND SPEED    13   HIGHEST WIND DIRECTION     E (100)
  HIGHEST GUST SPEED    17   HIGHEST GUST DIRECTION     E (100)
  AVERAGE WIND SPEED     6.8


SKY COVER
  AVERAGE SKY COVER 0.2



RELATIVE HUMIDITY (PERCENT)
 HIGHEST    97           300 AM
 LOWEST     55           200 PM
 AVERAGE    76

..........................................................


THE QUINCY IL CLIMATE NORMALS FOR TOMORROW
                         NORMAL    RECORD    YEAR
 MAXIMUM TEMPERATURE (F)   86       108      1934
 MINIMUM TEMPERATURE (F)   67        55      1911
                                             1910
                                             1906


SUNRISE AND SUNSET
JULY 17 2017..........SUNRISE   551 AM CDT   SUNSET   831 PM CDT
JULY 18 2017..........SUNRISE   551 AM CDT   SUNSET   830 PM CDT


-  INDICATES NEGATIVE NUMBERS.
R  INDICATES RECORD WAS SET OR TIED.
MM INDICATES DATA IS MISSING.
T  INDICATES TRACE AMOUNT.




$$
