000
CDUS43 KLSX 182227
CLIUIN


CLIMATE REPORT
NATIONAL WEATHER SERVICE ST LOUIS MO
526 PM CDT WED OCT 18 2017


...................................

...THE QUINCY IL CLIMATE SUMMARY FOR OCTOBER 18 2017...
VALID TODAY AS OF 0500 PM LOCAL TIME.

CLIMATE NORMAL PERIOD 1981 TO 2010
CLIMATE RECORD PERIOD 1901 TO 2017


WEATHER ITEM   OBSERVED TIME   RECORD YEAR NORMAL DEPARTURE LAST
                VALUE   (LST)  VALUE       VALUE  FROM      YEAR
                                                  NORMAL
..................................................................
TEMPERATURE (F)
 TODAY
  MAXIMUM         73    247 PM  87    1924  64      9       78
  MINIMUM         48    544 AM  24    1948  44      4       55
  AVERAGE         61                        54      7       67

PRECIPITATION (IN)
  TODAY            0.00          1.29 1905   0.10  -0.10     0.00
  MONTH TO DATE    3.83                      1.76   2.07     1.82
  SINCE SEP 1      4.50                      5.06  -0.56     4.91
  SINCE JAN 1     30.65                     30.81  -0.16    28.60

DEGREE DAYS
 HEATING
  TODAY            4                        11     -7
  MONTH TO DATE   61                       161   -100
  SINCE SEP 1     92                       243   -151
  SINCE JUL 1     92                       248   -156

 COOLING
  TODAY            0                         0      0
  MONTH TO DATE   47                        14     33
  SINCE SEP 1    227                       137     90
  SINCE JAN 1   1222                      1090    132
..................................................................


WIND (MPH)
  HIGHEST WIND SPEED    20   HIGHEST WIND DIRECTION     S (200)
  HIGHEST GUST SPEED    25   HIGHEST GUST DIRECTION     S (170)
  AVERAGE WIND SPEED    11.0


SKY COVER
  AVERAGE SKY COVER 0.0



RELATIVE HUMIDITY (PERCENT)
 HIGHEST    77           500 AM
 LOWEST     27           200 PM
 AVERAGE    52

..........................................................


THE QUINCY IL CLIMATE NORMALS FOR TOMORROW
                         NORMAL    RECORD    YEAR
 MAXIMUM TEMPERATURE (F)   64        87      1924
 MINIMUM TEMPERATURE (F)   44        20      1972


SUNRISE AND SUNSET
OCTOBER 18 2017.......SUNRISE   719 AM CDT   SUNSET   620 PM CDT
OCTOBER 19 2017.......SUNRISE   720 AM CDT   SUNSET   619 PM CDT


-  INDICATES NEGATIVE NUMBERS.
R  INDICATES RECORD WAS SET OR TIED.
MM INDICATES DATA IS MISSING.
T  INDICATES TRACE AMOUNT.




$$
