000
CDUS43 KLSX 112229
CLIUIN


CLIMATE REPORT
NATIONAL WEATHER SERVICE ST LOUIS MO
427 PM CST SUN FEB 11 2018


...................................

...THE QUINCY IL CLIMATE SUMMARY FOR FEBRUARY 11 2018...
VALID TODAY AS OF 0400 PM LOCAL TIME.

CLIMATE NORMAL PERIOD 1981 TO 2010
CLIMATE RECORD PERIOD 1901 TO 2018


WEATHER ITEM   OBSERVED TIME   RECORD YEAR NORMAL DEPARTURE LAST
                VALUE   (LST)  VALUE       VALUE  FROM      YEAR
                                                  NORMAL
..................................................................
TEMPERATURE (F)
 TODAY
  MAXIMUM         24    315 PM  70    1999  38    -14       64
  MINIMUM         14    902 AM -12    1981  21     -7       45
  AVERAGE         19                        30    -11       55

PRECIPITATION (IN)
  TODAY            T             1.38 1998   0.07  -0.07      T
  MONTH TO DATE    0.08                      0.64  -0.56     0.09
  SINCE DEC 1      1.54                      4.41  -2.87     2.30
  SINCE JAN 1      1.37                      2.16  -0.79     1.27

DEGREE DAYS
 HEATING
  TODAY           46                        35     11
  MONTH TO DATE  483                       402     81
  SINCE DEC 1   2780                      2688     92
  SINCE JUL 1   3727                      3788    -61

 COOLING
  TODAY            0                         0      0
  MONTH TO DATE    0                         0      0
  SINCE DEC 1      0                         0      0
  SINCE JAN 1      0                         0      0
..................................................................


WIND (MPH)
  HIGHEST WIND SPEED    17   HIGHEST WIND DIRECTION     N (340)
  HIGHEST GUST SPEED    21   HIGHEST GUST DIRECTION    NW (330)
  AVERAGE WIND SPEED    11.3


SKY COVER
  AVERAGE SKY COVER 0.7



RELATIVE HUMIDITY (PERCENT)
 HIGHEST    88           100 AM
 LOWEST     68           300 PM
 AVERAGE    78

..........................................................


THE QUINCY IL CLIMATE NORMALS FOR TOMORROW
                         NORMAL    RECORD    YEAR
 MAXIMUM TEMPERATURE (F)   38        69      1990
 MINIMUM TEMPERATURE (F)   22       -12      1988
                                             1944


SUNRISE AND SUNSET
FEBRUARY 11 2018......SUNRISE   702 AM CST   SUNSET   536 PM CST
FEBRUARY 12 2018......SUNRISE   701 AM CST   SUNSET   537 PM CST


-  INDICATES NEGATIVE NUMBERS.
R  INDICATES RECORD WAS SET OR TIED.
MM INDICATES DATA IS MISSING.
T  INDICATES TRACE AMOUNT.




$$
