000
CDUS43 KLSX 222239
CLIUIN


CLIMATE REPORT
NATIONAL WEATHER SERVICE ST LOUIS MO
439 PM CST THU JAN 22 2015


...................................

...THE QUINCY IL CLIMATE SUMMARY FOR JANUARY 22 2015...
VALID TODAY AS OF 0400 PM LOCAL TIME.

CLIMATE NORMAL PERIOD 1981 TO 2010
CLIMATE RECORD PERIOD 1901 TO 2015


WEATHER ITEM   OBSERVED TIME   RECORD YEAR NORMAL DEPARTURE LAST
                VALUE   (LST)  VALUE       VALUE  FROM      YEAR
                                                  NORMAL
..................................................................
TEMPERATURE (F)
 TODAY
  MAXIMUM         33    345 PM  70    1967  34     -1       25
  MINIMUM         26   1232 AM -14    1930  18      8        1
  AVERAGE         30                        26      4       13

PRECIPITATION (IN)
  TODAY            0.00          1.00 1965   0.05  -0.05      T
  MONTH TO DATE    0.55                      1.10  -0.55     0.64
  SINCE DEC 1      1.86                      3.35  -1.49     1.72
  SINCE JAN 1      0.55                      1.10  -0.55     0.64

DEGREE DAYS
 HEATING
  TODAY           35                        39     -4
  MONTH TO DATE  876                       854     22
  SINCE DEC 1   1839                      1945   -106
  SINCE JUL 1   3116                      3045     71

 COOLING
  TODAY            0                         0      0
  MONTH TO DATE    0                         0      0
  SINCE DEC 1      0                         0      0
  SINCE JAN 1      0                         0      0
..................................................................


WIND (MPH)
  HIGHEST WIND SPEED    13   HIGHEST WIND DIRECTION     N (340)
  HIGHEST GUST SPEED    16   HIGHEST GUST DIRECTION     N (340)
  AVERAGE WIND SPEED     5.8


SKY COVER
  AVERAGE SKY COVER 0.9



RELATIVE HUMIDITY (PERCENT)
 HIGHEST    85          1200 AM
 LOWEST     69          1100 AM
 AVERAGE    77

..........................................................


THE QUINCY IL CLIMATE NORMALS FOR TOMORROW
                         NORMAL    RECORD    YEAR
 MAXIMUM TEMPERATURE (F)   35        72      1909
 MINIMUM TEMPERATURE (F)   18       -16      1936


SUNRISE AND SUNSET
JANUARY 22 2015.......SUNRISE   721 AM CST   SUNSET   512 PM CST
JANUARY 23 2015.......SUNRISE   721 AM CST   SUNSET   513 PM CST


-  INDICATES NEGATIVE NUMBERS.
R  INDICATES RECORD WAS SET OR TIED.
MM INDICATES DATA IS MISSING.
T  INDICATES TRACE AMOUNT.




$$
