000
CDUS43 KLSX 280745
CLIUIN


CLIMATE REPORT
NATIONAL WEATHER SERVICE ST LOUIS MO
245 AM CDT THU MAY 28 2015


...................................

...THE QUINCY IL CLIMATE SUMMARY FOR MAY 27 2015...

CLIMATE NORMAL PERIOD 1981 TO 2010
CLIMATE RECORD PERIOD 1901 TO 2015


WEATHER ITEM   OBSERVED TIME   RECORD YEAR NORMAL DEPARTURE LAST
                VALUE   (LST)  VALUE       VALUE  FROM      YEAR
                                                  NORMAL
..................................................................
TEMPERATURE (F)
 YESTERDAY
  MAXIMUM         79    449 PM  94    1911  76      3       84
  MINIMUM         63    504 AM  34    1907  56      7       65
  AVERAGE         71                        66      5

PRECIPITATION (IN)
  YESTERDAY        0.00          2.75 1973   0.16  -0.16     0.01
  MONTH TO DATE    3.51                      3.92  -0.41     1.93
  SINCE MAR 1      6.16                     10.07  -3.91     6.06
  SINCE JAN 1      8.20                     13.47  -5.27     8.18

DEGREE DAYS
 HEATING
  YESTERDAY        0                         2     -2
  MONTH TO DATE   84                       128    -44
  SINCE MAR 1   1072                      1216   -144
  SINCE JUL 1   5738                      5558    180

 COOLING
  YESTERDAY        6                         3      3
  MONTH TO DATE   94                        51     43
  SINCE MAR 1    100                        69     31
  SINCE JAN 1    100                        69     31
..................................................................


WIND (MPH)
  HIGHEST WIND SPEED    18   HIGHEST WIND DIRECTION    NW (300)
  HIGHEST GUST SPEED    22   HIGHEST GUST DIRECTION    NW (300)
  AVERAGE WIND SPEED     7.2


SKY COVER
  AVERAGE SKY COVER 0.2



RELATIVE HUMIDITY (PERCENT)
 HIGHEST    93          1200 AM
 LOWEST     42           500 PM
 AVERAGE    68

..........................................................


THE QUINCY IL CLIMATE NORMALS FOR TODAY
                         NORMAL    RECORD    YEAR
 MAXIMUM TEMPERATURE (F)   76        94      1914
 MINIMUM TEMPERATURE (F)   57        38      1992
                                             1907


SUNRISE AND SUNSET
MAY 28 2015...........SUNRISE   540 AM CDT   SUNSET   824 PM CDT
MAY 29 2015...........SUNRISE   540 AM CDT   SUNSET   825 PM CDT


-  INDICATES NEGATIVE NUMBERS.
R  INDICATES RECORD WAS SET OR TIED.
MM INDICATES DATA IS MISSING.
T  INDICATES TRACE AMOUNT.




$$
