645
CDUS43 KLSX 222130
CLIUIN


CLIMATE REPORT
NATIONAL WEATHER SERVICE ST LOUIS MO
430 PM CDT THU SEP 22 2016


...................................

...THE QUINCY IL CLIMATE SUMMARY FOR SEPTEMBER 22 2016...
VALID TODAY AS OF 0400 PM LOCAL TIME.

CLIMATE NORMAL PERIOD 1981 TO 2010
CLIMATE RECORD PERIOD 1901 TO 2016


WEATHER ITEM   OBSERVED TIME   RECORD YEAR NORMAL DEPARTURE LAST
                VALUE   (LST)  VALUE       VALUE  FROM      YEAR
                                                  NORMAL
..................................................................
TEMPERATURE (F)
 TODAY
  MAXIMUM         88    259 PM  96    1937  75     13       83
  MINIMUM         65    622 AM  34    1995  53     12       58
  AVERAGE         77                        64     13       71

PRECIPITATION (IN)
  TODAY            0.00          2.65 1970   0.11  -0.11     0.00
  MONTH TO DATE    3.09                      2.41   0.68     1.21
  SINCE SEP 1      3.09                      2.41   0.68     1.21
  SINCE JAN 1     26.78                     28.16  -1.38    29.97

DEGREE DAYS
 HEATING
  TODAY            0                         4     -4
  MONTH TO DATE    0                        40    -40
  SINCE SEP 1      0                        40    -40
  SINCE JUL 1      6                        45    -39

 COOLING
  TODAY           12                         3      9
  MONTH TO DATE  185                       107     78
  SINCE SEP 1    185                       107     78
  SINCE JAN 1   1361                      1060    301
..................................................................


WIND (MPH)
  HIGHEST WIND SPEED    15   HIGHEST WIND DIRECTION    SW (210)
  HIGHEST GUST SPEED    20   HIGHEST GUST DIRECTION    SW (210)
  AVERAGE WIND SPEED     7.7


SKY COVER
  AVERAGE SKY COVER 0.0



RELATIVE HUMIDITY (PERCENT)
 HIGHEST    87           400 AM
 LOWEST     46           200 PM
 AVERAGE    67

..........................................................


THE QUINCY IL CLIMATE NORMALS FOR TOMORROW
                         NORMAL    RECORD    YEAR
 MAXIMUM TEMPERATURE (F)   74        95      1937
 MINIMUM TEMPERATURE (F)   52        33      1995


SUNRISE AND SUNSET
SEPTEMBER 22 2016.....SUNRISE   653 AM CDT   SUNSET   701 PM CDT
SEPTEMBER 23 2016.....SUNRISE   654 AM CDT   SUNSET   659 PM CDT


-  INDICATES NEGATIVE NUMBERS.
R  INDICATES RECORD WAS SET OR TIED.
MM INDICATES DATA IS MISSING.
T  INDICATES TRACE AMOUNT.




$$
