359
CDUS43 KLSX 172231
CLIUIN


CLIMATE REPORT
NATIONAL WEATHER SERVICE ST LOUIS MO
530 PM CDT SUN SEP 17 2017


...................................

...THE QUINCY IL CLIMATE SUMMARY FOR SEPTEMBER 17 2017...
VALID TODAY AS OF 0500 PM LOCAL TIME.

CLIMATE NORMAL PERIOD 1981 TO 2010
CLIMATE RECORD PERIOD 1901 TO 2017


WEATHER ITEM   OBSERVED TIME   RECORD YEAR NORMAL DEPARTURE LAST
                VALUE   (LST)  VALUE       VALUE  FROM      YEAR
                                                  NORMAL
..................................................................
TEMPERATURE (F)
 TODAY
  MAXIMUM         76    213 PM  99    1927  77     -1       82
  MINIMUM         68    734 AM  39    1903  55     13       64
  AVERAGE         72                        66      6       73

PRECIPITATION (IN)
  TODAY            T             2.32 1944   0.11  -0.11     0.00
  MONTH TO DATE    T                         1.86  -1.86     3.09
  SINCE SEP 1      T                         1.86  -1.86     3.09
  SINCE JAN 1     26.15                     27.61  -1.46    26.78

DEGREE DAYS
 HEATING
  TODAY            0                         3     -3
  MONTH TO DATE   19                        23     -4
  SINCE SEP 1     19                        23     -4
  SINCE JUL 1     19                        28     -9

 COOLING
  TODAY            7                         4      3
  MONTH TO DATE   66                        92    -26
  SINCE SEP 1     66                        92    -26
  SINCE JAN 1   1061                      1045     16
..................................................................


WIND (MPH)
  HIGHEST WIND SPEED    15   HIGHEST WIND DIRECTION     N (340)
  HIGHEST GUST SPEED    21   HIGHEST GUST DIRECTION     N (360)
  AVERAGE WIND SPEED     7.7


SKY COVER
  AVERAGE SKY COVER 0.3



RELATIVE HUMIDITY (PERCENT)
 HIGHEST    84           500 AM
 LOWEST     68           400 PM
 AVERAGE    76

..........................................................


THE QUINCY IL CLIMATE NORMALS FOR TOMORROW
                         NORMAL    RECORD    YEAR
 MAXIMUM TEMPERATURE (F)   76        98      1925
 MINIMUM TEMPERATURE (F)   55        33      1901


SUNRISE AND SUNSET
SEPTEMBER 17 2017.....SUNRISE   648 AM CDT   SUNSET   710 PM CDT
SEPTEMBER 18 2017.....SUNRISE   649 AM CDT   SUNSET   708 PM CDT


-  INDICATES NEGATIVE NUMBERS.
R  INDICATES RECORD WAS SET OR TIED.
MM INDICATES DATA IS MISSING.
T  INDICATES TRACE AMOUNT.




$$
