525
CDUS43 KLSX 172157
CLIUIN


CLIMATE REPORT
NATIONAL WEATHER SERVICE ST LOUIS MO
455 PM CDT SUN MAY 17 2015


...................................

...THE QUINCY IL CLIMATE SUMMARY FOR MAY 17 2015...
VALID TODAY AS OF 0400 PM LOCAL TIME.

CLIMATE NORMAL PERIOD 1981 TO 2010
CLIMATE RECORD PERIOD 1901 TO 2015


WEATHER ITEM   OBSERVED TIME   RECORD YEAR NORMAL DEPARTURE LAST
                VALUE   (LST)  VALUE       VALUE  FROM      YEAR
                                                  NORMAL
..................................................................
TEMPERATURE (F)
 TODAY
  MAXIMUM         81    228 PM  92    1911  73      8       63
  MINIMUM         63    618 AM  35    2014  53     10       35
  AVERAGE         72                        63      9       49

PRECIPITATION (IN)
  TODAY            0.05          2.75 1986   0.15  -0.10     0.00
  MONTH TO DATE    2.03                      2.38  -0.35     1.83
  SINCE MAR 1      4.68                      8.53  -3.85     5.96
  SINCE JAN 1      6.72                     11.93  -5.21     8.08

DEGREE DAYS
 HEATING
  TODAY            0                         4     -4
  MONTH TO DATE   34                        96    -62
  SINCE MAR 1   1022                      1184   -162
  SINCE JUL 1   5688                      5526    162

 COOLING
  TODAY            7                         2      5
  MONTH TO DATE   66                        24     42
  SINCE MAR 1     72                        42     30
  SINCE JAN 1     72                        42     30
..................................................................


WIND (MPH)
  HIGHEST WIND SPEED    24   HIGHEST WIND DIRECTION    SW (210)
  HIGHEST GUST SPEED    33   HIGHEST GUST DIRECTION     S (190)
  AVERAGE WIND SPEED    15.0


SKY COVER
  AVERAGE SKY COVER 0.4



RELATIVE HUMIDITY (PERCENT)
 HIGHEST    93           500 AM
 LOWEST     54           300 PM
 AVERAGE    74

..........................................................


THE QUINCY IL CLIMATE NORMALS FOR TOMORROW
                         NORMAL    RECORD    YEAR
 MAXIMUM TEMPERATURE (F)   73        93      1902
 MINIMUM TEMPERATURE (F)   54        35      2002


SUNRISE AND SUNSET
MAY 17 2015...........SUNRISE   548 AM CDT   SUNSET   815 PM CDT
MAY 18 2015...........SUNRISE   547 AM CDT   SUNSET   816 PM CDT


-  INDICATES NEGATIVE NUMBERS.
R  INDICATES RECORD WAS SET OR TIED.
MM INDICATES DATA IS MISSING.
T  INDICATES TRACE AMOUNT.




$$
