000
CDUS43 KLSX 090745
CLIUIN


CLIMATE REPORT
NATIONAL WEATHER SERVICE ST LOUIS MO
145 AM CST TUE FEB 9 2016


...................................

...THE QUINCY IL CLIMATE SUMMARY FOR FEBRUARY 8 2016...

CLIMATE NORMAL PERIOD 1981 TO 2010
CLIMATE RECORD PERIOD 1901 TO 2016


WEATHER ITEM   OBSERVED TIME   RECORD YEAR NORMAL DEPARTURE LAST
                VALUE   (LST)  VALUE       VALUE  FROM      YEAR
                                                  NORMAL
..................................................................
TEMPERATURE (F)
 YESTERDAY
  MAXIMUM         35    147 AM  69    1990  37     -2       49
  MINIMUM         17   1147 PM -12    1933  21     -4       33
  AVERAGE         26                        29     -3

PRECIPITATION (IN)
  YESTERDAY        0.02          1.09 1969   0.07  -0.05      T
  MONTH TO DATE    0.12                      0.44  -0.32     0.50
  SINCE DEC 1      6.34                      4.21   2.13     2.94
  SINCE JAN 1      0.52                      1.96  -1.44     1.63

DEGREE DAYS
 HEATING
  YESTERDAY       39                        36      3
  MONTH TO DATE  235                       295    -60
  SINCE DEC 1   2144                      2581   -437
  SINCE JUL 1   2962                      3681   -719

 COOLING
  YESTERDAY        0                         0      0
  MONTH TO DATE    0                         0      0
  SINCE DEC 1      0                         0      0
  SINCE JAN 1      0                         0      0
..................................................................


WIND (MPH)
  HIGHEST WIND SPEED    31   HIGHEST WIND DIRECTION    NW (310)
  HIGHEST GUST SPEED    41   HIGHEST GUST DIRECTION    NW (310)
  AVERAGE WIND SPEED    20.3


SKY COVER
  AVERAGE SKY COVER 1.0



RELATIVE HUMIDITY (PERCENT)
 HIGHEST    92           400 AM
 LOWEST     67           600 PM
 AVERAGE    80

..........................................................


THE QUINCY IL CLIMATE NORMALS FOR TODAY
                         NORMAL    RECORD    YEAR
 MAXIMUM TEMPERATURE (F)   37        67      1943
 MINIMUM TEMPERATURE (F)   21       -16      1979


SUNRISE AND SUNSET
FEBRUARY  9 2016......SUNRISE   705 AM CST   SUNSET   533 PM CST
FEBRUARY 10 2016......SUNRISE   704 AM CST   SUNSET   534 PM CST


-  INDICATES NEGATIVE NUMBERS.
R  INDICATES RECORD WAS SET OR TIED.
MM INDICATES DATA IS MISSING.
T  INDICATES TRACE AMOUNT.




$$
