647
CDUS43 KLSX 232233
CLIUIN


CLIMATE REPORT
NATIONAL WEATHER SERVICE ST LOUIS MO
530 PM CDT SAT JUL 23 2016


...................................

...THE QUINCY IL CLIMATE SUMMARY FOR JULY 23 2016...
VALID TODAY AS OF 0500 PM LOCAL TIME.

CLIMATE NORMAL PERIOD 1981 TO 2010
CLIMATE RECORD PERIOD 1901 TO 2016


WEATHER ITEM   OBSERVED TIME   RECORD YEAR NORMAL DEPARTURE LAST
                VALUE   (LST)  VALUE       VALUE  FROM      YEAR
                                                  NORMAL
..................................................................
TEMPERATURE (F)
 TODAY
  MAXIMUM         93    359 PM 112    1934  86      7       84
  MINIMUM         74    530 AM  53    1947  66      8       65
                                      1904
  AVERAGE         84                        76      8       75

PRECIPITATION (IN)
  TODAY            0.00          1.23 1981   0.13  -0.13     0.00
  MONTH TO DATE    5.25                      3.07   2.18     7.36
  SINCE JUN 1      6.27                      7.06  -0.79    15.89
  SINCE JAN 1     14.95                     21.15  -6.20    24.57

DEGREE DAYS
 HEATING
  TODAY            0                         0      0
  MONTH TO DATE    6                         0      6
  SINCE JUN 1      6                        16    -10
  SINCE JUL 1      6                         0      6

 COOLING
  TODAY           19                        11      8
  MONTH TO DATE  276                       253     23
  SINCE JUN 1    633                       480    153
  SINCE JAN 1    737                       566    171
..................................................................


WIND (MPH)
  HIGHEST WIND SPEED    13   HIGHEST WIND DIRECTION     S (160)
  HIGHEST GUST SPEED    16   HIGHEST GUST DIRECTION     S (180)
  AVERAGE WIND SPEED     5.8


SKY COVER
  AVERAGE SKY COVER 0.1



RELATIVE HUMIDITY (PERCENT)
 HIGHEST   100           400 AM
 LOWEST     60           200 PM
 AVERAGE    80

..........................................................


THE QUINCY IL CLIMATE NORMALS FOR TOMORROW
                         NORMAL    RECORD    YEAR
 MAXIMUM TEMPERATURE (F)   86       111      1934
 MINIMUM TEMPERATURE (F)   66        52      1904


SUNRISE AND SUNSET
JULY 23 2016..........SUNRISE   556 AM CDT   SUNSET   826 PM CDT
JULY 24 2016..........SUNRISE   557 AM CDT   SUNSET   826 PM CDT


-  INDICATES NEGATIVE NUMBERS.
R  INDICATES RECORD WAS SET OR TIED.
MM INDICATES DATA IS MISSING.
T  INDICATES TRACE AMOUNT.




$$
