000
CDUS43 KLSX 270730
CLIUIN


CLIMATE REPORT
NATIONAL WEATHER SERVICE ST LOUIS MO
130 AM CST FRI FEB 27 2015


...................................

...THE QUINCY IL CLIMATE SUMMARY FOR FEBRUARY 26 2015...

CLIMATE NORMAL PERIOD 1981 TO 2010
CLIMATE RECORD PERIOD 1901 TO 2015


WEATHER ITEM   OBSERVED TIME   RECORD YEAR NORMAL DEPARTURE LAST
                VALUE   (LST)  VALUE       VALUE  FROM      YEAR
                                                  NORMAL
..................................................................
TEMPERATURE (F)
 YESTERDAY
  MAXIMUM         20   1235 AM  73    1996  43    -23       24
  MINIMUM         -4   1159 PM -11    1963  26    -30        1
  AVERAGE          8                        35    -27

PRECIPITATION (IN)
  YESTERDAY       MM             2.69 1936   0.08  MM        0.00
  MONTH TO DATE    0.91                      1.72  -0.81     1.42
  SINCE DEC 1      3.35                      5.49  -2.14     3.20
  SINCE JAN 1      2.04                      3.24  -1.20     2.12

DEGREE DAYS
 HEATING
  YESTERDAY       57                        30     27
  MONTH TO DATE 1159                       896    263
  SINCE DEC 1   3275                      3182     93
  SINCE JUL 1   4552                      4282    270

 COOLING
  YESTERDAY        0                         0      0
  MONTH TO DATE    0                         0      0
  SINCE DEC 1      0                         0      0
  SINCE JAN 1      0                         0      0
..................................................................


WIND (MPH)
  HIGHEST WIND SPEED    23   HIGHEST WIND DIRECTION     N (20)
  HIGHEST GUST SPEED    27   HIGHEST GUST DIRECTION     N (20)
  AVERAGE WIND SPEED    15.7


SKY COVER
  AVERAGE SKY COVER 0.5



RELATIVE HUMIDITY (PERCENT)
 HIGHEST    92           100 AM
 LOWEST     58           300 PM
 AVERAGE    75

..........................................................


THE QUINCY IL CLIMATE NORMALS FOR TODAY
                         NORMAL    RECORD    YEAR
 MAXIMUM TEMPERATURE (F)   44        73      1976
 MINIMUM TEMPERATURE (F)   27        -8      1934


SUNRISE AND SUNSET
FEBRUARY 27 2015......SUNRISE   641 AM CST   SUNSET   554 PM CST
FEBRUARY 28 2015......SUNRISE   640 AM CST   SUNSET   555 PM CST


-  INDICATES NEGATIVE NUMBERS.
R  INDICATES RECORD WAS SET OR TIED.
MM INDICATES DATA IS MISSING.
T  INDICATES TRACE AMOUNT.




$$
