000
CDUS43 KLSX 190729
CLIUIN


CLIMATE REPORT
NATIONAL WEATHER SERVICE ST LOUIS MO
229 AM CDT SAT APR 19 2014


...................................

...THE QUINCY IL CLIMATE SUMMARY FOR APRIL 18 2014...

CLIMATE NORMAL PERIOD 1981 TO 2010
CLIMATE RECORD PERIOD 1901 TO 2014


WEATHER ITEM   OBSERVED TIME   RECORD YEAR NORMAL DEPARTURE LAST
                VALUE   (LST)  VALUE       VALUE  FROM      YEAR
                                                  NORMAL
..................................................................
TEMPERATURE (F)
 YESTERDAY
  MAXIMUM         67    526 PM  88    1948  64      3       63
                                      1925
  MINIMUM         36    609 AM  24    1983  44     -8       38
  AVERAGE         52                        54     -2

PRECIPITATION (IN)
  YESTERDAY        0.00          2.73 1970   0.13  -0.13     2.69
  MONTH TO DATE    1.92                      2.11  -0.19     5.69
  SINCE MAR 1      2.60                      4.57  -1.97     7.84
  SINCE JAN 1      4.72                      7.97  -3.25    13.31

DEGREE DAYS
 HEATING
  YESTERDAY       13                        12      1
  MONTH TO DATE  275                       256     19
  SINCE MAR 1   1153                       974    179
  SINCE JUL 1   6047                      5316    731

 COOLING
  YESTERDAY        0                         1     -1
  MONTH TO DATE    2                         5     -3
  SINCE MAR 1      2                         7     -5
  SINCE JAN 1      2                         7     -5
..................................................................


WIND (MPH)
  HIGHEST WIND SPEED     9   HIGHEST WIND DIRECTION    SE (120)
  HIGHEST GUST SPEED    13   HIGHEST GUST DIRECTION    NE (40)
  AVERAGE WIND SPEED     5.0


SKY COVER
  AVERAGE SKY COVER 0.0



RELATIVE HUMIDITY (PERCENT)
 HIGHEST    89           600 AM
 LOWEST     29           400 PM
 AVERAGE    59

..........................................................


THE QUINCY IL CLIMATE NORMALS FOR TODAY
                         NORMAL    RECORD    YEAR
 MAXIMUM TEMPERATURE (F)   65        85      1925
 MINIMUM TEMPERATURE (F)   44        26      1983


SUNRISE AND SUNSET
APRIL 19 2014.........SUNRISE   621 AM CDT   SUNSET   747 PM CDT
APRIL 20 2014.........SUNRISE   620 AM CDT   SUNSET   748 PM CDT


-  INDICATES NEGATIVE NUMBERS.
R  INDICATES RECORD WAS SET OR TIED.
MM INDICATES DATA IS MISSING.
T  INDICATES TRACE AMOUNT.




$$
