000
CDUS43 KLSX 150741
CLIUIN


CLIMATE REPORT
NATIONAL WEATHER SERVICE ST LOUIS MO
240 AM CDT FRI SEP 15 2017


...................................

...THE QUINCY IL CLIMATE SUMMARY FOR SEPTEMBER 14 2017...

CLIMATE NORMAL PERIOD 1981 TO 2010
CLIMATE RECORD PERIOD 1901 TO 2017


WEATHER ITEM   OBSERVED TIME   RECORD YEAR NORMAL DEPARTURE LAST
                VALUE   (LST)  VALUE       VALUE  FROM      YEAR
                                                  NORMAL
..................................................................
TEMPERATURE (F)
 YESTERDAY
  MAXIMUM         86    403 PM  99    1939  78      8       79
  MINIMUM         58    625 AM  38    1996  56      2       65
  AVERAGE         72                        67      5

PRECIPITATION (IN)
  YESTERDAY        0.00          2.33 1909   0.11  -0.11     0.03
  MONTH TO DATE    0.00                      1.54  -1.54     3.00
  SINCE SEP 1      0.00                      1.54  -1.54     3.00
  SINCE JAN 1     26.15                     27.29  -1.14    26.69

DEGREE DAYS
 HEATING
  YESTERDAY        0                         2     -2
  MONTH TO DATE   19                        16      3
  SINCE SEP 1     19                        16      3
  SINCE JUL 1     19                        21     -2

 COOLING
  YESTERDAY        7                         4      3
  MONTH TO DATE   36                        80    -44
  SINCE SEP 1     36                        80    -44
  SINCE JAN 1   1031                      1033     -2
..................................................................


WIND (MPH)
  HIGHEST WIND SPEED    13   HIGHEST WIND DIRECTION     S (190)
  HIGHEST GUST SPEED    24   HIGHEST GUST DIRECTION     S (180)
  AVERAGE WIND SPEED     6.1


SKY COVER
  AVERAGE SKY COVER 0.0



RELATIVE HUMIDITY (PERCENT)
 HIGHEST   100           400 AM
 LOWEST     37           200 PM
 AVERAGE    69

..........................................................


THE QUINCY IL CLIMATE NORMALS FOR TODAY
                         NORMAL    RECORD    YEAR
 MAXIMUM TEMPERATURE (F)   78       100      1939
                                             1927
 MINIMUM TEMPERATURE (F)   56        37      2007


SUNRISE AND SUNSET
SEPTEMBER 15 2017.....SUNRISE   646 AM CDT   SUNSET   713 PM CDT
SEPTEMBER 16 2017.....SUNRISE   647 AM CDT   SUNSET   711 PM CDT


-  INDICATES NEGATIVE NUMBERS.
R  INDICATES RECORD WAS SET OR TIED.
MM INDICATES DATA IS MISSING.
T  INDICATES TRACE AMOUNT.




$$
