000
CDUS43 KLSX 170733
CLIUIN


CLIMATE REPORT
NATIONAL WEATHER SERVICE ST LOUIS MO
231 AM CDT MON JUL 17 2017


...................................

...THE QUINCY IL CLIMATE SUMMARY FOR JULY 16 2017...

CLIMATE NORMAL PERIOD 1981 TO 2010
CLIMATE RECORD PERIOD 1901 TO 2017


WEATHER ITEM   OBSERVED TIME   RECORD YEAR NORMAL DEPARTURE LAST
                VALUE   (LST)  VALUE       VALUE  FROM      YEAR
                                                  NORMAL
..................................................................
TEMPERATURE (F)
 YESTERDAY
  MAXIMUM         92    135 PM 111    1936  86      6       83
  MINIMUM         69    548 AM  52    2014  67      2       62
  AVERAGE         81                        76      5

PRECIPITATION (IN)
  YESTERDAY        0.00          1.66 1950   0.14  -0.14     0.00
  MONTH TO DATE    0.56                      2.16  -1.60     3.13
  SINCE JUN 1      3.99                      6.15  -2.16     4.15
  SINCE JAN 1     20.77                     20.24   0.53    12.83

DEGREE DAYS
 HEATING
  YESTERDAY        0                         0      0
  MONTH TO DATE    0                         0      0
  SINCE JUN 1      4                        16    -12
  SINCE JUL 1      0                         0      0

 COOLING
  YESTERDAY       16                        11      5
  MONTH TO DATE  215                       176     39
  SINCE JUN 1    486                       403     83
  SINCE JAN 1    595                       489    106
..................................................................


WIND (MPH)
  HIGHEST WIND SPEED    17   HIGHEST WIND DIRECTION     W (280)
  HIGHEST GUST SPEED    23   HIGHEST GUST DIRECTION     W (290)
  AVERAGE WIND SPEED     8.3


SKY COVER
  AVERAGE SKY COVER 0.2



RELATIVE HUMIDITY (PERCENT)
 HIGHEST    93           900 PM
 LOWEST     52          1200 PM
 AVERAGE    73

..........................................................


THE QUINCY IL CLIMATE NORMALS FOR TODAY
                         NORMAL    RECORD    YEAR
 MAXIMUM TEMPERATURE (F)   86       104      1936
 MINIMUM TEMPERATURE (F)   67        54      1941
                                             1911


SUNRISE AND SUNSET
JULY 17 2017..........SUNRISE   551 AM CDT   SUNSET   831 PM CDT
JULY 18 2017..........SUNRISE   551 AM CDT   SUNSET   830 PM CDT


-  INDICATES NEGATIVE NUMBERS.
R  INDICATES RECORD WAS SET OR TIED.
MM INDICATES DATA IS MISSING.
T  INDICATES TRACE AMOUNT.




$$
