000
CDUS43 KLSX 252230
CLIUIN


CLIMATE REPORT
NATIONAL WEATHER SERVICE ST LOUIS MO
530 PM CDT MON AUG 25 2014


...................................

...THE QUINCY IL CLIMATE SUMMARY FOR AUGUST 25 2014...
VALID TODAY AS OF 0500 PM LOCAL TIME.

CLIMATE NORMAL PERIOD 1981 TO 2010
CLIMATE RECORD PERIOD 1901 TO 2014


WEATHER ITEM   OBSERVED TIME   RECORD YEAR NORMAL DEPARTURE LAST
                VALUE   (LST)  VALUE       VALUE  FROM      YEAR
                                                  NORMAL
..................................................................
TEMPERATURE (F)
 TODAY
  MAXIMUM         93    342 PM 105    1936  84      9       92
  MINIMUM         75    548 AM  46    1958  63     12       69
  AVERAGE         84                        74     10       81

PRECIPITATION (IN)
  TODAY            0.00          5.60 2004   0.11  -0.11     0.00
  MONTH TO DATE    5.48                      2.93   2.55     0.01
  SINCE JUN 1     16.52                     10.96   5.56     2.86
  SINCE JAN 1     24.93                     25.05  -0.12    28.10

DEGREE DAYS
 HEATING
  TODAY            0                         0      0
  MONTH TO DATE    0                         0      0
  SINCE JUN 1      9                        16     -7
  SINCE JUL 1      5                         0      5

 COOLING
  TODAY           19                         9     10
  MONTH TO DATE  238                       249    -11
  SINCE JUN 1    703                       819   -116
  SINCE JAN 1    846                       905    -59
..................................................................


WIND (MPH)
  HIGHEST WIND SPEED    14   HIGHEST WIND DIRECTION    SW (240)
  HIGHEST GUST SPEED    17   HIGHEST GUST DIRECTION    SW (240)
  AVERAGE WIND SPEED     6.8


SKY COVER
  AVERAGE SKY COVER 0.0



RELATIVE HUMIDITY (PERCENT)
 HIGHEST    94           500 AM
 LOWEST     49           200 PM
 AVERAGE    72

..........................................................


THE QUINCY IL CLIMATE NORMALS FOR TOMORROW
                         NORMAL    RECORD    YEAR
 MAXIMUM TEMPERATURE (F)   84       105      1936
 MINIMUM TEMPERATURE (F)   63        46      1910


SUNRISE AND SUNSET
AUGUST 25 2014........SUNRISE   626 AM CDT   SUNSET   747 PM CDT
AUGUST 26 2014........SUNRISE   627 AM CDT   SUNSET   745 PM CDT


-  INDICATES NEGATIVE NUMBERS.
R  INDICATES RECORD WAS SET OR TIED.
MM INDICATES DATA IS MISSING.
T  INDICATES TRACE AMOUNT.




$$
