000
CDUS43 KLSX 192137
CLIUIN


CLIMATE REPORT
NATIONAL WEATHER SERVICE ST LOUIS MO
436 PM CDT FRI MAY 19 2017


...................................

...THE QUINCY IL CLIMATE SUMMARY FOR MAY 19 2017...
VALID TODAY AS OF 0400 PM LOCAL TIME.

CLIMATE NORMAL PERIOD 1981 TO 2010
CLIMATE RECORD PERIOD 1901 TO 2017


WEATHER ITEM   OBSERVED TIME   RECORD YEAR NORMAL DEPARTURE LAST
                VALUE   (LST)  VALUE       VALUE  FROM      YEAR
                                                  NORMAL
..................................................................
TEMPERATURE (F)
 TODAY
  MAXIMUM         66   1222 AM  90    1975  74     -8       72
                                      1964
                                      1962
  MINIMUM         52    808 AM  41    2015  54     -2       44
                                      1929
  AVERAGE         59                        64     -5       58

PRECIPITATION (IN)
  TODAY            1.49          1.75 1931   0.15   1.34     0.00
  MONTH TO DATE    2.38                      2.68  -0.30     1.86
  SINCE MAR 1     12.37                      8.83   3.54     6.28
  SINCE JAN 1     14.42                     12.23   2.19     6.90

DEGREE DAYS
 HEATING
  TODAY            6                         4      2
  MONTH TO DATE   87                       104    -17
  SINCE MAR 1    957                      1192   -235
  SINCE JUL 1   4398                      5534  -1136

 COOLING
  TODAY            0                         2     -2
  MONTH TO DATE   61                        28     33
  SINCE MAR 1     93                        46     47
  SINCE JAN 1     93                        46     47
..................................................................


WIND (MPH)
  HIGHEST WIND SPEED    25   HIGHEST WIND DIRECTION    NE (30)
  HIGHEST GUST SPEED    33   HIGHEST GUST DIRECTION    NE (30)
  AVERAGE WIND SPEED    11.3


SKY COVER
  AVERAGE SKY COVER 0.8



RELATIVE HUMIDITY (PERCENT)
 HIGHEST    89          1000 AM
 LOWEST     73          1200 AM
 AVERAGE    81

..........................................................


THE QUINCY IL CLIMATE NORMALS FOR TOMORROW
                         NORMAL    RECORD    YEAR
 MAXIMUM TEMPERATURE (F)   74        94      1902
 MINIMUM TEMPERATURE (F)   54        38      2002
                                             1954


SUNRISE AND SUNSET
MAY 19 2017...........SUNRISE   546 AM CDT   SUNSET   817 PM CDT
MAY 20 2017...........SUNRISE   545 AM CDT   SUNSET   818 PM CDT


-  INDICATES NEGATIVE NUMBERS.
R  INDICATES RECORD WAS SET OR TIED.
MM INDICATES DATA IS MISSING.
T  INDICATES TRACE AMOUNT.




$$
