000
CDUS43 KLSX 062231
CLIUIN


CLIMATE REPORT
NATIONAL WEATHER SERVICE ST LOUIS MO
430 PM CST WED DEC 6 2017


...................................

...THE QUINCY IL CLIMATE SUMMARY FOR DECEMBER 6 2017...
VALID TODAY AS OF 0400 PM LOCAL TIME.

CLIMATE NORMAL PERIOD 1981 TO 2010
CLIMATE RECORD PERIOD 1901 TO 2017


WEATHER ITEM   OBSERVED TIME   RECORD YEAR NORMAL DEPARTURE LAST
                VALUE   (LST)  VALUE       VALUE  FROM      YEAR
                                                  NORMAL
..................................................................
TEMPERATURE (F)
 TODAY
  MAXIMUM         44    149 PM  69    1951  40      4       41
  MINIMUM         34    753 AM   0    1977  25      9       29
                                      1976
  AVERAGE         39                        33      6       35

PRECIPITATION (IN)
  TODAY            T             1.44 1998   0.08  -0.08     0.00
  MONTH TO DATE    0.10                      0.52  -0.42     0.33
  SINCE DEC 1      0.10                      0.52  -0.42     0.33
  SINCE JAN 1     32.70                     35.60  -2.90    30.18

DEGREE DAYS
 HEATING
  TODAY           26                        32     -6
  MONTH TO DATE  121                       188    -67
  SINCE DEC 1    121                       188    -67
  SINCE JUL 1   1068                      1288   -220

 COOLING
  TODAY            0                         0      0
  MONTH TO DATE    0                         0      0
  SINCE DEC 1      0                         0      0
  SINCE JAN 1   1229                      1094    135
..................................................................


WIND (MPH)
  HIGHEST WIND SPEED    21   HIGHEST WIND DIRECTION    NW (310)
  HIGHEST GUST SPEED    26   HIGHEST GUST DIRECTION    NW (300)
  AVERAGE WIND SPEED    12.8


SKY COVER
  AVERAGE SKY COVER 0.5



RELATIVE HUMIDITY (PERCENT)
 HIGHEST    70           900 AM
 LOWEST     47           200 AM
 AVERAGE    59

..........................................................


THE QUINCY IL CLIMATE NORMALS FOR TOMORROW
                         NORMAL    RECORD    YEAR
 MAXIMUM TEMPERATURE (F)   40        66      1946
 MINIMUM TEMPERATURE (F)   24        -8      1976


SUNRISE AND SUNSET
DECEMBER  6 2017......SUNRISE   712 AM CST   SUNSET   440 PM CST
DECEMBER  7 2017......SUNRISE   713 AM CST   SUNSET   440 PM CST


-  INDICATES NEGATIVE NUMBERS.
R  INDICATES RECORD WAS SET OR TIED.
MM INDICATES DATA IS MISSING.
T  INDICATES TRACE AMOUNT.




$$
