000
CDUS43 KLSX 262140
CLIUIN


CLIMATE REPORT
NATIONAL WEATHER SERVICE ST LOUIS MO
439 PM CDT THU MAR 26 2015


...................................

...THE QUINCY IL CLIMATE SUMMARY FOR MARCH 26 2015...
VALID TODAY AS OF 0400 PM LOCAL TIME.

CLIMATE NORMAL PERIOD 1981 TO 2010
CLIMATE RECORD PERIOD 1901 TO 2015


WEATHER ITEM   OBSERVED TIME   RECORD YEAR NORMAL DEPARTURE LAST
                VALUE   (LST)  VALUE       VALUE  FROM      YEAR
                                                  NORMAL
..................................................................
TEMPERATURE (F)
 TODAY
  MAXIMUM         49    238 PM  82    1991  56     -7       49
                                      1910
  MINIMUM         32    632 AM   4    1955  36     -4       18
  AVERAGE         41                        46     -5       34

PRECIPITATION (IN)
  TODAY            0.01          1.02 1906   0.08  -0.07     0.03
  MONTH TO DATE    0.95                      2.01  -1.06     0.24
  SINCE MAR 1      0.95                      2.01  -1.06     0.24
  SINCE JAN 1      2.99                      5.41  -2.42     2.36

DEGREE DAYS
 HEATING
  TODAY           24                        19      5
  MONTH TO DATE  612                       628    -16
  SINCE MAR 1    612                       628    -16
  SINCE JUL 1   5278                      4970    308

 COOLING
  TODAY            0                         0      0
  MONTH TO DATE    0                         0      0
  SINCE MAR 1      0                         0      0
  SINCE JAN 1      0                         0      0
..................................................................


WIND (MPH)
  HIGHEST WIND SPEED    23   HIGHEST WIND DIRECTION    NW (310)
  HIGHEST GUST SPEED    32   HIGHEST GUST DIRECTION    NW (300)
  AVERAGE WIND SPEED    14.3


SKY COVER
  AVERAGE SKY COVER 0.2



RELATIVE HUMIDITY (PERCENT)
 HIGHEST    85          1200 AM
 LOWEST     39           200 PM
 AVERAGE    62

..........................................................


THE QUINCY IL CLIMATE NORMALS FOR TOMORROW
                         NORMAL    RECORD    YEAR
 MAXIMUM TEMPERATURE (F)   56        86      1945
 MINIMUM TEMPERATURE (F)   36        16      1965


SUNRISE AND SUNSET
MARCH 26 2015.........SUNRISE   659 AM CDT   SUNSET   723 PM CDT
MARCH 27 2015.........SUNRISE   657 AM CDT   SUNSET   724 PM CDT


-  INDICATES NEGATIVE NUMBERS.
R  INDICATES RECORD WAS SET OR TIED.
MM INDICATES DATA IS MISSING.
T  INDICATES TRACE AMOUNT.




$$
