000
CDUS43 KLSX 170732
CLIUIN


CLIMATE REPORT
NATIONAL WEATHER SERVICE ST LOUIS MO
232 AM CDT THU APR 17 2014


...................................

...THE QUINCY IL CLIMATE SUMMARY FOR APRIL 16 2014...

CLIMATE NORMAL PERIOD 1981 TO 2010
CLIMATE RECORD PERIOD 1901 TO 2014


WEATHER ITEM   OBSERVED TIME   RECORD YEAR NORMAL DEPARTURE LAST
                VALUE   (LST)  VALUE       VALUE  FROM      YEAR
                                                  NORMAL
..................................................................
TEMPERATURE (F)
 YESTERDAY
  MAXIMUM         58    411 PM  87    2002  64     -6       50
                                      1963
  MINIMUM         35    123 AM  26    1905  43     -8       39
                                      1904
  AVERAGE         47                        54     -7

PRECIPITATION (IN)
  YESTERDAY        0.00          1.56 1921   0.13  -0.13     0.16
  MONTH TO DATE    1.92                      1.86   0.06     3.00
  SINCE MAR 1      2.60                      4.32  -1.72     5.15
  SINCE JAN 1      4.72                      7.72  -3.00    10.62

DEGREE DAYS
 HEATING
  YESTERDAY       18                        12      6
  MONTH TO DATE  244                       232     12
  SINCE MAR 1   1122                       950    172
  SINCE JUL 1   6016                      5292    724

 COOLING
  YESTERDAY        0                         1     -1
  MONTH TO DATE    2                         3     -1
  SINCE MAR 1      2                         5     -3
  SINCE JAN 1      2                         5     -3
..................................................................


WIND (MPH)
  HIGHEST WIND SPEED    28   HIGHEST WIND DIRECTION     S (160)
  HIGHEST GUST SPEED    36   HIGHEST GUST DIRECTION     S (180)
  AVERAGE WIND SPEED    16.1


SKY COVER
  AVERAGE SKY COVER 0.0



RELATIVE HUMIDITY (PERCENT)
 HIGHEST    54          1200 AM
 LOWEST     30           200 PM
 AVERAGE    42

..........................................................


THE QUINCY IL CLIMATE NORMALS FOR TODAY
                         NORMAL    RECORD    YEAR
 MAXIMUM TEMPERATURE (F)   64        87      1914
 MINIMUM TEMPERATURE (F)   44        22      1907


SUNRISE AND SUNSET
APRIL 17 2014.........SUNRISE   624 AM CDT   SUNSET   745 PM CDT
APRIL 18 2014.........SUNRISE   623 AM CDT   SUNSET   746 PM CDT


-  INDICATES NEGATIVE NUMBERS.
R  INDICATES RECORD WAS SET OR TIED.
MM INDICATES DATA IS MISSING.
T  INDICATES TRACE AMOUNT.




$$
