000
CDUS43 KLSX 280735
CLIUIN


CLIMATE REPORT
NATIONAL WEATHER SERVICE ST LOUIS MO
133 AM CST WED JAN 28 2015


...................................

...THE QUINCY IL CLIMATE SUMMARY FOR JANUARY 27 2015...

CLIMATE NORMAL PERIOD 1981 TO 2010
CLIMATE RECORD PERIOD 1901 TO 2015


WEATHER ITEM   OBSERVED TIME   RECORD YEAR NORMAL DEPARTURE LAST
                VALUE   (LST)  VALUE       VALUE  FROM      YEAR
                                                  NORMAL
..................................................................
TEMPERATURE (F)
 YESTERDAY
  MAXIMUM         42   1138 AM  65    1968  35      7       13
                                      1944
  MINIMUM         28   1115 PM -16    1936  19      9       -1
  AVERAGE         35                        27      8

PRECIPITATION (IN)
  YESTERDAY        0.00          1.23 1916   0.05  -0.05     0.00
  MONTH TO DATE    0.62                      1.33  -0.71     0.64
  SINCE DEC 1      1.93                      3.58  -1.65     1.72
  SINCE JAN 1      0.62                      1.33  -0.71     0.64

DEGREE DAYS
 HEATING
  YESTERDAY       30                        38     -8
  MONTH TO DATE 1027                      1046    -19
  SINCE DEC 1   1990                      2137   -147
  SINCE JUL 1   3267                      3237     30

 COOLING
  YESTERDAY        0                         0      0
  MONTH TO DATE    0                         0      0
  SINCE DEC 1      0                         0      0
  SINCE JAN 1      0                         0      0
..................................................................


WIND (MPH)
  HIGHEST WIND SPEED    15   HIGHEST WIND DIRECTION    SE (130)
  HIGHEST GUST SPEED    18   HIGHEST GUST DIRECTION    SE (130)
  AVERAGE WIND SPEED     8.9


SKY COVER
  AVERAGE SKY COVER 0.3



RELATIVE HUMIDITY (PERCENT)
 HIGHEST    92           600 AM
 LOWEST     65          1100 AM
 AVERAGE    79

..........................................................


THE QUINCY IL CLIMATE NORMALS FOR TODAY
                         NORMAL    RECORD    YEAR
 MAXIMUM TEMPERATURE (F)   35        66      2013
 MINIMUM TEMPERATURE (F)   19       -15      1915


SUNRISE AND SUNSET
JANUARY 28 2015.......SUNRISE   717 AM CST   SUNSET   519 PM CST
JANUARY 29 2015.......SUNRISE   716 AM CST   SUNSET   520 PM CST


-  INDICATES NEGATIVE NUMBERS.
R  INDICATES RECORD WAS SET OR TIED.
MM INDICATES DATA IS MISSING.
T  INDICATES TRACE AMOUNT.




$$
