000
CDUS43 KLSX 280745
CLIUIN


CLIMATE REPORT
NATIONAL WEATHER SERVICE ST LOUIS MO
245 AM CDT THU AUG 28 2014


...................................

...THE QUINCY IL CLIMATE SUMMARY FOR AUGUST 27 2014...

CLIMATE NORMAL PERIOD 1981 TO 2010
CLIMATE RECORD PERIOD 1901 TO 2014


WEATHER ITEM   OBSERVED TIME   RECORD YEAR NORMAL DEPARTURE LAST
                VALUE   (LST)  VALUE       VALUE  FROM      YEAR
                                                  NORMAL
..................................................................
TEMPERATURE (F)
 YESTERDAY
  MAXIMUM         83    322 PM 100    1983  83      0       96
                                      1936
  MINIMUM         70    609 AM  48    1986  63      7       71
                                      1906
  AVERAGE         77                        73      4

PRECIPITATION (IN)
  YESTERDAY        0.00          3.60 2004   0.12  -0.12     0.00
  MONTH TO DATE    5.48                      3.17   2.31     0.01
  SINCE JUN 1     16.52                     11.20   5.32     2.86
  SINCE JAN 1     24.93                     25.29  -0.36    28.10

DEGREE DAYS
 HEATING
  YESTERDAY        0                         0      0
  MONTH TO DATE    0                         0      0
  SINCE JUN 1      9                        16     -7
  SINCE JUL 1      5                         0      5

 COOLING
  YESTERDAY       12                         8      4
  MONTH TO DATE  266                       266      0
  SINCE JUN 1    731                       836   -105
  SINCE JAN 1    874                       922    -48
..................................................................


WIND (MPH)
  HIGHEST WIND SPEED    18   HIGHEST WIND DIRECTION    NW (300)
  HIGHEST GUST SPEED    26   HIGHEST GUST DIRECTION    NW (300)
  AVERAGE WIND SPEED     6.3


SKY COVER
  AVERAGE SKY COVER 0.3



RELATIVE HUMIDITY (PERCENT)
 HIGHEST    97           400 AM
 LOWEST     69           400 PM
 AVERAGE    83

..........................................................


THE QUINCY IL CLIMATE NORMALS FOR TODAY
                         NORMAL    RECORD    YEAR
 MAXIMUM TEMPERATURE (F)   83       101      1984
                                             1913
 MINIMUM TEMPERATURE (F)   63        42      1986


SUNRISE AND SUNSET
AUGUST 28 2014........SUNRISE   629 AM CDT   SUNSET   742 PM CDT
AUGUST 29 2014........SUNRISE   630 AM CDT   SUNSET   741 PM CDT


-  INDICATES NEGATIVE NUMBERS.
R  INDICATES RECORD WAS SET OR TIED.
MM INDICATES DATA IS MISSING.
T  INDICATES TRACE AMOUNT.




$$
