000
CDUS43 KLSX 222256
CLIUIN


CLIMATE REPORT
NATIONAL WEATHER SERVICE ST LOUIS MO
554 PM CDT FRI MAY 22 2015


...................................

...THE QUINCY IL CLIMATE SUMMARY FOR MAY 22 2015...
VALID TODAY AS OF 0500 PM LOCAL TIME.

CLIMATE NORMAL PERIOD 1981 TO 2010
CLIMATE RECORD PERIOD 1901 TO 2015


WEATHER ITEM   OBSERVED TIME   RECORD YEAR NORMAL DEPARTURE LAST
                VALUE   (LST)  VALUE       VALUE  FROM      YEAR
                                                  NORMAL
..................................................................
TEMPERATURE (F)
 TODAY
  MAXIMUM         75    253 PM  94    1925  74      1       71
  MINIMUM         51    522 AM  38    1963  55     -4       58
  AVERAGE         63                        65     -2       65

PRECIPITATION (IN)
  TODAY            0.00          2.58 1968   0.15  -0.15     0.02
  MONTH TO DATE    2.23                      3.14  -0.91     1.85
  SINCE MAR 1      4.88                      9.29  -4.41     5.98
  SINCE JAN 1      6.92                     12.69  -5.77     8.10

DEGREE DAYS
 HEATING
  TODAY            2                         3     -1
  MONTH TO DATE   84                       114    -30
  SINCE MAR 1   1072                      1202   -130
  SINCE JUL 1   5738                      5544    194

 COOLING
  TODAY            0                         3     -3
  MONTH TO DATE   66                        36     30
  SINCE MAR 1     72                        54     18
  SINCE JAN 1     72                        54     18
..................................................................


WIND (MPH)
  HIGHEST WIND SPEED    10   HIGHEST WIND DIRECTION    NW (300)
  HIGHEST GUST SPEED    14   HIGHEST GUST DIRECTION     W (270)
  AVERAGE WIND SPEED     6.7


SKY COVER
  AVERAGE SKY COVER 0.0



RELATIVE HUMIDITY (PERCENT)
 HIGHEST    77           300 AM
 LOWEST     29           100 PM
 AVERAGE    53

..........................................................


THE QUINCY IL CLIMATE NORMALS FOR TOMORROW
                         NORMAL    RECORD    YEAR
 MAXIMUM TEMPERATURE (F)   75        93      1921
 MINIMUM TEMPERATURE (F)   55        40      1963
                                             1917


SUNRISE AND SUNSET
MAY 22 2015...........SUNRISE   544 AM CDT   SUNSET   819 PM CDT
MAY 23 2015...........SUNRISE   543 AM CDT   SUNSET   820 PM CDT


-  INDICATES NEGATIVE NUMBERS.
R  INDICATES RECORD WAS SET OR TIED.
MM INDICATES DATA IS MISSING.
T  INDICATES TRACE AMOUNT.




$$
