166
CDUS43 KLSX 142232
CLIUIN


CLIMATE REPORT
NATIONAL WEATHER SERVICE ST LOUIS MO
432 PM CST THU DEC 14 2017


...................................

...THE QUINCY IL CLIMATE SUMMARY FOR DECEMBER 14 2017...
VALID TODAY AS OF 0400 PM LOCAL TIME.

CLIMATE NORMAL PERIOD 1981 TO 2010
CLIMATE RECORD PERIOD 1901 TO 2017


WEATHER ITEM   OBSERVED TIME   RECORD YEAR NORMAL DEPARTURE LAST
                VALUE   (LST)  VALUE       VALUE  FROM      YEAR
                                                  NORMAL
..................................................................
TEMPERATURE (F)
 TODAY
  MAXIMUM         33   1231 AM  68    1975  37     -4       26
  MINIMUM         26    747 AM -12    1901  22      4       10
  AVERAGE         30                        30      0       18

PRECIPITATION (IN)
  TODAY            0.00          1.38 1975   0.08  -0.08     0.00
  MONTH TO DATE    0.10                      1.16  -1.06     0.43
  SINCE DEC 1      0.10                      1.16  -1.06     0.43
  SINCE JAN 1     32.70                     36.24  -3.54    30.28

DEGREE DAYS
 HEATING
  TODAY           35                        35      0
  MONTH TO DATE  400                       461    -61
  SINCE DEC 1    400                       461    -61
  SINCE JUL 1   1347                      1561   -214

 COOLING
  TODAY            0                         0      0
  MONTH TO DATE    0                         0      0
  SINCE DEC 1      0                         0      0
  SINCE JAN 1   1229                      1094    135
..................................................................


WIND (MPH)
  HIGHEST WIND SPEED    21   HIGHEST WIND DIRECTION    NW (330)
  HIGHEST GUST SPEED    24   HIGHEST GUST DIRECTION    NW (330)
  AVERAGE WIND SPEED     9.3


SKY COVER
  AVERAGE SKY COVER 1.0



RELATIVE HUMIDITY (PERCENT)
 HIGHEST    69           200 AM
 LOWEST     58          1100 AM
 AVERAGE    64

..........................................................


THE QUINCY IL CLIMATE NORMALS FOR TOMORROW
                         NORMAL    RECORD    YEAR
 MAXIMUM TEMPERATURE (F)   37        70      1948
 MINIMUM TEMPERATURE (F)   22       -14      1989
                                             1951


SUNRISE AND SUNSET
DECEMBER 14 2017......SUNRISE   719 AM CST   SUNSET   440 PM CST
DECEMBER 15 2017......SUNRISE   719 AM CST   SUNSET   441 PM CST


-  INDICATES NEGATIVE NUMBERS.
R  INDICATES RECORD WAS SET OR TIED.
MM INDICATES DATA IS MISSING.
T  INDICATES TRACE AMOUNT.




$$
