000
CDUS43 KLSX 240728
CLIUIN


CLIMATE REPORT
NATIONAL WEATHER SERVICE ST LOUIS MO
228 AM CDT FRI MAR 24 2017


...................................

...THE QUINCY IL CLIMATE SUMMARY FOR MARCH 23 2017...

CLIMATE NORMAL PERIOD 1981 TO 2010
CLIMATE RECORD PERIOD 1901 TO 2017


WEATHER ITEM   OBSERVED TIME   RECORD YEAR NORMAL DEPARTURE LAST
                VALUE   (LST)  VALUE       VALUE  FROM      YEAR
                                                  NORMAL
..................................................................
TEMPERATURE (F)
 YESTERDAY
  MAXIMUM         59   1140 PM  86    1910  55      4       68
  MINIMUM         36    843 AM  11    1960  35      1       51
  AVERAGE         48                        45      3

PRECIPITATION (IN)
  YESTERDAY        0.06          0.95 1969   0.08  -0.02     0.01
  MONTH TO DATE    0.65                      1.77  -1.12     0.76
  SINCE MAR 1      0.65                      1.77  -1.12     0.76
  SINCE JAN 1      2.70                      5.17  -2.47     1.38

DEGREE DAYS
 HEATING
  YESTERDAY       17                        20     -3
  MONTH TO DATE  523                       569    -46
  SINCE MAR 1    523                       569    -46
  SINCE JUL 1   3964                      4911   -947

 COOLING
  YESTERDAY        0                         0      0
  MONTH TO DATE    0                         0      0
  SINCE MAR 1      0                         0      0
  SINCE JAN 1      0                         0      0
..................................................................


WIND (MPH)
  HIGHEST WIND SPEED    23   HIGHEST WIND DIRECTION    SE (140)
  HIGHEST GUST SPEED    28   HIGHEST GUST DIRECTION    SE (140)
  AVERAGE WIND SPEED    15.0


SKY COVER
  AVERAGE SKY COVER 0.6



RELATIVE HUMIDITY (PERCENT)
 HIGHEST    85          1200 PM
 LOWEST     40          1200 AM
 AVERAGE    63

..........................................................


THE QUINCY IL CLIMATE NORMALS FOR TODAY
                         NORMAL    RECORD    YEAR
 MAXIMUM TEMPERATURE (F)   55        85      1929
 MINIMUM TEMPERATURE (F)   35         9      1974
                                             1960


SUNRISE AND SUNSET
MARCH 24 2017.........SUNRISE   701 AM CDT   SUNSET   721 PM CDT
MARCH 25 2017.........SUNRISE   700 AM CDT   SUNSET   722 PM CDT


-  INDICATES NEGATIVE NUMBERS.
R  INDICATES RECORD WAS SET OR TIED.
MM INDICATES DATA IS MISSING.
T  INDICATES TRACE AMOUNT.




$$
