864
CDUS43 KLSX 150727
CLIUIN


CLIMATE REPORT
NATIONAL WEATHER SERVICE ST LOUIS MO
226 AM CDT TUE AUG 15 2017


...................................

...THE QUINCY IL CLIMATE SUMMARY FOR AUGUST 14 2017...

CLIMATE NORMAL PERIOD 1981 TO 2010
CLIMATE RECORD PERIOD 1901 TO 2017


WEATHER ITEM   OBSERVED TIME   RECORD YEAR NORMAL DEPARTURE LAST
                VALUE   (LST)  VALUE       VALUE  FROM      YEAR
                                                  NORMAL
..................................................................
TEMPERATURE (F)
 YESTERDAY
  MAXIMUM         83    229 PM 104    1936  85     -2       84
  MINIMUM         61    355 AM  49    1992  65     -4       64
  AVERAGE         72                        75     -3

PRECIPITATION (IN)
  YESTERDAY        0.00          1.77 1985   0.12  -0.12     0.00
  MONTH TO DATE    2.14                      1.66   0.48     2.26
  SINCE JUN 1      7.20                      9.69  -2.49     9.98
  SINCE JAN 1     23.98                     23.78   0.20    18.66

DEGREE DAYS
 HEATING
  YESTERDAY        0                         0      0
  MONTH TO DATE    0                         0      0
  SINCE JUN 1      4                        16    -12
  SINCE JUL 1      0                         0      0

 COOLING
  YESTERDAY        7                        10     -3
  MONTH TO DATE   84                       145    -61
  SINCE JUN 1    773                       715     58
  SINCE JAN 1    882                       801     81
..................................................................


WIND (MPH)
  HIGHEST WIND SPEED    15   HIGHEST WIND DIRECTION    SW (240)
  HIGHEST GUST SPEED    20   HIGHEST GUST DIRECTION    SW (210)
  AVERAGE WIND SPEED     6.4


SKY COVER
  AVERAGE SKY COVER 0.4



RELATIVE HUMIDITY (PERCENT)
 HIGHEST    93           500 AM
 LOWEST     58           400 PM
 AVERAGE    76

..........................................................


THE QUINCY IL CLIMATE NORMALS FOR TODAY
                         NORMAL    RECORD    YEAR
 MAXIMUM TEMPERATURE (F)   85       103      2007
 MINIMUM TEMPERATURE (F)   65        46      2004


SUNRISE AND SUNSET
AUGUST 15 2017........SUNRISE   617 AM CDT   SUNSET   801 PM CDT
AUGUST 16 2017........SUNRISE   618 AM CDT   SUNSET   800 PM CDT


-  INDICATES NEGATIVE NUMBERS.
R  INDICATES RECORD WAS SET OR TIED.
MM INDICATES DATA IS MISSING.
T  INDICATES TRACE AMOUNT.




$$
