000
CDUS43 KLSX 250745
CLIUIN


CLIMATE REPORT
NATIONAL WEATHER SERVICE ST LOUIS MO
245 AM CDT WED MAR 25 2015


...................................

...THE QUINCY IL CLIMATE SUMMARY FOR MARCH 24 2015...

CLIMATE NORMAL PERIOD 1981 TO 2010
CLIMATE RECORD PERIOD 1901 TO 2015


WEATHER ITEM   OBSERVED TIME   RECORD YEAR NORMAL DEPARTURE LAST
                VALUE   (LST)  VALUE       VALUE  FROM      YEAR
                                                  NORMAL
..................................................................
TEMPERATURE (F)
 YESTERDAY
  MAXIMUM         43   1159 PM  85    1929  55    -12       39
  MINIMUM         31    738 AM   9    1974  35     -4       23
                                      1960
  AVERAGE         37                        45     -8

PRECIPITATION (IN)
  YESTERDAY        0.29          1.29 1957   0.08   0.21     0.00
  MONTH TO DATE    0.76                      1.85  -1.09     0.21
  SINCE MAR 1      0.76                      1.85  -1.09     0.21
  SINCE JAN 1      2.80                      5.25  -2.45     2.33

DEGREE DAYS
 HEATING
  YESTERDAY       28                        20      8
  MONTH TO DATE  567                       589    -22
  SINCE MAR 1    567                       589    -22
  SINCE JUL 1   5233                      4931    302

 COOLING
  YESTERDAY        0                         0      0
  MONTH TO DATE    0                         0      0
  SINCE MAR 1      0                         0      0
  SINCE JAN 1      0                         0      0
..................................................................


WIND (MPH)
  HIGHEST WIND SPEED    22   HIGHEST WIND DIRECTION     E (110)
  HIGHEST GUST SPEED    27   HIGHEST GUST DIRECTION    SE (120)
  AVERAGE WIND SPEED    13.5


SKY COVER
  AVERAGE SKY COVER 1.0



RELATIVE HUMIDITY (PERCENT)
 HIGHEST    92           500 AM
 LOWEST     73           200 PM
 AVERAGE    83

..........................................................


THE QUINCY IL CLIMATE NORMALS FOR TODAY
                         NORMAL    RECORD    YEAR
 MAXIMUM TEMPERATURE (F)   56        85      1907
 MINIMUM TEMPERATURE (F)   36         7      1955


SUNRISE AND SUNSET
MARCH 25 2015.........SUNRISE   700 AM CDT   SUNSET   722 PM CDT
MARCH 26 2015.........SUNRISE   659 AM CDT   SUNSET   723 PM CDT


-  INDICATES NEGATIVE NUMBERS.
R  INDICATES RECORD WAS SET OR TIED.
MM INDICATES DATA IS MISSING.
T  INDICATES TRACE AMOUNT.




$$
