764
CDUS43 KLSX 242248
CLIUIN


CLIMATE REPORT
NATIONAL WEATHER SERVICE ST LOUIS MO
547 PM CDT TUE MAY 24 2016


...................................

...THE QUINCY IL CLIMATE SUMMARY FOR MAY 24 2016...
VALID TODAY AS OF 0500 PM LOCAL TIME.

CLIMATE NORMAL PERIOD 1981 TO 2010
CLIMATE RECORD PERIOD 1901 TO 2016


WEATHER ITEM   OBSERVED TIME   RECORD YEAR NORMAL DEPARTURE LAST
                VALUE   (LST)  VALUE       VALUE  FROM      YEAR
                                                  NORMAL
..................................................................
TEMPERATURE (F)
 TODAY
  MAXIMUM         82    202 PM  94    1921  75      7       83
  MINIMUM         61    513 AM  40    1917  55      6       60
  AVERAGE         72                        65      7       72

PRECIPITATION (IN)
  TODAY            0.00          2.24 1995   0.15  -0.15     0.41
  MONTH TO DATE    1.87                      3.44  -1.57     2.64
  SINCE MAR 1      6.29                      9.59  -3.30     5.29
  SINCE JAN 1      6.91                     12.99  -6.08     7.33

DEGREE DAYS
 HEATING
  TODAY            0                         3     -3
  MONTH TO DATE  148                       120     28
  SINCE MAR 1    995                      1208   -213
  SINCE JUL 1   4592                      5550   -958

 COOLING
  TODAY            7                         3      4
  MONTH TO DATE   23                        42    -19
  SINCE MAR 1     44                        60    -16
  SINCE JAN 1     44                        60    -16
..................................................................


WIND (MPH)
  HIGHEST WIND SPEED    20   HIGHEST WIND DIRECTION    SW (230)
  HIGHEST GUST SPEED    26   HIGHEST GUST DIRECTION    SW (210)
  AVERAGE WIND SPEED     8.3


SKY COVER
  AVERAGE SKY COVER 0.1



RELATIVE HUMIDITY (PERCENT)
 HIGHEST    73           600 AM
 LOWEST     51          1200 PM
 AVERAGE    62

..........................................................


THE QUINCY IL CLIMATE NORMALS FOR TOMORROW
                         NORMAL    RECORD    YEAR
 MAXIMUM TEMPERATURE (F)   75        95      1911
 MINIMUM TEMPERATURE (F)   56        34      1925


SUNRISE AND SUNSET
MAY 24 2016...........SUNRISE   542 AM CDT   SUNSET   822 PM CDT
MAY 25 2016...........SUNRISE   542 AM CDT   SUNSET   822 PM CDT


-  INDICATES NEGATIVE NUMBERS.
R  INDICATES RECORD WAS SET OR TIED.
MM INDICATES DATA IS MISSING.
T  INDICATES TRACE AMOUNT.




$$
