000
CDUS43 KLSX 010745
CLIUIN


CLIMATE REPORT
NATIONAL WEATHER SERVICE ST LOUIS MO
245 AM CDT TUE SEP 1 2015


...................................

...THE QUINCY IL CLIMATE SUMMARY FOR AUGUST 31 2015...

CLIMATE NORMAL PERIOD 1981 TO 2010
CLIMATE RECORD PERIOD 1901 TO 2015


WEATHER ITEM   OBSERVED TIME   RECORD YEAR NORMAL DEPARTURE LAST
                VALUE   (LST)  VALUE       VALUE  FROM      YEAR
                                                  NORMAL
..................................................................
TEMPERATURE (F)
 YESTERDAY
  MAXIMUM         91    238 PM 100    2011  83      8       88
                                      1953
  MINIMUM         68    346 AM  45    1915  62      6       67
  AVERAGE         80                        72      8

PRECIPITATION (IN)
  YESTERDAY        T             2.49 2003   0.12  -0.12     0.00
  MONTH TO DATE    2.13                      3.63  -1.50     6.17
  SINCE JUN 1     20.08                     11.66   8.42    17.21
  SINCE JAN 1     28.76                     25.75   3.01    25.62

DEGREE DAYS
 HEATING
  YESTERDAY        0                         0      0
  MONTH TO DATE    1                         0      1
  SINCE JUN 1     12                        21     -9
  SINCE JUL 1      4                         5     -1

 COOLING
  YESTERDAY       15                         8      7
  MONTH TO DATE  257                       297    -40
  SINCE JUN 1    840                       867    -27
  SINCE JAN 1    954                       953      1
..................................................................


WIND (MPH)
  HIGHEST WIND SPEED    14   HIGHEST WIND DIRECTION     S (190)
  HIGHEST GUST SPEED    18   HIGHEST GUST DIRECTION     S (190)
  AVERAGE WIND SPEED     5.9


SKY COVER
  AVERAGE SKY COVER 0.1



RELATIVE HUMIDITY (PERCENT)
 HIGHEST    97           200 AM
 LOWEST     52           200 PM
 AVERAGE    75

..........................................................


THE QUINCY IL CLIMATE NORMALS FOR TODAY
                         NORMAL    RECORD    YEAR
 MAXIMUM TEMPERATURE (F)   82       104      2011
 MINIMUM TEMPERATURE (F)   62        41      1949


SUNRISE AND SUNSET
SEPTEMBER  1 2015.....SUNRISE   632 AM CDT   SUNSET   737 PM CDT
SEPTEMBER  2 2015.....SUNRISE   633 AM CDT   SUNSET   735 PM CDT


-  INDICATES NEGATIVE NUMBERS.
R  INDICATES RECORD WAS SET OR TIED.
MM INDICATES DATA IS MISSING.
T  INDICATES TRACE AMOUNT.




$$
