000
CDUS43 KLSX 170728
CLIUIN


CLIMATE REPORT
NATIONAL WEATHER SERVICE ST LOUIS MO
127 AM CST WED JAN 17 2018


...................................

...THE QUINCY IL CLIMATE SUMMARY FOR JANUARY 16 2018...

CLIMATE NORMAL PERIOD 1981 TO 2010
CLIMATE RECORD PERIOD 1901 TO 2018


WEATHER ITEM   OBSERVED TIME   RECORD YEAR NORMAL DEPARTURE LAST
                VALUE   (LST)  VALUE       VALUE  FROM      YEAR
                                                  NORMAL
..................................................................
TEMPERATURE (F)
 YESTERDAY
  MAXIMUM         10    451 PM  69    1990  34    -24       47
  MINIMUM         -6    758 AM -19    1977  18    -24       32
  AVERAGE          2                        26    -24

PRECIPITATION (IN)
  YESTERDAY        T             0.85 2017   0.04  -0.04     0.85
  MONTH TO DATE    0.54                      0.81  -0.27     1.02
  SINCE DEC 1      0.71                      3.06  -2.35     2.05
  SINCE JAN 1      0.54                      0.81  -0.27     1.02

DEGREE DAYS
 HEATING
  YESTERDAY       63                        39     24
  MONTH TO DATE  781                       620    161
  SINCE DEC 1   1863                      1711    152
  SINCE JUL 1   2810                      2811     -1

 COOLING
  YESTERDAY        0                         0      0
  MONTH TO DATE    0                         0      0
  SINCE DEC 1      0                         0      0
  SINCE JAN 1      0                         0      0
..................................................................


WIND (MPH)
  HIGHEST WIND SPEED    18   HIGHEST WIND DIRECTION     W (290)
  HIGHEST GUST SPEED    22   HIGHEST GUST DIRECTION     W (280)
  AVERAGE WIND SPEED    10.8


SKY COVER
  AVERAGE SKY COVER 0.3



RELATIVE HUMIDITY (PERCENT)
 HIGHEST    87          1000 PM
 LOWEST     68          1200 PM
 AVERAGE    78

..........................................................


THE QUINCY IL CLIMATE NORMALS FOR TODAY
                         NORMAL    RECORD    YEAR
 MAXIMUM TEMPERATURE (F)   34        63      1996
 MINIMUM TEMPERATURE (F)   18       -19      1977


SUNRISE AND SUNSET
JANUARY 17 2018.......SUNRISE   724 AM CST   SUNSET   507 PM CST
JANUARY 18 2018.......SUNRISE   723 AM CST   SUNSET   508 PM CST


-  INDICATES NEGATIVE NUMBERS.
R  INDICATES RECORD WAS SET OR TIED.
MM INDICATES DATA IS MISSING.
T  INDICATES TRACE AMOUNT.




$$
