214
CDUS43 KLSX 270734
CLIUIN


CLIMATE REPORT
NATIONAL WEATHER SERVICE ST LOUIS MO
233 AM CDT THU APR 27 2017


...................................

...THE QUINCY IL CLIMATE SUMMARY FOR APRIL 26 2017...

CLIMATE NORMAL PERIOD 1981 TO 2010
CLIMATE RECORD PERIOD 1901 TO 2017


WEATHER ITEM   OBSERVED TIME   RECORD YEAR NORMAL DEPARTURE LAST
                VALUE   (LST)  VALUE       VALUE  FROM      YEAR
                                                  NORMAL
..................................................................
TEMPERATURE (F)
 YESTERDAY
  MAXIMUM         71   1207 AM  90    1989  67      4       67
  MINIMUM         44   1159 PM  29    1950  47     -3       51
                                      1907
  AVERAGE         58                        57      1

PRECIPITATION (IN)
  YESTERDAY        0.99R         0.83 1921   0.14   0.85     0.52
  MONTH TO DATE    2.99                      3.17  -0.18     2.14
  SINCE MAR 1      6.17                      5.63   0.54     3.22
  SINCE JAN 1      8.22                      9.03  -0.81     3.84

DEGREE DAYS
 HEATING
  YESTERDAY        7                         9     -2
  MONTH TO DATE  195                       337   -142
  SINCE MAR 1    817                      1055   -238
  SINCE JUL 1   4258                      5397  -1139

 COOLING
  YESTERDAY        0                         1     -1
  MONTH TO DATE   32                        13     19
  SINCE MAR 1     32                        15     17
  SINCE JAN 1     32                        15     17
..................................................................


WIND (MPH)
  HIGHEST WIND SPEED    21   HIGHEST WIND DIRECTION    NW (310)
  HIGHEST GUST SPEED    27   HIGHEST GUST DIRECTION    NW (310)
  AVERAGE WIND SPEED    11.3


SKY COVER
  AVERAGE SKY COVER 1.0



RELATIVE HUMIDITY (PERCENT)
 HIGHEST   100          1000 PM
 LOWEST     49          1200 AM
 AVERAGE    75

..........................................................


THE QUINCY IL CLIMATE NORMALS FOR TODAY
                         NORMAL    RECORD    YEAR
 MAXIMUM TEMPERATURE (F)   67        90      1914
 MINIMUM TEMPERATURE (F)   47        32      1967


SUNRISE AND SUNSET
APRIL 27 2017.........SUNRISE   610 AM CDT   SUNSET   756 PM CDT
APRIL 28 2017.........SUNRISE   608 AM CDT   SUNSET   757 PM CDT


-  INDICATES NEGATIVE NUMBERS.
R  INDICATES RECORD WAS SET OR TIED.
MM INDICATES DATA IS MISSING.
T  INDICATES TRACE AMOUNT.




$$
