000
CDUS43 KLSX 252126
CLIUIN


CLIMATE REPORT
NATIONAL WEATHER SERVICE ST LOUIS MO
426 PM CDT SAT OCT 25 2014


...................................

...THE QUINCY IL CLIMATE SUMMARY FOR OCTOBER 25 2014...
VALID TODAY AS OF 0400 PM LOCAL TIME.

CLIMATE NORMAL PERIOD 1981 TO 2010
CLIMATE RECORD PERIOD 1901 TO 2014


WEATHER ITEM   OBSERVED TIME   RECORD YEAR NORMAL DEPARTURE LAST
                VALUE   (LST)  VALUE       VALUE  FROM      YEAR
                                                  NORMAL
..................................................................
TEMPERATURE (F)
 TODAY
  MAXIMUM         77    243 PM  85    1939  62     15       55
  MINIMUM         51    641 AM  23    2013  42      9       23
  AVERAGE         64                        52     12       39

PRECIPITATION (IN)
  TODAY            0.00          1.91 1986   0.09  -0.09     0.00
  MONTH TO DATE    6.00                      2.43   3.57     0.69
  SINCE SEP 1     12.27                      5.73   6.54     2.49
  SINCE JAN 1     37.89                     31.48   6.41    30.59

DEGREE DAYS
 HEATING
  TODAY            1                        13    -12
  MONTH TO DATE  240                       248     -8
  SINCE SEP 1    327                       330     -3
  SINCE JUL 1    332                       335     -3

 COOLING
  TODAY            0                         0      0
  MONTH TO DATE    0                        14    -14
  SINCE SEP 1     87                       137    -50
  SINCE JAN 1   1016                      1090    -74
..................................................................


WIND (MPH)
  HIGHEST WIND SPEED    10   HIGHEST WIND DIRECTION     N (340)
  HIGHEST GUST SPEED    12   HIGHEST GUST DIRECTION    NW (320)
  AVERAGE WIND SPEED     4.9


SKY COVER
  AVERAGE SKY COVER 0.3



RELATIVE HUMIDITY (PERCENT)
 HIGHEST   100           300 AM
 LOWEST     36           200 PM
 AVERAGE    68

..........................................................


THE QUINCY IL CLIMATE NORMALS FOR TOMORROW
                         NORMAL    RECORD    YEAR
 MAXIMUM TEMPERATURE (F)   61        85      1963
                                             1940
                                             1927
 MINIMUM TEMPERATURE (F)   42        21      1942


SUNRISE AND SUNSET
OCTOBER 25 2014.......SUNRISE   726 AM CDT   SUNSET   611 PM CDT
OCTOBER 26 2014.......SUNRISE   727 AM CDT   SUNSET   610 PM CDT


-  INDICATES NEGATIVE NUMBERS.
R  INDICATES RECORD WAS SET OR TIED.
MM INDICATES DATA IS MISSING.
T  INDICATES TRACE AMOUNT.




$$
