000
CDUS43 KLSX 202232
CLIUIN


CLIMATE REPORT
NATIONAL WEATHER SERVICE ST LOUIS MO
430 PM CST MON FEB 20 2017


...................................

...THE QUINCY IL CLIMATE SUMMARY FOR FEBRUARY 20 2017...
VALID TODAY AS OF 0400 PM LOCAL TIME.

CLIMATE NORMAL PERIOD 1981 TO 2010
CLIMATE RECORD PERIOD 1901 TO 2017


WEATHER ITEM   OBSERVED TIME   RECORD YEAR NORMAL DEPARTURE LAST
                VALUE   (LST)  VALUE       VALUE  FROM      YEAR
                                                  NORMAL
..................................................................
TEMPERATURE (F)
 TODAY
  MAXIMUM         77R   227 PM  72    2016  41     36       72
  MINIMUM         52    750 AM  -3    1929  24     28       41
  AVERAGE         65                        32     33       57

PRECIPITATION (IN)
  TODAY            0.00          1.91 1997   0.07  -0.07     0.00
  MONTH TO DATE    0.09                      1.26  -1.17     0.22
  SINCE DEC 1      2.30                      5.03  -2.73     6.44
  SINCE JAN 1      1.27                      2.78  -1.51     0.62

DEGREE DAYS
 HEATING
  TODAY            0                        33    -33
  MONTH TO DATE  487                       708   -221
  SINCE DEC 1   2626                      2994   -368
  SINCE JUL 1   3314                      4094   -780

 COOLING
  TODAY            0                         0      0
  MONTH TO DATE    0                         0      0
  SINCE DEC 1      0                         0      0
  SINCE JAN 1      0                         0      0
..................................................................


WIND (MPH)
  HIGHEST WIND SPEED    25   HIGHEST WIND DIRECTION     S (180)
  HIGHEST GUST SPEED    36   HIGHEST GUST DIRECTION     S (170)
  AVERAGE WIND SPEED    13.3


SKY COVER
  AVERAGE SKY COVER 0.2



RELATIVE HUMIDITY (PERCENT)
 HIGHEST   100           700 AM
 LOWEST     36           300 PM
 AVERAGE    68

..........................................................


THE QUINCY IL CLIMATE NORMALS FOR TOMORROW
                         NORMAL    RECORD    YEAR
 MAXIMUM TEMPERATURE (F)   41        69      1930
 MINIMUM TEMPERATURE (F)   24        -5      1963


SUNRISE AND SUNSET
FEBRUARY 20 2017......SUNRISE   651 AM CST   SUNSET   547 PM CST
FEBRUARY 21 2017......SUNRISE   649 AM CST   SUNSET   548 PM CST


-  INDICATES NEGATIVE NUMBERS.
R  INDICATES RECORD WAS SET OR TIED.
MM INDICATES DATA IS MISSING.
T  INDICATES TRACE AMOUNT.




$$
