000
CDUS43 KLSX 272231
CLIUIN


CLIMATE REPORT
NATIONAL WEATHER SERVICE ST LOUIS MO
431 PM CST SAT DEC 27 2014


...................................

...THE QUINCY IL CLIMATE SUMMARY FOR DECEMBER 27 2014...
VALID TODAY AS OF 0400 PM LOCAL TIME.

CLIMATE NORMAL PERIOD 1981 TO 2010
CLIMATE RECORD PERIOD 1901 TO 2014


WEATHER ITEM   OBSERVED TIME   RECORD YEAR NORMAL DEPARTURE LAST
                VALUE   (LST)  VALUE       VALUE  FROM      YEAR
                                                  NORMAL
..................................................................
TEMPERATURE (F)
 TODAY
  MAXIMUM         50    524 AM  70    1946  35     15       48
  MINIMUM         34    406 PM -10    1914  20     14       26
  AVERAGE         42                        27     15       37

PRECIPITATION (IN)
  TODAY            T             2.35 1942   0.06  -0.06     0.00
  MONTH TO DATE    1.31                      2.02  -0.71     1.08
  SINCE DEC 1      1.31                      2.02  -0.71     1.08
  SINCE JAN 1     40.12                     37.10   3.02    35.67

DEGREE DAYS
 HEATING
  TODAY           23                        38    -15
  MONTH TO DATE  793                       939   -146
  SINCE DEC 1    793                       939   -146
  SINCE JUL 1   2070                      2039     31

 COOLING
  TODAY            0                         0      0
  MONTH TO DATE    0                         0      0
  SINCE DEC 1      0                         0      0
  SINCE JAN 1   1021                      1094    -73
..................................................................


WIND (MPH)
  HIGHEST WIND SPEED    22   HIGHEST WIND DIRECTION     W (270)
  HIGHEST GUST SPEED    29   HIGHEST GUST DIRECTION    SW (210)
  AVERAGE WIND SPEED    13.5


SKY COVER
  AVERAGE SKY COVER 1.0



RELATIVE HUMIDITY (PERCENT)
 HIGHEST    93           400 AM
 LOWEST     70           200 PM
 AVERAGE    82

..........................................................


THE QUINCY IL CLIMATE NORMALS FOR TOMORROW
                         NORMAL    RECORD    YEAR
 MAXIMUM TEMPERATURE (F)   35        70      1984
 MINIMUM TEMPERATURE (F)   19       -20      1924


SUNRISE AND SUNSET
DECEMBER 27 2014......SUNRISE   725 AM CST   SUNSET   447 PM CST
DECEMBER 28 2014......SUNRISE   726 AM CST   SUNSET   447 PM CST


-  INDICATES NEGATIVE NUMBERS.
R  INDICATES RECORD WAS SET OR TIED.
MM INDICATES DATA IS MISSING.
T  INDICATES TRACE AMOUNT.




$$
