000
CDUS43 KLSX 220745
CLIUIN


CLIMATE REPORT
NATIONAL WEATHER SERVICE ST LOUIS MO
145 AM CST SUN JAN 22 2017


...................................

...THE QUINCY IL CLIMATE SUMMARY FOR JANUARY 21 2017...

CLIMATE NORMAL PERIOD 1981 TO 2010
CLIMATE RECORD PERIOD 1901 TO 2017


WEATHER ITEM   OBSERVED TIME   RECORD YEAR NORMAL DEPARTURE LAST
                VALUE   (LST)  VALUE       VALUE  FROM      YEAR
                                                  NORMAL
..................................................................
TEMPERATURE (F)
 YESTERDAY
  MAXIMUM         58    253 PM  69    1957  34     24       25
  MINIMUM         42   1159 PM -16    1970  18     24        9
  AVERAGE         50                        26     24

PRECIPITATION (IN)
  YESTERDAY        0.00          1.13 1916   0.05  -0.05     0.00
  MONTH TO DATE    1.18                      1.05   0.13     0.40
  SINCE DEC 1      2.21                      3.30  -1.09     6.22
  SINCE JAN 1      1.18                      1.05   0.13     0.40

DEGREE DAYS
 HEATING
  YESTERDAY       15                        39    -24
  MONTH TO DATE  735                       815    -80
  SINCE DEC 1   1848                      1906    -58
  SINCE JUL 1   2536                      3006   -470

 COOLING
  YESTERDAY        0                         0      0
  MONTH TO DATE    0                         0      0
  SINCE DEC 1      0                         0      0
  SINCE JAN 1      0                         0      0
..................................................................


WIND (MPH)
  HIGHEST WIND SPEED    21   HIGHEST WIND DIRECTION    SW (240)
  HIGHEST GUST SPEED    25   HIGHEST GUST DIRECTION    SW (240)
  AVERAGE WIND SPEED    10.6


SKY COVER
  AVERAGE SKY COVER 0.1



RELATIVE HUMIDITY (PERCENT)
 HIGHEST   100          1100 PM
 LOWEST     61           400 PM
 AVERAGE    81

..........................................................


THE QUINCY IL CLIMATE NORMALS FOR TODAY
                         NORMAL    RECORD    YEAR
 MAXIMUM TEMPERATURE (F)   34        70      1967
 MINIMUM TEMPERATURE (F)   18       -14      1930


SUNRISE AND SUNSET
JANUARY 22 2017.......SUNRISE   721 AM CST   SUNSET   513 PM CST
JANUARY 23 2017.......SUNRISE   720 AM CST   SUNSET   514 PM CST


-  INDICATES NEGATIVE NUMBERS.
R  INDICATES RECORD WAS SET OR TIED.
MM INDICATES DATA IS MISSING.
T  INDICATES TRACE AMOUNT.




$$
