242
CDUS43 KLSX 070733
CLIUIN


CLIMATE REPORT
NATIONAL WEATHER SERVICE ST LOUIS MO
132 AM CST WED DEC 7 2016


...................................

...THE QUINCY IL CLIMATE SUMMARY FOR DECEMBER 6 2016...

CLIMATE NORMAL PERIOD 1981 TO 2010
CLIMATE RECORD PERIOD 1901 TO 2016


WEATHER ITEM   OBSERVED TIME   RECORD YEAR NORMAL DEPARTURE LAST
                VALUE   (LST)  VALUE       VALUE  FROM      YEAR
                                                  NORMAL
..................................................................
TEMPERATURE (F)
 YESTERDAY
  MAXIMUM         41   1219 PM  69    1951  40      1       43
  MINIMUM         29    840 PM   0    1977  25      4       34
                                      1976
  AVERAGE         35                        33      2

PRECIPITATION (IN)
  YESTERDAY        0.00          1.44 1998   0.08  -0.08      T
  MONTH TO DATE    0.33                      0.52  -0.19     0.02
  SINCE DEC 1      0.33                      0.52  -0.19     0.02
  SINCE JAN 1     30.18                     35.60  -5.42    33.69

DEGREE DAYS
 HEATING
  YESTERDAY       30                        32     -2
  MONTH TO DATE  175                       188    -13
  SINCE DEC 1    175                       188    -13
  SINCE JUL 1    863                      1288   -425

 COOLING
  YESTERDAY        0                         0      0
  MONTH TO DATE    0                         0      0
  SINCE DEC 1      0                         0      0
  SINCE JAN 1   1472                      1094    378
..................................................................


WIND (MPH)
  HIGHEST WIND SPEED    21   HIGHEST WIND DIRECTION    NW (310)
  HIGHEST GUST SPEED    24   HIGHEST GUST DIRECTION    NW (310)
  AVERAGE WIND SPEED     8.9


SKY COVER
  AVERAGE SKY COVER 0.6



RELATIVE HUMIDITY (PERCENT)
 HIGHEST   100           800 AM
 LOWEST     52           400 PM
 AVERAGE    76

..........................................................


THE QUINCY IL CLIMATE NORMALS FOR TODAY
                         NORMAL    RECORD    YEAR
 MAXIMUM TEMPERATURE (F)   40        66      1946
 MINIMUM TEMPERATURE (F)   24        -8      1976


SUNRISE AND SUNSET
DECEMBER  7 2016......SUNRISE   713 AM CST   SUNSET   440 PM CST
DECEMBER  8 2016......SUNRISE   714 AM CST   SUNSET   440 PM CST


-  INDICATES NEGATIVE NUMBERS.
R  INDICATES RECORD WAS SET OR TIED.
MM INDICATES DATA IS MISSING.
T  INDICATES TRACE AMOUNT.




$$
