000
CDUS43 KLSX 260801
CLIUIN


CLIMATE REPORT
NATIONAL WEATHER SERVICE ST LOUIS MO
259 AM CDT TUE JUL 26 2016


...................................

...THE QUINCY IL CLIMATE SUMMARY FOR JULY 25 2016...

CLIMATE NORMAL PERIOD 1981 TO 2010
CLIMATE RECORD PERIOD 1901 TO 2016


WEATHER ITEM   OBSERVED TIME   RECORD YEAR NORMAL DEPARTURE LAST
                VALUE   (LST)  VALUE       VALUE  FROM      YEAR
                                                  NORMAL
..................................................................
TEMPERATURE (F)
 YESTERDAY
  MAXIMUM         86    142 PM 109    1934  86      0       88
  MINIMUM         71   1137 PM  53    1911  66      5       72
  AVERAGE         79                        76      3

PRECIPITATION (IN)
  YESTERDAY        0.00          2.07 1948   0.13  -0.13     0.05
  MONTH TO DATE    5.25                      3.32   1.93     7.41
  SINCE JUN 1      6.27                      7.31  -1.04    15.94
  SINCE JAN 1     14.95                     21.40  -6.45    24.62

DEGREE DAYS
 HEATING
  YESTERDAY        0                         0      0
  MONTH TO DATE    6                         0      6
  SINCE JUN 1      6                        16    -10
  SINCE JUL 1      6                         0      6

 COOLING
  YESTERDAY       14                        11      3
  MONTH TO DATE  311                       275     36
  SINCE JUN 1    668                       502    166
  SINCE JAN 1    772                       588    184
..................................................................


WIND (MPH)
  HIGHEST WIND SPEED    14   HIGHEST WIND DIRECTION     N (360)
  HIGHEST GUST SPEED    18   HIGHEST GUST DIRECTION     N (360)
  AVERAGE WIND SPEED     6.3


SKY COVER
  AVERAGE SKY COVER 0.2



RELATIVE HUMIDITY (PERCENT)
 HIGHEST    93           600 AM
 LOWEST     55           200 PM
 AVERAGE    74

..........................................................


THE QUINCY IL CLIMATE NORMALS FOR TODAY
                         NORMAL    RECORD    YEAR
 MAXIMUM TEMPERATURE (F)   86       107      1934
 MINIMUM TEMPERATURE (F)   66        51      1962


SUNRISE AND SUNSET
JULY 26 2016..........SUNRISE   558 AM CDT   SUNSET   824 PM CDT
JULY 27 2016..........SUNRISE   559 AM CDT   SUNSET   823 PM CDT


-  INDICATES NEGATIVE NUMBERS.
R  INDICATES RECORD WAS SET OR TIED.
MM INDICATES DATA IS MISSING.
T  INDICATES TRACE AMOUNT.




$$
