000
CDUS43 KLSX 250730
CLIUIN


CLIMATE REPORT
NATIONAL WEATHER SERVICE ST LOUIS MO
228 AM CDT FRI JUL 25 2014


...................................

...THE QUINCY IL CLIMATE SUMMARY FOR JULY 24 2014...

CLIMATE NORMAL PERIOD 1981 TO 2010
CLIMATE RECORD PERIOD 1901 TO 2014


WEATHER ITEM   OBSERVED TIME   RECORD YEAR NORMAL DEPARTURE LAST
                VALUE   (LST)  VALUE       VALUE  FROM      YEAR
                                                  NORMAL
..................................................................
TEMPERATURE (F)
 YESTERDAY
  MAXIMUM         78    512 PM 111    1934  86     -8       79
  MINIMUM         56    453 AM  52    1904  66    -10       61
  AVERAGE         67                        76     -9

PRECIPITATION (IN)
  YESTERDAY        0.00          3.10 1968   0.12  -0.12      T
  MONTH TO DATE    2.07                      3.19  -1.12     0.25
  SINCE JUN 1     10.22                      7.18   3.04     2.03
  SINCE JAN 1     18.63                     21.27  -2.64    27.27

DEGREE DAYS
 HEATING
  YESTERDAY        0                         0      0
  MONTH TO DATE    5                         0      5
  SINCE JUN 1      9                        16     -7
  SINCE JUL 1      5                         0      5

 COOLING
  YESTERDAY        2                        11     -9
  MONTH TO DATE  158                       264   -106
  SINCE JUN 1    425                       491    -66
  SINCE JAN 1    568                       577     -9
..................................................................


WIND (MPH)
  HIGHEST WIND SPEED    12   HIGHEST WIND DIRECTION    SE (120)
  HIGHEST GUST SPEED    19   HIGHEST GUST DIRECTION     E (90)
  AVERAGE WIND SPEED     5.3


SKY COVER
  AVERAGE SKY COVER 0.1



RELATIVE HUMIDITY (PERCENT)
 HIGHEST    87           600 AM
 LOWEST     42           500 PM
 AVERAGE    65

..........................................................


THE QUINCY IL CLIMATE NORMALS FOR TODAY
                         NORMAL    RECORD    YEAR
 MAXIMUM TEMPERATURE (F)   86       109      1934
 MINIMUM TEMPERATURE (F)   66        53      1911


SUNRISE AND SUNSET
JULY 25 2014..........SUNRISE   557 AM CDT   SUNSET   825 PM CDT
JULY 26 2014..........SUNRISE   558 AM CDT   SUNSET   824 PM CDT


-  INDICATES NEGATIVE NUMBERS.
R  INDICATES RECORD WAS SET OR TIED.
MM INDICATES DATA IS MISSING.
T  INDICATES TRACE AMOUNT.




$$
