000
CDUS43 KLSX 082226
CLIUIN


CLIMATE REPORT
NATIONAL WEATHER SERVICE ST LOUIS MO
525 PM CDT TUE JUL 8 2014


...................................

...THE QUINCY IL CLIMATE SUMMARY FOR JULY 8 2014...
VALID TODAY AS OF 0500 PM LOCAL TIME.

CLIMATE NORMAL PERIOD 1981 TO 2010
CLIMATE RECORD PERIOD 1901 TO 2014


WEATHER ITEM   OBSERVED TIME   RECORD YEAR NORMAL DEPARTURE LAST
                VALUE   (LST)  VALUE       VALUE  FROM      YEAR
                                                  NORMAL
..................................................................
TEMPERATURE (F)
 TODAY
  MAXIMUM         81    351 PM 102    1936  86     -5       87
  MINIMUM         66    441 AM  52    1954  67     -1       74
  AVERAGE         74                        76     -2       81

PRECIPITATION (IN)
  TODAY            0.24          2.32 2008   0.14   0.10    MM
  MONTH TO DATE    1.44                      1.05   0.39      T
  SINCE JUN 1      9.59                      5.04   4.55     1.78
  SINCE JAN 1     18.00                     19.13  -1.13    27.02

DEGREE DAYS
 HEATING
  TODAY            0                         0      0
  MONTH TO DATE    1                         0      1
  SINCE JUN 1      5                        16    -11
  SINCE JUL 1      1                         0      1

 COOLING
  TODAY            9                        11     -2
  MONTH TO DATE   55                        88    -33
  SINCE JUN 1    322                       315      7
  SINCE JAN 1    465                       401     64
..................................................................


WIND (MPH)
  HIGHEST WIND SPEED    20   HIGHEST WIND DIRECTION    NW (300)
  HIGHEST GUST SPEED    25   HIGHEST GUST DIRECTION     W (290)
  AVERAGE WIND SPEED    13.7


SKY COVER
  AVERAGE SKY COVER 0.3



RELATIVE HUMIDITY (PERCENT)
 HIGHEST    93           300 AM
 LOWEST     45           300 PM
 AVERAGE    69

..........................................................


THE QUINCY IL CLIMATE NORMALS FOR TOMORROW
                         NORMAL    RECORD    YEAR
 MAXIMUM TEMPERATURE (F)   86       102      1930
                                             1901
 MINIMUM TEMPERATURE (F)   67        50      1953


SUNRISE AND SUNSET
JULY  8 2014..........SUNRISE   544 AM CDT   SUNSET   836 PM CDT
JULY  9 2014..........SUNRISE   544 AM CDT   SUNSET   835 PM CDT


-  INDICATES NEGATIVE NUMBERS.
R  INDICATES RECORD WAS SET OR TIED.
MM INDICATES DATA IS MISSING.
T  INDICATES TRACE AMOUNT.




$$
