000
CDUS43 KLSX 162240
CLIUIN


CLIMATE REPORT
NATIONAL WEATHER SERVICE ST LOUIS MO
539 PM CDT THU MAR 16 2017


...................................

...THE QUINCY IL CLIMATE SUMMARY FOR MARCH 16 2017...
VALID TODAY AS OF 0500 PM LOCAL TIME.

CLIMATE NORMAL PERIOD 1981 TO 2010
CLIMATE RECORD PERIOD 1901 TO 2017


WEATHER ITEM   OBSERVED TIME   RECORD YEAR NORMAL DEPARTURE LAST
                VALUE   (LST)  VALUE       VALUE  FROM      YEAR
                                                  NORMAL
..................................................................
TEMPERATURE (F)
 TODAY
  MAXIMUM         51    344 PM  87    1945  52     -1       63
  MINIMUM         22    258 AM   8    1951  32    -10       39
  AVERAGE         37                        42     -5       51

PRECIPITATION (IN)
  TODAY            0.00          1.64 1929   0.07  -0.07     0.00
  MONTH TO DATE    0.58                      1.21  -0.63     0.75
  SINCE MAR 1      0.58                      1.21  -0.63     0.75
  SINCE JAN 1      2.63                      4.61  -1.98     1.37

DEGREE DAYS
 HEATING
  TODAY           28                        23      5
  MONTH TO DATE  409                       418     -9
  SINCE MAR 1    409                       418     -9
  SINCE JUL 1   3850                      4760   -910

 COOLING
  TODAY            0                         0      0
  MONTH TO DATE    0                         0      0
  SINCE MAR 1      0                         0      0
  SINCE JAN 1      0                         0      0
..................................................................


WIND (MPH)
  HIGHEST WIND SPEED    18   HIGHEST WIND DIRECTION    SE (130)
  HIGHEST GUST SPEED    23   HIGHEST GUST DIRECTION    SE (140)
  AVERAGE WIND SPEED     9.4


SKY COVER
  AVERAGE SKY COVER 0.4



RELATIVE HUMIDITY (PERCENT)
 HIGHEST    68           300 AM
 LOWEST     27          1100 AM
 AVERAGE    48

..........................................................


THE QUINCY IL CLIMATE NORMALS FOR TOMORROW
                         NORMAL    RECORD    YEAR
 MAXIMUM TEMPERATURE (F)   52        79      2012
                                             1966
 MINIMUM TEMPERATURE (F)   33        -2      1906


SUNRISE AND SUNSET
MARCH 16 2017.........SUNRISE   714 AM CDT   SUNSET   713 PM CDT
MARCH 17 2017.........SUNRISE   713 AM CDT   SUNSET   714 PM CDT


-  INDICATES NEGATIVE NUMBERS.
R  INDICATES RECORD WAS SET OR TIED.
MM INDICATES DATA IS MISSING.
T  INDICATES TRACE AMOUNT.




$$
