000
CDUS43 KLSX 260835
CLIUIN


CLIMATE REPORT
NATIONAL WEATHER SERVICE ST LOUIS MO
235 AM CST THU FEB 26 2015


...................................

...THE QUINCY IL CLIMATE SUMMARY FOR FEBRUARY 25 2015...

CLIMATE NORMAL PERIOD 1981 TO 2010
CLIMATE RECORD PERIOD 1901 TO 2015


WEATHER ITEM   OBSERVED TIME   RECORD YEAR NORMAL DEPARTURE LAST
                VALUE   (LST)  VALUE       VALUE  FROM      YEAR
                                                  NORMAL
..................................................................
TEMPERATURE (F)
 YESTERDAY
  MAXIMUM         36    229 PM  71    2000  43     -7       22
  MINIMUM         20   1159 PM  -5    1914  26     -6       12
  AVERAGE         28                        34     -6

PRECIPITATION (IN)
  YESTERDAY        0.04          1.57 2000   0.08  -0.04      T
  MONTH TO DATE    0.95                      1.64  -0.69     1.42
  SINCE DEC 1      3.39                      5.41  -2.02     3.20
  SINCE JAN 1      2.08                      3.16  -1.08     2.12

DEGREE DAYS
 HEATING
  YESTERDAY       37                        31      6
  MONTH TO DATE 1102                       866    236
  SINCE DEC 1   3218                      3152     66
  SINCE JUL 1   4495                      4252    243

 COOLING
  YESTERDAY        0                         0      0
  MONTH TO DATE    0                         0      0
  SINCE DEC 1      0                         0      0
  SINCE JAN 1      0                         0      0
..................................................................


WIND (MPH)
  HIGHEST WIND SPEED    23   HIGHEST WIND DIRECTION     N (20)
  HIGHEST GUST SPEED    27   HIGHEST GUST DIRECTION     N (20)
  AVERAGE WIND SPEED     8.7


SKY COVER
  AVERAGE SKY COVER 0.5



RELATIVE HUMIDITY (PERCENT)
 HIGHEST    92          1000 PM
 LOWEST     47           100 PM
 AVERAGE    70

..........................................................


THE QUINCY IL CLIMATE NORMALS FOR TODAY
                         NORMAL    RECORD    YEAR
 MAXIMUM TEMPERATURE (F)   43        73      1996
 MINIMUM TEMPERATURE (F)   26       -11      1963


SUNRISE AND SUNSET
FEBRUARY 26 2015......SUNRISE   643 AM CST   SUNSET   553 PM CST
FEBRUARY 27 2015......SUNRISE   641 AM CST   SUNSET   554 PM CST


-  INDICATES NEGATIVE NUMBERS.
R  INDICATES RECORD WAS SET OR TIED.
MM INDICATES DATA IS MISSING.
T  INDICATES TRACE AMOUNT.




$$
