000
CDUS43 KLSX 252138
CLIUIN


CLIMATE REPORT
NATIONAL WEATHER SERVICE ST LOUIS MO
435 PM CDT SAT JUL 25 2015


...................................

...THE QUINCY IL CLIMATE SUMMARY FOR JULY 25 2015...
VALID TODAY AS OF 0400 PM LOCAL TIME.

CLIMATE NORMAL PERIOD 1981 TO 2010
CLIMATE RECORD PERIOD 1901 TO 2015


WEATHER ITEM   OBSERVED TIME   RECORD YEAR NORMAL DEPARTURE LAST
                VALUE   (LST)  VALUE       VALUE  FROM      YEAR
                                                  NORMAL
..................................................................
TEMPERATURE (F)
 TODAY
  MAXIMUM         88    150 PM 109    1934  86      2       77
  MINIMUM         72    830 AM  53    1911  66      6       60
  AVERAGE         80                        76      4       69

PRECIPITATION (IN)
  TODAY            0.05          2.07 1948   0.13  -0.08     0.71
  MONTH TO DATE    7.41                      3.32   4.09     2.78
  SINCE JUN 1     15.94                      7.31   8.63    10.93
  SINCE JAN 1     24.62                     21.40   3.22    19.34

DEGREE DAYS
 HEATING
  TODAY            0                         0      0
  MONTH TO DATE    3                         0      3
  SINCE JUN 1     11                        16     -5
  SINCE JUL 1      3                         0      3

 COOLING
  TODAY           15                        11      4
  MONTH TO DATE  254                       275    -21
  SINCE JUN 1    501                       502     -1
  SINCE JAN 1    615                       588     27
..................................................................


WIND (MPH)
  HIGHEST WIND SPEED    23   HIGHEST WIND DIRECTION    SE (140)
  HIGHEST GUST SPEED    35   HIGHEST GUST DIRECTION    NW (300)
  AVERAGE WIND SPEED     7.5


SKY COVER
  AVERAGE SKY COVER 0.2



RELATIVE HUMIDITY (PERCENT)
 HIGHEST    93          1200 AM
 LOWEST     57           100 PM
 AVERAGE    75

..........................................................


THE QUINCY IL CLIMATE NORMALS FOR TOMORROW
                         NORMAL    RECORD    YEAR
 MAXIMUM TEMPERATURE (F)   86       107      1934
 MINIMUM TEMPERATURE (F)   66        51      1962


SUNRISE AND SUNSET
JULY 25 2015..........SUNRISE   557 AM CDT   SUNSET   825 PM CDT
JULY 26 2015..........SUNRISE   558 AM CDT   SUNSET   824 PM CDT


-  INDICATES NEGATIVE NUMBERS.
R  INDICATES RECORD WAS SET OR TIED.
MM INDICATES DATA IS MISSING.
T  INDICATES TRACE AMOUNT.




$$
