000
CDUS43 KLSX 290729
CLIUIN


CLIMATE REPORT
NATIONAL WEATHER SERVICE ST LOUIS MO
227 AM CDT WED JUL 29 2015


...................................

...THE QUINCY IL CLIMATE SUMMARY FOR JULY 28 2015...

CLIMATE NORMAL PERIOD 1981 TO 2010
CLIMATE RECORD PERIOD 1901 TO 2015


WEATHER ITEM   OBSERVED TIME   RECORD YEAR NORMAL DEPARTURE LAST
                VALUE   (LST)  VALUE       VALUE  FROM      YEAR
                                                  NORMAL
..................................................................
TEMPERATURE (F)
 YESTERDAY
  MAXIMUM         93    359 PM 104    1914  86      7       75
  MINIMUM         71    426 AM  49    2013  66      5       59
  AVERAGE         82                        76      6

PRECIPITATION (IN)
  YESTERDAY        0.01          1.99 1957   0.12  -0.11     0.00
  MONTH TO DATE    9.42                      3.68   5.74     2.89
  SINCE JUN 1     17.95                      7.67  10.28    11.04
  SINCE JAN 1     26.63                     21.76   4.87    19.45

DEGREE DAYS
 HEATING
  YESTERDAY        0                         0      0
  MONTH TO DATE    3                         0      3
  SINCE JUN 1     11                        16     -5
  SINCE JUL 1      3                         0      3

 COOLING
  YESTERDAY       17                        11      6
  MONTH TO DATE  301                       308     -7
  SINCE JUN 1    548                       535     13
  SINCE JAN 1    662                       621     41
..................................................................


WIND (MPH)
  HIGHEST WIND SPEED    13   HIGHEST WIND DIRECTION    NW (300)
  HIGHEST GUST SPEED    17   HIGHEST GUST DIRECTION    NW (300)
  AVERAGE WIND SPEED     5.1


SKY COVER
  AVERAGE SKY COVER 0.1



RELATIVE HUMIDITY (PERCENT)
 HIGHEST    94          1000 PM
 LOWEST     64           100 PM
 AVERAGE    79

..........................................................


THE QUINCY IL CLIMATE NORMALS FOR TODAY
                         NORMAL    RECORD    YEAR
 MAXIMUM TEMPERATURE (F)   86       105      1931
 MINIMUM TEMPERATURE (F)   66        50      2013


SUNRISE AND SUNSET
JULY 29 2015..........SUNRISE   600 AM CDT   SUNSET   822 PM CDT
JULY 30 2015..........SUNRISE   601 AM CDT   SUNSET   821 PM CDT


-  INDICATES NEGATIVE NUMBERS.
R  INDICATES RECORD WAS SET OR TIED.
MM INDICATES DATA IS MISSING.
T  INDICATES TRACE AMOUNT.




$$
