000
CDUS43 KLSX 190729
CLIUIN


CLIMATE REPORT
NATIONAL WEATHER SERVICE ST LOUIS MO
228 AM CDT SAT JUL 19 2014


...................................

...THE QUINCY IL CLIMATE SUMMARY FOR JULY 18 2014...

CLIMATE NORMAL PERIOD 1981 TO 2010
CLIMATE RECORD PERIOD 1901 TO 2014


WEATHER ITEM   OBSERVED TIME   RECORD YEAR NORMAL DEPARTURE LAST
                VALUE   (LST)  VALUE       VALUE  FROM      YEAR
                                                  NORMAL
..................................................................
TEMPERATURE (F)
 YESTERDAY
  MAXIMUM         79    420 PM 108    1934  86     -7       95
  MINIMUM         59    400 AM  55    1911  67     -8       74
                                      1910
                                      1906
  AVERAGE         69                        76     -7

PRECIPITATION (IN)
  YESTERDAY        0.00          2.13 1981   0.13  -0.13     0.00
  MONTH TO DATE    2.05                      2.42  -0.37     0.02
  SINCE JUN 1     10.20                      6.41   3.79     1.80
  SINCE JAN 1     18.61                     20.50  -1.89    27.04

DEGREE DAYS
 HEATING
  YESTERDAY        0                         0      0
  MONTH TO DATE    5                         0      5
  SINCE JUN 1      9                        16     -7
  SINCE JUL 1      5                         0      5

 COOLING
  YESTERDAY        4                        11     -7
  MONTH TO DATE  112                       198    -86
  SINCE JUN 1    379                       425    -46
  SINCE JAN 1    522                       511     11
..................................................................


WIND (MPH)
  HIGHEST WIND SPEED    13   HIGHEST WIND DIRECTION    SE (140)
  HIGHEST GUST SPEED    17   HIGHEST GUST DIRECTION    SE (150)
  AVERAGE WIND SPEED     6.2


SKY COVER
  AVERAGE SKY COVER 0.1



RELATIVE HUMIDITY (PERCENT)
 HIGHEST    84           600 AM
 LOWEST     42          1200 PM
 AVERAGE    63

..........................................................


THE QUINCY IL CLIMATE NORMALS FOR TODAY
                         NORMAL    RECORD    YEAR
 MAXIMUM TEMPERATURE (F)   86       108      1934
 MINIMUM TEMPERATURE (F)   66        56      1909


SUNRISE AND SUNSET
JULY 19 2014..........SUNRISE   552 AM CDT   SUNSET   830 PM CDT
JULY 20 2014..........SUNRISE   553 AM CDT   SUNSET   829 PM CDT


-  INDICATES NEGATIVE NUMBERS.
R  INDICATES RECORD WAS SET OR TIED.
MM INDICATES DATA IS MISSING.
T  INDICATES TRACE AMOUNT.




$$
