000
CDUS43 KLSX 242238
CLIUIN


CLIMATE REPORT
NATIONAL WEATHER SERVICE ST LOUIS MO
436 PM CST THU NOV 24 2016


...................................

...THE QUINCY IL CLIMATE SUMMARY FOR NOVEMBER 24 2016...
VALID TODAY AS OF 0400 PM LOCAL TIME.

CLIMATE NORMAL PERIOD 1981 TO 2010
CLIMATE RECORD PERIOD 1901 TO 2016


WEATHER ITEM   OBSERVED TIME   RECORD YEAR NORMAL DEPARTURE LAST
                VALUE   (LST)  VALUE       VALUE  FROM      YEAR
                                                  NORMAL
..................................................................
TEMPERATURE (F)
 TODAY
  MAXIMUM         41    359 PM  69    1931  47     -6       58
  MINIMUM         39    819 AM  -1    1950  30      9       34
  AVERAGE         40                        38      2       46

PRECIPITATION (IN)
  TODAY            0.00          1.49 2001   0.10  -0.10     0.00
  MONTH TO DATE    0.91                      2.44  -1.53     2.68
  SINCE SEP 1      5.91                      8.75  -2.84     4.91
  SINCE JAN 1     29.60                     34.50  -4.90    33.67

DEGREE DAYS
 HEATING
  TODAY           25                        27     -2
  MONTH TO DATE  351                       506   -155
  SINCE SEP 1    543                       925   -382
  SINCE JUL 1    549                       930   -381

 COOLING
  TODAY            0                         0      0
  MONTH TO DATE   15                         0     15
  SINCE SEP 1    296                       140    156
  SINCE JAN 1   1472                      1093    379
..................................................................


WIND (MPH)
  HIGHEST WIND SPEED    17   HIGHEST WIND DIRECTION    NW (300)
  HIGHEST GUST SPEED    21   HIGHEST GUST DIRECTION    NW (310)
  AVERAGE WIND SPEED     7.4


SKY COVER
  AVERAGE SKY COVER 1.0



RELATIVE HUMIDITY (PERCENT)
 HIGHEST    79          1200 AM
 LOWEST     73           100 PM
 AVERAGE    76

..........................................................


THE QUINCY IL CLIMATE NORMALS FOR TOMORROW
                         NORMAL    RECORD    YEAR
 MAXIMUM TEMPERATURE (F)   46        68      1915
 MINIMUM TEMPERATURE (F)   29        -1      1950


SUNRISE AND SUNSET
NOVEMBER 24 2016......SUNRISE   700 AM CST   SUNSET   443 PM CST
NOVEMBER 25 2016......SUNRISE   702 AM CST   SUNSET   442 PM CST


-  INDICATES NEGATIVE NUMBERS.
R  INDICATES RECORD WAS SET OR TIED.
MM INDICATES DATA IS MISSING.
T  INDICATES TRACE AMOUNT.




$$
