000
CDUS43 KLSX 010741
CLIUIN


CLIMATE REPORT
NATIONAL WEATHER SERVICE ST LOUIS MO
138 AM CST MON FEB 1 2016


...................................

...THE QUINCY IL CLIMATE SUMMARY FOR JANUARY 31 2016...

CLIMATE NORMAL PERIOD 1981 TO 2010
CLIMATE RECORD PERIOD 1901 TO 2016


WEATHER ITEM   OBSERVED TIME   RECORD YEAR NORMAL DEPARTURE LAST
                VALUE   (LST)  VALUE       VALUE  FROM      YEAR
                                                  NORMAL
..................................................................
TEMPERATURE (F)
 YESTERDAY
  MAXIMUM         52   1042 AM  72    1989  35     17       36
  MINIMUM         33   1007 PM -14    1996  19     14       24
  AVERAGE         43                        27     16

PRECIPITATION (IN)
  YESTERDAY        0.00          0.64 1915   0.05  -0.05     0.51
  MONTH TO DATE    0.40                      1.52  -1.12     1.13
  SINCE DEC 1      6.22                      3.77   2.45     2.44
  SINCE JAN 1      0.40                      1.52  -1.12     1.13

DEGREE DAYS
 HEATING
  YESTERDAY       22                        38    -16
  MONTH TO DATE 1166                      1198    -32
  SINCE DEC 1   1909                      2286   -377
  SINCE JUL 1   2727                      3386   -659

 COOLING
  YESTERDAY        0                         0      0
  MONTH TO DATE    0                         0      0
  SINCE DEC 1      0                         0      0
  SINCE JAN 1      0                         0      0
..................................................................


WIND (MPH)
  HIGHEST WIND SPEED    23   HIGHEST WIND DIRECTION    NW (310)
  HIGHEST GUST SPEED    27   HIGHEST GUST DIRECTION    NW (310)
  AVERAGE WIND SPEED     9.4


SKY COVER
  AVERAGE SKY COVER 0.1



RELATIVE HUMIDITY (PERCENT)
 HIGHEST    96          1100 PM
 LOWEST     63           400 AM
 AVERAGE    80

..........................................................


THE QUINCY IL CLIMATE NORMALS FOR TODAY
                         NORMAL    RECORD    YEAR
 MAXIMUM TEMPERATURE (F)   35        69      1911
 MINIMUM TEMPERATURE (F)   19       -14      1951
                                             1904


SUNRISE AND SUNSET
FEBRUARY  1 2016......SUNRISE   714 AM CST   SUNSET   524 PM CST
FEBRUARY  2 2016......SUNRISE   713 AM CST   SUNSET   525 PM CST


-  INDICATES NEGATIVE NUMBERS.
R  INDICATES RECORD WAS SET OR TIED.
MM INDICATES DATA IS MISSING.
T  INDICATES TRACE AMOUNT.




$$
