000
CDUS43 KLSX 172134
CLIUIN


CLIMATE REPORT
NATIONAL WEATHER SERVICE ST LOUIS MO
431 PM CDT WED AUG 17 2016


...................................

...THE QUINCY IL CLIMATE SUMMARY FOR AUGUST 17 2016...
VALID TODAY AS OF 0400 PM LOCAL TIME.

CLIMATE NORMAL PERIOD 1981 TO 2010
CLIMATE RECORD PERIOD 1901 TO 2016


WEATHER ITEM   OBSERVED TIME   RECORD YEAR NORMAL DEPARTURE LAST
                VALUE   (LST)  VALUE       VALUE  FROM      YEAR
                                                  NORMAL
..................................................................
TEMPERATURE (F)
 TODAY
  MAXIMUM         88    224 PM 106    1936  85      3       89
  MINIMUM         67    538 AM  52    2012  65      2       70
  AVERAGE         78                        75      3       80

PRECIPITATION (IN)
  TODAY            0.00          3.07 2009   0.11  -0.11     0.03
  MONTH TO DATE    2.30                      2.01   0.29     0.90
  SINCE JUN 1     10.02                     10.04  -0.02    18.85
  SINCE JAN 1     18.70                     24.13  -5.43    27.53

DEGREE DAYS
 HEATING
  TODAY            0                         0      0
  MONTH TO DATE    0                         0      0
  SINCE JUN 1      6                        16    -10
  SINCE JUL 1      6                         0      6

 COOLING
  TODAY           13                        10      3
  MONTH TO DATE  205                       175     30
  SINCE JUN 1    936                       745    191
  SINCE JAN 1   1040                       831    209
..................................................................


WIND (MPH)
  HIGHEST WIND SPEED    13   HIGHEST WIND DIRECTION     S (200)
  HIGHEST GUST SPEED    16   HIGHEST GUST DIRECTION    SW (220)
  AVERAGE WIND SPEED     5.9


SKY COVER
  AVERAGE SKY COVER 0.1



RELATIVE HUMIDITY (PERCENT)
 HIGHEST   100          1200 AM
 LOWEST     55           200 PM
 AVERAGE    78

..........................................................


THE QUINCY IL CLIMATE NORMALS FOR TOMORROW
                         NORMAL    RECORD    YEAR
 MAXIMUM TEMPERATURE (F)   85       104      1936
 MINIMUM TEMPERATURE (F)   65        50      2012


SUNRISE AND SUNSET
AUGUST 17 2016........SUNRISE   619 AM CDT   SUNSET   758 PM CDT
AUGUST 18 2016........SUNRISE   620 AM CDT   SUNSET   756 PM CDT


-  INDICATES NEGATIVE NUMBERS.
R  INDICATES RECORD WAS SET OR TIED.
MM INDICATES DATA IS MISSING.
T  INDICATES TRACE AMOUNT.




$$
