000
CDUS43 KLSX 140726
CLIUIN


CLIMATE REPORT
NATIONAL WEATHER SERVICE ST LOUIS MO
225 AM CDT MON AUG 14 2017


...................................

...THE QUINCY IL CLIMATE SUMMARY FOR AUGUST 13 2017...

CLIMATE NORMAL PERIOD 1981 TO 2010
CLIMATE RECORD PERIOD 1901 TO 2017


WEATHER ITEM   OBSERVED TIME   RECORD YEAR NORMAL DEPARTURE LAST
                VALUE   (LST)  VALUE       VALUE  FROM      YEAR
                                                  NORMAL
..................................................................
TEMPERATURE (F)
 YESTERDAY
  MAXIMUM         79    235 PM 105    1936  85     -6       84
  MINIMUM         56    427 AM  44    1964  65     -9       69
  AVERAGE         68                        75     -7

PRECIPITATION (IN)
  YESTERDAY        0.00          3.39 1987   0.11  -0.11     0.00
  MONTH TO DATE    2.14                      1.54   0.60     2.26
  SINCE JUN 1      7.20                      9.57  -2.37     9.98
  SINCE JAN 1     23.98                     23.66   0.32    18.66

DEGREE DAYS
 HEATING
  YESTERDAY        0                         0      0
  MONTH TO DATE    0                         0      0
  SINCE JUN 1      4                        16    -12
  SINCE JUL 1      0                         0      0

 COOLING
  YESTERDAY        3                        10     -7
  MONTH TO DATE   77                       135    -58
  SINCE JUN 1    766                       705     61
  SINCE JAN 1    875                       791     84
..................................................................


WIND (MPH)
  HIGHEST WIND SPEED    12   HIGHEST WIND DIRECTION     E (110)
  HIGHEST GUST SPEED    14   HIGHEST GUST DIRECTION    SE (140)
  AVERAGE WIND SPEED     6.5


SKY COVER
  AVERAGE SKY COVER 0.1



RELATIVE HUMIDITY (PERCENT)
 HIGHEST    93           300 AM
 LOWEST     45           200 PM
 AVERAGE    69

..........................................................


THE QUINCY IL CLIMATE NORMALS FOR TODAY
                         NORMAL    RECORD    YEAR
 MAXIMUM TEMPERATURE (F)   85       104      1936
 MINIMUM TEMPERATURE (F)   65        49      1992


SUNRISE AND SUNSET
AUGUST 14 2017........SUNRISE   616 AM CDT   SUNSET   802 PM CDT
AUGUST 15 2017........SUNRISE   617 AM CDT   SUNSET   801 PM CDT


-  INDICATES NEGATIVE NUMBERS.
R  INDICATES RECORD WAS SET OR TIED.
MM INDICATES DATA IS MISSING.
T  INDICATES TRACE AMOUNT.




$$
