000
CDUS43 KLSX 170932
CLIUIN


CLIMATE REPORT
NATIONAL WEATHER SERVICE ST LOUIS MO
331 AM CST WED DEC 17 2014


...................................

...THE QUINCY IL CLIMATE SUMMARY FOR DECEMBER 16 2014...

CLIMATE NORMAL PERIOD 1981 TO 2010
CLIMATE RECORD PERIOD 1901 TO 2014


WEATHER ITEM   OBSERVED TIME   RECORD YEAR NORMAL DEPARTURE LAST
                VALUE   (LST)  VALUE       VALUE  FROM      YEAR
                                                  NORMAL
..................................................................
TEMPERATURE (F)
 YESTERDAY
  MAXIMUM         42    252 AM  65    2006  37      5       24
  MINIMUM         27   1159 PM -12    1932  22      5       18
  AVERAGE         35                        29      6

PRECIPITATION (IN)
  YESTERDAY        0.06          0.83 1940   0.07  -0.01     0.00
  MONTH TO DATE    0.87                      1.30  -0.43     0.79
  SINCE DEC 1      0.87                      1.30  -0.43     0.79
  SINCE JAN 1     39.68                     36.38   3.30    35.38

DEGREE DAYS
 HEATING
  YESTERDAY       30                        36     -6
  MONTH TO DATE  483                       532    -49
  SINCE DEC 1    483                       532    -49
  SINCE JUL 1   1760                      1632    128

 COOLING
  YESTERDAY        0                         0      0
  MONTH TO DATE    0                         0      0
  SINCE DEC 1      0                         0      0
  SINCE JAN 1   1021                      1094    -73
..................................................................


WIND (MPH)
  HIGHEST WIND SPEED    29   HIGHEST WIND DIRECTION    NW (300)
  HIGHEST GUST SPEED    37   HIGHEST GUST DIRECTION    NW (300)
  AVERAGE WIND SPEED    18.9


SKY COVER
  AVERAGE SKY COVER 0.9



RELATIVE HUMIDITY (PERCENT)
 HIGHEST    93           200 AM
 LOWEST     69          1000 PM
 AVERAGE    81

..........................................................


THE QUINCY IL CLIMATE NORMALS FOR TODAY
                         NORMAL    RECORD    YEAR
 MAXIMUM TEMPERATURE (F)   37        64      1939
 MINIMUM TEMPERATURE (F)   21        -5      1932


SUNRISE AND SUNSET
DECEMBER 17 2014......SUNRISE   721 AM CST   SUNSET   441 PM CST
DECEMBER 18 2014......SUNRISE   721 AM CST   SUNSET   442 PM CST


-  INDICATES NEGATIVE NUMBERS.
R  INDICATES RECORD WAS SET OR TIED.
MM INDICATES DATA IS MISSING.
T  INDICATES TRACE AMOUNT.




$$
