313
CDUS43 KLSX 152231
CLIUIN


CLIMATE REPORT
NATIONAL WEATHER SERVICE ST LOUIS MO
529 PM CDT FRI SEP 15 2017


...................................

...THE QUINCY IL CLIMATE SUMMARY FOR SEPTEMBER 15 2017...
VALID TODAY AS OF 0500 PM LOCAL TIME.

CLIMATE NORMAL PERIOD 1981 TO 2010
CLIMATE RECORD PERIOD 1901 TO 2017


WEATHER ITEM   OBSERVED TIME   RECORD YEAR NORMAL DEPARTURE LAST
                VALUE   (LST)  VALUE       VALUE  FROM      YEAR
                                                  NORMAL
..................................................................
TEMPERATURE (F)
 TODAY
  MAXIMUM         91    238 PM 100    1939  78     13       86
                                      1927
  MINIMUM         61    532 AM  37    2007  56      5       64
  AVERAGE         76                        67      9       75

PRECIPITATION (IN)
  TODAY            0.00          2.83 1915   0.11  -0.11     0.00
  MONTH TO DATE    0.00                      1.65  -1.65     3.00
  SINCE SEP 1      0.00                      1.65  -1.65     3.00
  SINCE JAN 1     26.15                     27.40  -1.25    26.69

DEGREE DAYS
 HEATING
  TODAY            0                         2     -2
  MONTH TO DATE   19                        18      1
  SINCE SEP 1     19                        18      1
  SINCE JUL 1     19                        23     -4

 COOLING
  TODAY           11                         4      7
  MONTH TO DATE   47                        84    -37
  SINCE SEP 1     47                        84    -37
  SINCE JAN 1   1042                      1037      5
..................................................................


WIND (MPH)
  HIGHEST WIND SPEED    17   HIGHEST WIND DIRECTION    SW (210)
  HIGHEST GUST SPEED    22   HIGHEST GUST DIRECTION     S (200)
  AVERAGE WIND SPEED     8.3


SKY COVER
  AVERAGE SKY COVER 0.0



RELATIVE HUMIDITY (PERCENT)
 HIGHEST    84           400 AM
 LOWEST     32           200 PM
 AVERAGE    58

..........................................................


THE QUINCY IL CLIMATE NORMALS FOR TOMORROW
                         NORMAL    RECORD    YEAR
 MAXIMUM TEMPERATURE (F)   77        99      1927
 MINIMUM TEMPERATURE (F)   56        41      1984
                                             1916


SUNRISE AND SUNSET
SEPTEMBER 15 2017.....SUNRISE   646 AM CDT   SUNSET   713 PM CDT
SEPTEMBER 16 2017.....SUNRISE   647 AM CDT   SUNSET   711 PM CDT


-  INDICATES NEGATIVE NUMBERS.
R  INDICATES RECORD WAS SET OR TIED.
MM INDICATES DATA IS MISSING.
T  INDICATES TRACE AMOUNT.




$$
