000
CDUS43 KLSX 230751
CLIUIN


CLIMATE REPORT
NATIONAL WEATHER SERVICE ST LOUIS MO
147 AM CST MON FEB 23 2015


...................................

...THE QUINCY IL CLIMATE SUMMARY FOR FEBRUARY 22 2015...

CLIMATE NORMAL PERIOD 1981 TO 2010
CLIMATE RECORD PERIOD 1901 TO 2015


WEATHER ITEM   OBSERVED TIME   RECORD YEAR NORMAL DEPARTURE LAST
                VALUE   (LST)  VALUE       VALUE  FROM      YEAR
                                                  NORMAL
..................................................................
TEMPERATURE (F)
 YESTERDAY
  MAXIMUM         27   1209 AM  70    1922  42    -15       42
  MINIMUM          5   1159 PM  -3    1963  25    -20       26
  AVERAGE         16                        33    -17

PRECIPITATION (IN)
  YESTERDAY        0.00          1.60 1985   0.08  -0.08     0.00
  MONTH TO DATE    0.91                      1.41  -0.50     1.42
  SINCE DEC 1      3.35                      5.18  -1.83     3.20
  SINCE JAN 1      2.04                      2.93  -0.89     2.12

DEGREE DAYS
 HEATING
  YESTERDAY       49                        32     17
  MONTH TO DATE  959                       772    187
  SINCE DEC 1   3075                      3058     17
  SINCE JUL 1   4352                      4158    194

 COOLING
  YESTERDAY        0                         0      0
  MONTH TO DATE    0                         0      0
  SINCE DEC 1      0                         0      0
  SINCE JAN 1      0                         0      0
..................................................................


WIND (MPH)
  HIGHEST WIND SPEED    23   HIGHEST WIND DIRECTION     N (340)
  HIGHEST GUST SPEED    27   HIGHEST GUST DIRECTION    NW (320)
  AVERAGE WIND SPEED    14.0


SKY COVER
  AVERAGE SKY COVER 0.2



RELATIVE HUMIDITY (PERCENT)
 HIGHEST    76           700 AM
 LOWEST     45           200 PM
 AVERAGE    61

..........................................................


THE QUINCY IL CLIMATE NORMALS FOR TODAY
                         NORMAL    RECORD    YEAR
 MAXIMUM TEMPERATURE (F)   42        70      1922
 MINIMUM TEMPERATURE (F)   25        -7      1989


SUNRISE AND SUNSET
FEBRUARY 23 2015......SUNRISE   647 AM CST   SUNSET   550 PM CST
FEBRUARY 24 2015......SUNRISE   646 AM CST   SUNSET   551 PM CST


-  INDICATES NEGATIVE NUMBERS.
R  INDICATES RECORD WAS SET OR TIED.
MM INDICATES DATA IS MISSING.
T  INDICATES TRACE AMOUNT.




$$
