036
CDUS43 KLSX 200745
CLIUIN


CLIMATE REPORT
NATIONAL WEATHER SERVICE ST LOUIS MO
145 AM CST FRI JAN 20 2017


...................................

...THE QUINCY IL CLIMATE SUMMARY FOR JANUARY 19 2017...

CLIMATE NORMAL PERIOD 1981 TO 2010
CLIMATE RECORD PERIOD 1901 TO 2017


WEATHER ITEM   OBSERVED TIME   RECORD YEAR NORMAL DEPARTURE LAST
                VALUE   (LST)  VALUE       VALUE  FROM      YEAR
                                                  NORMAL
..................................................................
TEMPERATURE (F)
 YESTERDAY
  MAXIMUM         46    247 PM  67    1951  34     12       21
  MINIMUM         35    244 AM -19    1985  18     17        6
  AVERAGE         41                        26     15

PRECIPITATION (IN)
  YESTERDAY        0.13          2.68 1907   0.05   0.08     0.20
  MONTH TO DATE    1.15                      0.96   0.19     0.40
  SINCE DEC 1      2.18                      3.21  -1.03     6.22
  SINCE JAN 1      1.15                      0.96   0.19     0.40

DEGREE DAYS
 HEATING
  YESTERDAY       24                        39    -15
  MONTH TO DATE  700                       737    -37
  SINCE DEC 1   1813                      1828    -15
  SINCE JUL 1   2501                      2928   -427

 COOLING
  YESTERDAY        0                         0      0
  MONTH TO DATE    0                         0      0
  SINCE DEC 1      0                         0      0
  SINCE JAN 1      0                         0      0
..................................................................


WIND (MPH)
  HIGHEST WIND SPEED    14   HIGHEST WIND DIRECTION    SE (120)
  HIGHEST GUST SPEED    17   HIGHEST GUST DIRECTION    SE (120)
  AVERAGE WIND SPEED     7.0


SKY COVER
  AVERAGE SKY COVER 0.9



RELATIVE HUMIDITY (PERCENT)
 HIGHEST   100          1100 AM
 LOWEST     92          1200 AM
 AVERAGE    96

..........................................................


THE QUINCY IL CLIMATE NORMALS FOR TODAY
                         NORMAL    RECORD    YEAR
 MAXIMUM TEMPERATURE (F)   34        66      1906
 MINIMUM TEMPERATURE (F)   18       -21      1985


SUNRISE AND SUNSET
JANUARY 20 2017.......SUNRISE   722 AM CST   SUNSET   510 PM CST
JANUARY 21 2017.......SUNRISE   721 AM CST   SUNSET   511 PM CST


-  INDICATES NEGATIVE NUMBERS.
R  INDICATES RECORD WAS SET OR TIED.
MM INDICATES DATA IS MISSING.
T  INDICATES TRACE AMOUNT.




$$
