000
CDUS43 KLSX 020731
CLIUIN


CLIMATE REPORT
NATIONAL WEATHER SERVICE ST LOUIS MO
131 AM CST TUE FEB 2 2016


...................................

...THE QUINCY IL CLIMATE SUMMARY FOR FEBRUARY 1 2016...

CLIMATE NORMAL PERIOD 1981 TO 2010
CLIMATE RECORD PERIOD 1901 TO 2016


WEATHER ITEM   OBSERVED TIME   RECORD YEAR NORMAL DEPARTURE LAST
                VALUE   (LST)  VALUE       VALUE  FROM      YEAR
                                                  NORMAL
..................................................................
TEMPERATURE (F)
 YESTERDAY
  MAXIMUM         50    321 PM  69    1911  35     15       34
  MINIMUM         33    542 AM -14    1951  19     14       13
                                      1904
  AVERAGE         42                        27     15

PRECIPITATION (IN)
  YESTERDAY        0.00          1.63 1968   0.05  -0.05     0.50
  MONTH TO DATE    0.00                      0.05  -0.05     0.50
  SINCE DEC 1      6.22                      3.82   2.40     2.94
  SINCE JAN 1      0.40                      1.57  -1.17     1.63

DEGREE DAYS
 HEATING
  YESTERDAY       23                        38    -15
  MONTH TO DATE   23                        38    -15
  SINCE DEC 1   1932                      2324   -392
  SINCE JUL 1   2750                      3424   -674

 COOLING
  YESTERDAY        0                         0      0
  MONTH TO DATE    0                         0      0
  SINCE DEC 1      0                         0      0
  SINCE JAN 1      0                         0      0
..................................................................


WIND (MPH)
  HIGHEST WIND SPEED    14   HIGHEST WIND DIRECTION     E (70)
  HIGHEST GUST SPEED    16   HIGHEST GUST DIRECTION     E (70)
  AVERAGE WIND SPEED     5.9


SKY COVER
  AVERAGE SKY COVER 0.3



RELATIVE HUMIDITY (PERCENT)
 HIGHEST    96           500 AM
 LOWEST     42           300 PM
 AVERAGE    69

..........................................................


THE QUINCY IL CLIMATE NORMALS FOR TODAY
                         NORMAL    RECORD    YEAR
 MAXIMUM TEMPERATURE (F)   36        68      1920
 MINIMUM TEMPERATURE (F)   19       -20      1905


SUNRISE AND SUNSET
FEBRUARY  2 2016......SUNRISE   713 AM CST   SUNSET   525 PM CST
FEBRUARY  3 2016......SUNRISE   712 AM CST   SUNSET   526 PM CST


-  INDICATES NEGATIVE NUMBERS.
R  INDICATES RECORD WAS SET OR TIED.
MM INDICATES DATA IS MISSING.
T  INDICATES TRACE AMOUNT.




$$
