000
CDUS43 KLSX 190739
CLIUIN


CLIMATE REPORT
NATIONAL WEATHER SERVICE ST LOUIS MO
139 AM CST SUN FEB 19 2017


...................................

...THE QUINCY IL CLIMATE SUMMARY FOR FEBRUARY 18 2017...

CLIMATE NORMAL PERIOD 1981 TO 2010
CLIMATE RECORD PERIOD 1901 TO 2017


WEATHER ITEM   OBSERVED TIME   RECORD YEAR NORMAL DEPARTURE LAST
                VALUE   (LST)  VALUE       VALUE  FROM      YEAR
                                                  NORMAL
..................................................................
TEMPERATURE (F)
 YESTERDAY
  MAXIMUM         68R   345 PM  68    1971  40     28       55
  MINIMUM         43    649 AM -14    1936  23     20       32
  AVERAGE         56                        32     24

PRECIPITATION (IN)
  YESTERDAY        0.00          1.16 1991   0.07  -0.07     0.00
  MONTH TO DATE    0.09                      1.11  -1.02     0.22
  SINCE DEC 1      2.30                      4.88  -2.58     6.44
  SINCE JAN 1      1.27                      2.63  -1.36     0.62

DEGREE DAYS
 HEATING
  YESTERDAY        9                        33    -24
  MONTH TO DATE  478                       642   -164
  SINCE DEC 1   2617                      2928   -311
  SINCE JUL 1   3305                      4028   -723

 COOLING
  YESTERDAY        0                         0      0
  MONTH TO DATE    0                         0      0
  SINCE DEC 1      0                         0      0
  SINCE JAN 1      0                         0      0
..................................................................


WIND (MPH)
  HIGHEST WIND SPEED    14   HIGHEST WIND DIRECTION     W (250)
  HIGHEST GUST SPEED    19   HIGHEST GUST DIRECTION     W (260)
  AVERAGE WIND SPEED     6.0


SKY COVER
  AVERAGE SKY COVER 0.0



RELATIVE HUMIDITY (PERCENT)
 HIGHEST    71           800 AM
 LOWEST     34           400 PM
 AVERAGE    53

..........................................................


THE QUINCY IL CLIMATE NORMALS FOR TODAY
                         NORMAL    RECORD    YEAR
 MAXIMUM TEMPERATURE (F)   40        71      1930
 MINIMUM TEMPERATURE (F)   24       -11      1903


SUNRISE AND SUNSET
FEBRUARY 19 2017......SUNRISE   652 AM CST   SUNSET   546 PM CST
FEBRUARY 20 2017......SUNRISE   651 AM CST   SUNSET   547 PM CST


-  INDICATES NEGATIVE NUMBERS.
R  INDICATES RECORD WAS SET OR TIED.
MM INDICATES DATA IS MISSING.
T  INDICATES TRACE AMOUNT.




$$
