000
CDUS43 KLSX 162244
CLIUIN


CLIMATE REPORT
NATIONAL WEATHER SERVICE ST LOUIS MO
444 PM CST THU NOV 16 2017


...................................

...THE QUINCY IL CLIMATE SUMMARY FOR NOVEMBER 16 2017...
VALID TODAY AS OF 0400 PM LOCAL TIME.

CLIMATE NORMAL PERIOD 1981 TO 2010
CLIMATE RECORD PERIOD 1901 TO 2017


WEATHER ITEM   OBSERVED TIME   RECORD YEAR NORMAL DEPARTURE LAST
                VALUE   (LST)  VALUE       VALUE  FROM      YEAR
                                                  NORMAL
..................................................................
TEMPERATURE (F)
 TODAY
  MAXIMUM         45    356 PM  77    1952  51     -6       67
  MINIMUM         24    703 AM   4    1959  34    -10       40
  AVERAGE         35                        42     -7       54

PRECIPITATION (IN)
  TODAY            0.00          1.97 2009   0.09  -0.09     0.00
  MONTH TO DATE    0.40                      1.64  -1.24     0.81
  SINCE SEP 1      5.55                      7.95  -2.40     5.81
  SINCE JAN 1     31.70                     33.70  -2.00    29.50

DEGREE DAYS
 HEATING
  TODAY           30                        23      7
  MONTH TO DATE  366                       306     60
  SINCE SEP 1    647                       725    -78
  SINCE JUL 1    647                       730    -83

 COOLING
  TODAY            0                         0      0
  MONTH TO DATE    0                         0      0
  SINCE SEP 1    234                       140     94
  SINCE JAN 1   1229                      1093    136
..................................................................


WIND (MPH)
  HIGHEST WIND SPEED    12   HIGHEST WIND DIRECTION    NW (330)
  HIGHEST GUST SPEED    15   HIGHEST GUST DIRECTION    NW (320)
  AVERAGE WIND SPEED     5.5


SKY COVER
  AVERAGE SKY COVER 0.0



RELATIVE HUMIDITY (PERCENT)
 HIGHEST    88           700 AM
 LOWEST     53           200 PM
 AVERAGE    71

..........................................................


THE QUINCY IL CLIMATE NORMALS FOR TOMORROW
                         NORMAL    RECORD    YEAR
 MAXIMUM TEMPERATURE (F)   51        78      2016
                                             1952
 MINIMUM TEMPERATURE (F)   33         3      1959


SUNRISE AND SUNSET
NOVEMBER 16 2017......SUNRISE   651 AM CST   SUNSET   448 PM CST
NOVEMBER 17 2017......SUNRISE   652 AM CST   SUNSET   447 PM CST


-  INDICATES NEGATIVE NUMBERS.
R  INDICATES RECORD WAS SET OR TIED.
MM INDICATES DATA IS MISSING.
T  INDICATES TRACE AMOUNT.




$$
