000
CDUS43 KLSX 182132
CLIUIN


CLIMATE REPORT
NATIONAL WEATHER SERVICE ST LOUIS MO
432 PM CDT TUE APR 18 2017


...................................

...THE QUINCY IL CLIMATE SUMMARY FOR APRIL 18 2017...
VALID TODAY AS OF 0400 PM LOCAL TIME.

CLIMATE NORMAL PERIOD 1981 TO 2010
CLIMATE RECORD PERIOD 1901 TO 2017


WEATHER ITEM   OBSERVED TIME   RECORD YEAR NORMAL DEPARTURE LAST
                VALUE   (LST)  VALUE       VALUE  FROM      YEAR
                                                  NORMAL
..................................................................
TEMPERATURE (F)
 TODAY
  MAXIMUM         76    256 PM  88    1948  64     12       80
                                      1925
  MINIMUM         49    557 AM  24    1983  44      5       55
  AVERAGE         63                        54      9       68

PRECIPITATION (IN)
  TODAY            0.00          2.73 1970   0.13  -0.13      T
  MONTH TO DATE    2.00                      2.11  -0.11     0.36
  SINCE MAR 1      5.18                      4.57   0.61     1.44
  SINCE JAN 1      7.23                      7.97  -0.74     2.06

DEGREE DAYS
 HEATING
  TODAY            2                        12    -10
  MONTH TO DATE  144                       256   -112
  SINCE MAR 1    766                       974   -208
  SINCE JUL 1   4207                      5316  -1109

 COOLING
  TODAY            0                         1     -1
  MONTH TO DATE   22                         5     17
  SINCE MAR 1     22                         7     15
  SINCE JAN 1     22                         7     15
..................................................................


WIND (MPH)
  HIGHEST WIND SPEED    20   HIGHEST WIND DIRECTION     S (190)
  HIGHEST GUST SPEED    25   HIGHEST GUST DIRECTION     S (170)
  AVERAGE WIND SPEED     7.4


SKY COVER
  AVERAGE SKY COVER 0.2



RELATIVE HUMIDITY (PERCENT)
 HIGHEST    80           600 AM
 LOWEST     50           300 PM
 AVERAGE    65

..........................................................


THE QUINCY IL CLIMATE NORMALS FOR TOMORROW
                         NORMAL    RECORD    YEAR
 MAXIMUM TEMPERATURE (F)   65        85      1925
 MINIMUM TEMPERATURE (F)   44        26      1983


SUNRISE AND SUNSET
APRIL 18 2017.........SUNRISE   622 AM CDT   SUNSET   747 PM CDT
APRIL 19 2017.........SUNRISE   621 AM CDT   SUNSET   748 PM CDT


-  INDICATES NEGATIVE NUMBERS.
R  INDICATES RECORD WAS SET OR TIED.
MM INDICATES DATA IS MISSING.
T  INDICATES TRACE AMOUNT.




$$
