000
CDUS43 KLSX 180745
CLIUIN


CLIMATE REPORT
NATIONAL WEATHER SERVICE ST LOUIS MO
245 AM CDT SAT OCT 18 2014


...................................

...THE QUINCY IL CLIMATE SUMMARY FOR OCTOBER 17 2014...

CLIMATE NORMAL PERIOD 1981 TO 2010
CLIMATE RECORD PERIOD 1901 TO 2014


WEATHER ITEM   OBSERVED TIME   RECORD YEAR NORMAL DEPARTURE LAST
                VALUE   (LST)  VALUE       VALUE  FROM      YEAR
                                                  NORMAL
..................................................................
TEMPERATURE (F)
 YESTERDAY
  MAXIMUM         64    250 PM  88    1950  65     -1       64
  MINIMUM         48   1159 PM  27    1943  44      4       45
  AVERAGE         56                        54      2

PRECIPITATION (IN)
  YESTERDAY        0.00          3.47 1946   0.09  -0.09     0.04
  MONTH TO DATE    5.99                      1.66   4.33     0.60
  SINCE SEP 1     12.26                      4.96   7.30     2.40
  SINCE JAN 1     37.88                     30.71   7.17    30.50

DEGREE DAYS
 HEATING
  YESTERDAY        9                        11     -2
  MONTH TO DATE  159                       150      9
  SINCE SEP 1    246                       232     14
  SINCE JUL 1    251                       237     14

 COOLING
  YESTERDAY        0                         0      0
  MONTH TO DATE    0                        14    -14
  SINCE SEP 1     87                       137    -50
  SINCE JAN 1   1016                      1090    -74
..................................................................


WIND (MPH)
  HIGHEST WIND SPEED    24   HIGHEST WIND DIRECTION    NW (310)
  HIGHEST GUST SPEED    29   HIGHEST GUST DIRECTION    NW (300)
  AVERAGE WIND SPEED    13.0


SKY COVER
  AVERAGE SKY COVER 0.4



RELATIVE HUMIDITY (PERCENT)
 HIGHEST    80          1100 PM
 LOWEST     48           300 PM
 AVERAGE    64

..........................................................


THE QUINCY IL CLIMATE NORMALS FOR TODAY
                         NORMAL    RECORD    YEAR
 MAXIMUM TEMPERATURE (F)   64        87      1924
 MINIMUM TEMPERATURE (F)   44        24      1948


SUNRISE AND SUNSET
OCTOBER 18 2014.......SUNRISE   718 AM CDT   SUNSET   621 PM CDT
OCTOBER 19 2014.......SUNRISE   719 AM CDT   SUNSET   619 PM CDT


-  INDICATES NEGATIVE NUMBERS.
R  INDICATES RECORD WAS SET OR TIED.
MM INDICATES DATA IS MISSING.
T  INDICATES TRACE AMOUNT.




$$
