000
CDUS43 KLSX 240732
CLIUIN


CLIMATE REPORT
NATIONAL WEATHER SERVICE ST LOUIS MO
127 AM CST WED DEC 24 2014


...................................

...THE QUINCY IL CLIMATE SUMMARY FOR DECEMBER 23 2014...

CLIMATE NORMAL PERIOD 1981 TO 2010
CLIMATE RECORD PERIOD 1901 TO 2014


WEATHER ITEM   OBSERVED TIME   RECORD YEAR NORMAL DEPARTURE LAST
                VALUE   (LST)  VALUE       VALUE  FROM      YEAR
                                                  NORMAL
..................................................................
TEMPERATURE (F)
 YESTERDAY
  MAXIMUM         47    247 PM  64    1933  35     12       18
  MINIMUM         33   1034 PM -21    1989  20     13        4
  AVERAGE         40                        28     12

PRECIPITATION (IN)
  YESTERDAY        0.00          2.15 1932   0.06  -0.06     0.00
  MONTH TO DATE    1.31                      1.77  -0.46     1.08
  SINCE DEC 1      1.31                      1.77  -0.46     1.08
  SINCE JAN 1     40.12                     36.85   3.27    35.67

DEGREE DAYS
 HEATING
  YESTERDAY       25                        37    -12
  MONTH TO DATE  698                       788    -90
  SINCE DEC 1    698                       788    -90
  SINCE JUL 1   1975                      1888     87

 COOLING
  YESTERDAY        0                         0      0
  MONTH TO DATE    0                         0      0
  SINCE DEC 1      0                         0      0
  SINCE JAN 1   1021                      1094    -73
..................................................................


WIND (MPH)
  HIGHEST WIND SPEED    18   HIGHEST WIND DIRECTION    SW (240)
  HIGHEST GUST SPEED    25   HIGHEST GUST DIRECTION    SW (220)
  AVERAGE WIND SPEED     9.0


SKY COVER
  AVERAGE SKY COVER 0.3



RELATIVE HUMIDITY (PERCENT)
 HIGHEST    93          1200 AM
 LOWEST     60           300 PM
 AVERAGE    77

..........................................................


THE QUINCY IL CLIMATE NORMALS FOR TODAY
                         NORMAL    RECORD    YEAR
 MAXIMUM TEMPERATURE (F)   35        65      1955
 MINIMUM TEMPERATURE (F)   20       -15      1983


SUNRISE AND SUNSET
DECEMBER 24 2014......SUNRISE   724 AM CST   SUNSET   445 PM CST
DECEMBER 25 2014......SUNRISE   725 AM CST   SUNSET   445 PM CST


-  INDICATES NEGATIVE NUMBERS.
R  INDICATES RECORD WAS SET OR TIED.
MM INDICATES DATA IS MISSING.
T  INDICATES TRACE AMOUNT.




$$
