000
CDUS43 KLSX 170729
CLIUIN


CLIMATE REPORT
NATIONAL WEATHER SERVICE ST LOUIS MO
229 AM CDT SUN JUL 17 2016


...................................

...THE QUINCY IL CLIMATE SUMMARY FOR JULY 16 2016...

CLIMATE NORMAL PERIOD 1981 TO 2010
CLIMATE RECORD PERIOD 1901 TO 2016


WEATHER ITEM   OBSERVED TIME   RECORD YEAR NORMAL DEPARTURE LAST
                VALUE   (LST)  VALUE       VALUE  FROM      YEAR
                                                  NORMAL
..................................................................
TEMPERATURE (F)
 YESTERDAY
  MAXIMUM         83    314 PM 111    1936  86     -3       89
  MINIMUM         62    441 AM  52    2014  67     -5       71
  AVERAGE         73                        76     -3

PRECIPITATION (IN)
  YESTERDAY        0.00          1.66 1950   0.14  -0.14      T
  MONTH TO DATE    3.13                      2.16   0.97     6.22
  SINCE JUN 1      4.15                      6.15  -2.00    14.75
  SINCE JAN 1     12.83                     20.24  -7.41    23.43

DEGREE DAYS
 HEATING
  YESTERDAY        0                         0      0
  MONTH TO DATE    6                         0      6
  SINCE JUN 1      6                        16    -10
  SINCE JUL 1      6                         0      6

 COOLING
  YESTERDAY        8                        11     -3
  MONTH TO DATE  156                       176    -20
  SINCE JUN 1    513                       403    110
  SINCE JAN 1    617                       489    128
..................................................................


WIND (MPH)
  HIGHEST WIND SPEED    13   HIGHEST WIND DIRECTION    SE (140)
  HIGHEST GUST SPEED    17   HIGHEST GUST DIRECTION    SE (130)
  AVERAGE WIND SPEED     7.4


SKY COVER
  AVERAGE SKY COVER 0.2



RELATIVE HUMIDITY (PERCENT)
 HIGHEST    93           200 AM
 LOWEST     56          1000 AM
 AVERAGE    75

..........................................................


THE QUINCY IL CLIMATE NORMALS FOR TODAY
                         NORMAL    RECORD    YEAR
 MAXIMUM TEMPERATURE (F)   86       104      1936
 MINIMUM TEMPERATURE (F)   67        54      1941
                                             1911


SUNRISE AND SUNSET
JULY 17 2016..........SUNRISE   551 AM CDT   SUNSET   831 PM CDT
JULY 18 2016..........SUNRISE   552 AM CDT   SUNSET   830 PM CDT


-  INDICATES NEGATIVE NUMBERS.
R  INDICATES RECORD WAS SET OR TIED.
MM INDICATES DATA IS MISSING.
T  INDICATES TRACE AMOUNT.




$$
