000
CDUS43 KLSX 182229
CLIUIN


CLIMATE REPORT
NATIONAL WEATHER SERVICE ST LOUIS MO
529 PM CDT TUE JUL 18 2017


...................................

...THE QUINCY IL CLIMATE SUMMARY FOR JULY 18 2017...
VALID TODAY AS OF 0500 PM LOCAL TIME.

CLIMATE NORMAL PERIOD 1981 TO 2010
CLIMATE RECORD PERIOD 1901 TO 2017


WEATHER ITEM   OBSERVED TIME   RECORD YEAR NORMAL DEPARTURE LAST
                VALUE   (LST)  VALUE       VALUE  FROM      YEAR
                                                  NORMAL
..................................................................
TEMPERATURE (F)
 TODAY
  MAXIMUM         94    222 PM 108    1934  86      8       90
  MINIMUM         67    518 AM  55    1911  67      0       76
                                      1910
                                      1906
  AVERAGE         81                        76      5       83

PRECIPITATION (IN)
  TODAY            0.00          2.13 1981   0.13  -0.13     0.00
  MONTH TO DATE    0.56                      2.42  -1.86     3.21
  SINCE JUN 1      3.99                      6.41  -2.42     4.23
  SINCE JAN 1     20.77                     20.50   0.27    12.91

DEGREE DAYS
 HEATING
  TODAY            0                         0      0
  MONTH TO DATE    0                         0      0
  SINCE JUN 1      4                        16    -12
  SINCE JUL 1      0                         0      0

 COOLING
  TODAY           16                        11      5
  MONTH TO DATE  244                       198     46
  SINCE JUN 1    515                       425     90
  SINCE JAN 1    624                       511    113
..................................................................


WIND (MPH)
  HIGHEST WIND SPEED    12   HIGHEST WIND DIRECTION     S (200)
  HIGHEST GUST SPEED    14   HIGHEST GUST DIRECTION     S (170)
  AVERAGE WIND SPEED     7.2


SKY COVER
  AVERAGE SKY COVER 0.0



RELATIVE HUMIDITY (PERCENT)
 HIGHEST    87           300 AM
 LOWEST     52           200 PM
 AVERAGE    70

..........................................................


THE QUINCY IL CLIMATE NORMALS FOR TOMORROW
                         NORMAL    RECORD    YEAR
 MAXIMUM TEMPERATURE (F)   86       108      1934
 MINIMUM TEMPERATURE (F)   66        56      1909


SUNRISE AND SUNSET
JULY 18 2017..........SUNRISE   551 AM CDT   SUNSET   830 PM CDT
JULY 19 2017..........SUNRISE   552 AM CDT   SUNSET   830 PM CDT


-  INDICATES NEGATIVE NUMBERS.
R  INDICATES RECORD WAS SET OR TIED.
MM INDICATES DATA IS MISSING.
T  INDICATES TRACE AMOUNT.




$$
