273
CDUS43 KLSX 122227
CLIUIN


CLIMATE REPORT
NATIONAL WEATHER SERVICE ST LOUIS MO
427 PM CST SUN NOV 12 2017


...................................

...THE QUINCY IL CLIMATE SUMMARY FOR NOVEMBER 12 2017...
VALID TODAY AS OF 0400 PM LOCAL TIME.

CLIMATE NORMAL PERIOD 1981 TO 2010
CLIMATE RECORD PERIOD 1901 TO 2017


WEATHER ITEM   OBSERVED TIME   RECORD YEAR NORMAL DEPARTURE LAST
                VALUE   (LST)  VALUE       VALUE  FROM      YEAR
                                                  NORMAL
..................................................................
TEMPERATURE (F)
 TODAY
  MAXIMUM         45    220 PM  74    1999  53     -8       53
                                      1902
  MINIMUM         39    155 AM  10    1986  35      4       29
  AVERAGE         42                        44     -2       41

PRECIPITATION (IN)
  TODAY            0.05          2.84 1922   0.10  -0.05     0.00
  MONTH TO DATE    0.12                      1.22  -1.10     0.81
  SINCE SEP 1      5.27                      7.53  -2.26     5.81
  SINCE JAN 1     31.42                     33.28  -1.86    29.50

DEGREE DAYS
 HEATING
  TODAY           23                        21      2
  MONTH TO DATE  275                       218     57
  SINCE SEP 1    556                       637    -81
  SINCE JUL 1    556                       642    -86

 COOLING
  TODAY            0                         0      0
  MONTH TO DATE    0                         0      0
  SINCE SEP 1    234                       140     94
  SINCE JAN 1   1229                      1093    136
..................................................................


WIND (MPH)
  HIGHEST WIND SPEED    14   HIGHEST WIND DIRECTION    NW (330)
  HIGHEST GUST SPEED    17   HIGHEST GUST DIRECTION     N (340)
  AVERAGE WIND SPEED     7.7


SKY COVER
  AVERAGE SKY COVER 1.0



RELATIVE HUMIDITY (PERCENT)
 HIGHEST   100           600 AM
 LOWEST     82           400 PM
 AVERAGE    91

..........................................................


THE QUINCY IL CLIMATE NORMALS FOR TOMORROW
                         NORMAL    RECORD    YEAR
 MAXIMUM TEMPERATURE (F)   53        77      1999
                                             1989
 MINIMUM TEMPERATURE (F)   35         6      1986


SUNRISE AND SUNSET
NOVEMBER 12 2017......SUNRISE   647 AM CST   SUNSET   451 PM CST
NOVEMBER 13 2017......SUNRISE   648 AM CST   SUNSET   450 PM CST


-  INDICATES NEGATIVE NUMBERS.
R  INDICATES RECORD WAS SET OR TIED.
MM INDICATES DATA IS MISSING.
T  INDICATES TRACE AMOUNT.




$$
