000
CDUS43 KLSX 220726
CLIUIN


CLIMATE REPORT
NATIONAL WEATHER SERVICE ST LOUIS MO
225 AM CDT THU SEP 22 2016


...................................

...THE QUINCY IL CLIMATE SUMMARY FOR SEPTEMBER 21 2016...

CLIMATE NORMAL PERIOD 1981 TO 2010
CLIMATE RECORD PERIOD 1901 TO 2016


WEATHER ITEM   OBSERVED TIME   RECORD YEAR NORMAL DEPARTURE LAST
                VALUE   (LST)  VALUE       VALUE  FROM      YEAR
                                                  NORMAL
..................................................................
TEMPERATURE (F)
 YESTERDAY
  MAXIMUM         89    204 PM  95    1940  75     14       78
  MINIMUM         70   1126 PM  38    1995  53     17       49
                                      1991
                                      1918
  AVERAGE         80                        64     16

PRECIPITATION (IN)
  YESTERDAY        0.00          3.98 1947   0.12  -0.12     0.00
  MONTH TO DATE    3.09                      2.30   0.79     1.21
  SINCE SEP 1      3.09                      2.30   0.79     1.21
  SINCE JAN 1     26.78                     28.05  -1.27    29.97

DEGREE DAYS
 HEATING
  YESTERDAY        0                         4     -4
  MONTH TO DATE    0                        36    -36
  SINCE SEP 1      0                        36    -36
  SINCE JUL 1      6                        41    -35

 COOLING
  YESTERDAY       15                         3     12
  MONTH TO DATE  173                       104     69
  SINCE SEP 1    173                       104     69
  SINCE JAN 1   1349                      1057    292
..................................................................


WIND (MPH)
  HIGHEST WIND SPEED    15   HIGHEST WIND DIRECTION    SE (140)
  HIGHEST GUST SPEED    19   HIGHEST GUST DIRECTION    SE (130)
  AVERAGE WIND SPEED     7.0


SKY COVER
  AVERAGE SKY COVER 0.1



RELATIVE HUMIDITY (PERCENT)
 HIGHEST    93           300 AM
 LOWEST     50           400 PM
 AVERAGE    72

..........................................................


THE QUINCY IL CLIMATE NORMALS FOR TODAY
                         NORMAL    RECORD    YEAR
 MAXIMUM TEMPERATURE (F)   75        96      1937
 MINIMUM TEMPERATURE (F)   53        34      1995


SUNRISE AND SUNSET
SEPTEMBER 22 2016.....SUNRISE   653 AM CDT   SUNSET   701 PM CDT
SEPTEMBER 23 2016.....SUNRISE   654 AM CDT   SUNSET   659 PM CDT


-  INDICATES NEGATIVE NUMBERS.
R  INDICATES RECORD WAS SET OR TIED.
MM INDICATES DATA IS MISSING.
T  INDICATES TRACE AMOUNT.




$$
