000
CDUS43 KLSX 192128
CLIUIN


CLIMATE REPORT
NATIONAL WEATHER SERVICE ST LOUIS MO
427 PM CDT SUN OCT 19 2014


...................................

...THE QUINCY IL CLIMATE SUMMARY FOR OCTOBER 19 2014...
VALID TODAY AS OF 0400 PM LOCAL TIME.

CLIMATE NORMAL PERIOD 1981 TO 2010
CLIMATE RECORD PERIOD 1901 TO 2014


WEATHER ITEM   OBSERVED TIME   RECORD YEAR NORMAL DEPARTURE LAST
                VALUE   (LST)  VALUE       VALUE  FROM      YEAR
                                                  NORMAL
..................................................................
TEMPERATURE (F)
 TODAY
  MAXIMUM         63    259 PM  87    1924  64     -1       57
  MINIMUM         37    435 AM  20    1972  44     -7       35
  AVERAGE         50                        54     -4       46

PRECIPITATION (IN)
  TODAY            0.00          1.95 1938   0.10  -0.10      T
  MONTH TO DATE    5.99                      1.86   4.13     0.63
  SINCE SEP 1     12.26                      5.16   7.10     2.43
  SINCE JAN 1     37.88                     30.91   6.97    30.53

DEGREE DAYS
 HEATING
  TODAY           15                        12      3
  MONTH TO DATE  190                       173     17
  SINCE SEP 1    277                       255     22
  SINCE JUL 1    282                       260     22

 COOLING
  TODAY            0                         0      0
  MONTH TO DATE    0                        14    -14
  SINCE SEP 1     87                       137    -50
  SINCE JAN 1   1016                      1090    -74
..................................................................


WIND (MPH)
  HIGHEST WIND SPEED    15   HIGHEST WIND DIRECTION    SW (220)
  HIGHEST GUST SPEED    22   HIGHEST GUST DIRECTION    SW (210)
  AVERAGE WIND SPEED     7.6


SKY COVER
  AVERAGE SKY COVER 0.0



RELATIVE HUMIDITY (PERCENT)
 HIGHEST   100           700 AM
 LOWEST     48           300 PM
 AVERAGE    74

..........................................................


THE QUINCY IL CLIMATE NORMALS FOR TOMORROW
                         NORMAL    RECORD    YEAR
 MAXIMUM TEMPERATURE (F)   64        87      1979
                                             1953
 MINIMUM TEMPERATURE (F)   43        22      1960


SUNRISE AND SUNSET
OCTOBER 19 2014.......SUNRISE   719 AM CDT   SUNSET   619 PM CDT
OCTOBER 20 2014.......SUNRISE   721 AM CDT   SUNSET   618 PM CDT


-  INDICATES NEGATIVE NUMBERS.
R  INDICATES RECORD WAS SET OR TIED.
MM INDICATES DATA IS MISSING.
T  INDICATES TRACE AMOUNT.




$$
