000
CDUS43 KLSX 180732
CLIUIN


CLIMATE REPORT
NATIONAL WEATHER SERVICE ST LOUIS MO
231 AM CDT MON AUG 18 2014


...................................

...THE QUINCY IL CLIMATE SUMMARY FOR AUGUST 17 2014...

CLIMATE NORMAL PERIOD 1981 TO 2010
CLIMATE RECORD PERIOD 1901 TO 2014


WEATHER ITEM   OBSERVED TIME   RECORD YEAR NORMAL DEPARTURE LAST
                VALUE   (LST)  VALUE       VALUE  FROM      YEAR
                                                  NORMAL
..................................................................
TEMPERATURE (F)
 YESTERDAY
  MAXIMUM         77   1253 PM 106    1936  85     -8       80
  MINIMUM         66    955 PM  52    2012  65      1       56
  AVERAGE         72                        75     -3

PRECIPITATION (IN)
  YESTERDAY        0.01          3.07 2009   0.11  -0.10     0.00
  MONTH TO DATE    5.23                      2.01   3.22     0.01
  SINCE JUN 1     16.27                     10.04   6.23     2.86
  SINCE JAN 1     24.68                     24.13   0.55    28.10

DEGREE DAYS
 HEATING
  YESTERDAY        0                         0      0
  MONTH TO DATE    0                         0      0
  SINCE JUN 1      9                        16     -7
  SINCE JUL 1      5                         0      5

 COOLING
  YESTERDAY        7                        10     -3
  MONTH TO DATE  115                       175    -60
  SINCE JUN 1    580                       745   -165
  SINCE JAN 1    723                       831   -108
..................................................................


WIND (MPH)
  HIGHEST WIND SPEED    13   HIGHEST WIND DIRECTION    NE (40)
  HIGHEST GUST SPEED    15   HIGHEST GUST DIRECTION    NE (30)
  AVERAGE WIND SPEED     7.1


SKY COVER
  AVERAGE SKY COVER 0.9



RELATIVE HUMIDITY (PERCENT)
 HIGHEST   100           100 AM
 LOWEST     82           100 PM
 AVERAGE    91

..........................................................


THE QUINCY IL CLIMATE NORMALS FOR TODAY
                         NORMAL    RECORD    YEAR
 MAXIMUM TEMPERATURE (F)   85       104      1936
 MINIMUM TEMPERATURE (F)   65        50      2012


SUNRISE AND SUNSET
AUGUST 18 2014........SUNRISE   619 AM CDT   SUNSET   757 PM CDT
AUGUST 19 2014........SUNRISE   620 AM CDT   SUNSET   756 PM CDT


-  INDICATES NEGATIVE NUMBERS.
R  INDICATES RECORD WAS SET OR TIED.
MM INDICATES DATA IS MISSING.
T  INDICATES TRACE AMOUNT.




$$
