643
CDUS43 KLSX 120733
CLIUIN


CLIMATE REPORT
NATIONAL WEATHER SERVICE ST LOUIS MO
128 AM CST FRI JAN 12 2018


...................................

...THE QUINCY IL CLIMATE SUMMARY FOR JANUARY 11 2018...

CLIMATE NORMAL PERIOD 1981 TO 2010
CLIMATE RECORD PERIOD 1901 TO 2018


WEATHER ITEM   OBSERVED TIME   RECORD YEAR NORMAL DEPARTURE LAST
                VALUE   (LST)  VALUE       VALUE  FROM      YEAR
                                                  NORMAL
..................................................................
TEMPERATURE (F)
 YESTERDAY
  MAXIMUM         57   1217 AM  59    2013  34     23       57
  MINIMUM         11   1159 PM -15    1977  18     -7       24
  AVERAGE         34                        26      8

PRECIPITATION (IN)
  YESTERDAY        0.29          1.06 1905   0.04   0.25     0.00
  MONTH TO DATE    0.49                      0.58  -0.09     0.08
  SINCE DEC 1      0.66                      2.83  -2.17     1.11
  SINCE JAN 1      0.49                      0.58  -0.09     0.08

DEGREE DAYS
 HEATING
  YESTERDAY       31                        39     -8
  MONTH TO DATE  516                       425     91
  SINCE DEC 1   1598                      1516     82
  SINCE JUL 1   2545                      2616    -71

 COOLING
  YESTERDAY        0                         0      0
  MONTH TO DATE    0                         0      0
  SINCE DEC 1      0                         0      0
  SINCE JAN 1      0                         0      0
..................................................................


WIND (MPH)
  HIGHEST WIND SPEED    33   HIGHEST WIND DIRECTION    NW (310)
  HIGHEST GUST SPEED    54   HIGHEST GUST DIRECTION    NW (300)
  AVERAGE WIND SPEED    15.0


SKY COVER
  AVERAGE SKY COVER 0.9



RELATIVE HUMIDITY (PERCENT)
 HIGHEST   100          1200 PM
 LOWEST     70          1100 PM
 AVERAGE    85

..........................................................


THE QUINCY IL CLIMATE NORMALS FOR TODAY
                         NORMAL    RECORD    YEAR
 MAXIMUM TEMPERATURE (F)   34        63      2005
 MINIMUM TEMPERATURE (F)   18       -20      1918


SUNRISE AND SUNSET
JANUARY 12 2018.......SUNRISE   726 AM CST   SUNSET   501 PM CST
JANUARY 13 2018.......SUNRISE   725 AM CST   SUNSET   502 PM CST


-  INDICATES NEGATIVE NUMBERS.
R  INDICATES RECORD WAS SET OR TIED.
MM INDICATES DATA IS MISSING.
T  INDICATES TRACE AMOUNT.




$$
