000
CDUS43 KLSX 160728
CLIUIN


CLIMATE REPORT
NATIONAL WEATHER SERVICE ST LOUIS MO
227 AM CDT SUN APR 16 2017


...................................

...THE QUINCY IL CLIMATE SUMMARY FOR APRIL 15 2017...

CLIMATE NORMAL PERIOD 1981 TO 2010
CLIMATE RECORD PERIOD 1901 TO 2017


WEATHER ITEM   OBSERVED TIME   RECORD YEAR NORMAL DEPARTURE LAST
                VALUE   (LST)  VALUE       VALUE  FROM      YEAR
                                                  NORMAL
..................................................................
TEMPERATURE (F)
 YESTERDAY
  MAXIMUM         81    325 PM  88    2002  63     18       77
  MINIMUM         65    537 AM  24    1928  43     22       49
  AVERAGE         73                        53     20

PRECIPITATION (IN)
  YESTERDAY        0.00          1.87 1999   0.12  -0.12     0.00
  MONTH TO DATE    1.62                      1.73  -0.11     0.36
  SINCE MAR 1      4.80                      4.19   0.61     1.44
  SINCE JAN 1      6.85                      7.59  -0.74     2.06

DEGREE DAYS
 HEATING
  YESTERDAY        0                        12    -12
  MONTH TO DATE  139                       220    -81
  SINCE MAR 1    761                       938   -177
  SINCE JUL 1   4202                      5280  -1078

 COOLING
  YESTERDAY        8                         1      7
  MONTH TO DATE   22                         2     20
  SINCE MAR 1     22                         4     18
  SINCE JAN 1     22                         4     18
..................................................................


WIND (MPH)
  HIGHEST WIND SPEED    28   HIGHEST WIND DIRECTION     S (200)
  HIGHEST GUST SPEED    34   HIGHEST GUST DIRECTION    SW (210)
  AVERAGE WIND SPEED    14.7


SKY COVER
  AVERAGE SKY COVER 0.2



RELATIVE HUMIDITY (PERCENT)
 HIGHEST    67           500 AM
 LOWEST     45           100 PM
 AVERAGE    56

..........................................................


THE QUINCY IL CLIMATE NORMALS FOR TODAY
                         NORMAL    RECORD    YEAR
 MAXIMUM TEMPERATURE (F)   64        87      2002
                                             1963
 MINIMUM TEMPERATURE (F)   43        26      1905
                                             1904


SUNRISE AND SUNSET
APRIL 16 2017.........SUNRISE   625 AM CDT   SUNSET   745 PM CDT
APRIL 17 2017.........SUNRISE   624 AM CDT   SUNSET   746 PM CDT


-  INDICATES NEGATIVE NUMBERS.
R  INDICATES RECORD WAS SET OR TIED.
MM INDICATES DATA IS MISSING.
T  INDICATES TRACE AMOUNT.




$$
