000
CDUS43 KLSX 152127
CLIUIN


CLIMATE REPORT
NATIONAL WEATHER SERVICE ST LOUIS MO
426 PM CDT THU JUN 15 2017


...................................

...THE QUINCY IL CLIMATE SUMMARY FOR JUNE 15 2017...
VALID TODAY AS OF 0400 PM LOCAL TIME.

CLIMATE NORMAL PERIOD 1981 TO 2010
CLIMATE RECORD PERIOD 1901 TO 2017


WEATHER ITEM   OBSERVED TIME   RECORD YEAR NORMAL DEPARTURE LAST
                VALUE   (LST)  VALUE       VALUE  FROM      YEAR
                                                  NORMAL
..................................................................
TEMPERATURE (F)
 TODAY
  MAXIMUM         89    249 PM 100    1911  82      7       97
  MINIMUM         65    535 AM  43    1907  63      2       74
  AVERAGE         77                        72      5       86

PRECIPITATION (IN)
  TODAY            0.02          1.18 1945   0.13  -0.11     0.19
  MONTH TO DATE    1.02                      2.09  -1.07     0.40
  SINCE JUN 1      1.02                      2.09  -1.07     0.40
  SINCE JAN 1     17.80                     16.18   1.62     9.08

DEGREE DAYS
 HEATING
  TODAY            0                         0      0
  MONTH TO DATE    0                        14    -14
  SINCE JUN 1      0                        14    -14
  SINCE JUL 1   4433                      5580  -1147

 COOLING
  TODAY           12                         8      4
  MONTH TO DATE  155                        89     66
  SINCE JUN 1    155                        89     66
  SINCE JAN 1    264                       175     89
..................................................................


WIND (MPH)
  HIGHEST WIND SPEED    21   HIGHEST WIND DIRECTION     W (250)
  HIGHEST GUST SPEED    25   HIGHEST GUST DIRECTION    SW (240)
  AVERAGE WIND SPEED     8.9


SKY COVER
  AVERAGE SKY COVER 0.0



RELATIVE HUMIDITY (PERCENT)
 HIGHEST    93           500 AM
 LOWEST     46           300 PM
 AVERAGE    70

..........................................................


THE QUINCY IL CLIMATE NORMALS FOR TOMORROW
                         NORMAL    RECORD    YEAR
 MAXIMUM TEMPERATURE (F)   82       102      1936
 MINIMUM TEMPERATURE (F)   63        46      1941


SUNRISE AND SUNSET
JUNE 15 2017..........SUNRISE   536 AM CDT   SUNSET   835 PM CDT
JUNE 16 2017..........SUNRISE   536 AM CDT   SUNSET   836 PM CDT


-  INDICATES NEGATIVE NUMBERS.
R  INDICATES RECORD WAS SET OR TIED.
MM INDICATES DATA IS MISSING.
T  INDICATES TRACE AMOUNT.




$$
