000
CDUS43 KLSX 130745
CLIUIN


CLIMATE REPORT
NATIONAL WEATHER SERVICE ST LOUIS MO
245 AM CDT SUN APR 13 2014


...................................

...THE QUINCY IL CLIMATE SUMMARY FOR APRIL 12 2014...

CLIMATE NORMAL PERIOD 1981 TO 2010
CLIMATE RECORD PERIOD 1901 TO 2014


WEATHER ITEM   OBSERVED TIME   RECORD YEAR NORMAL DEPARTURE LAST
                VALUE   (LST)  VALUE       VALUE  FROM      YEAR
                                                  NORMAL
..................................................................
TEMPERATURE (F)
 YESTERDAY
  MAXIMUM         82    410 PM  89    1930  62     20       43
  MINIMUM         52    328 AM  16    1957  42     10       36
  AVERAGE         67                        52     15

PRECIPITATION (IN)
  YESTERDAY        0.00          0.99 1952   0.11  -0.11      T
  MONTH TO DATE    1.58                      1.36   0.22     2.21
  SINCE MAR 1      2.26                      3.82  -1.56     4.36
  SINCE JAN 1      4.38                      7.22  -2.84     9.83

DEGREE DAYS
 HEATING
  YESTERDAY        0                        13    -13
  MONTH TO DATE  168                       182    -14
  SINCE MAR 1   1046                       900    146
  SINCE JUL 1   5940                      5242    698

 COOLING
  YESTERDAY        2                         0      2
  MONTH TO DATE    2                         0      2
  SINCE MAR 1      2                         2      0
  SINCE JAN 1      2                         2      0
..................................................................


WIND (MPH)
  HIGHEST WIND SPEED    28   HIGHEST WIND DIRECTION    SW (210)
  HIGHEST GUST SPEED    36   HIGHEST GUST DIRECTION    SW (210)
  AVERAGE WIND SPEED    15.8


SKY COVER
  AVERAGE SKY COVER 0.1



RELATIVE HUMIDITY (PERCENT)
 HIGHEST    72           600 AM
 LOWEST     40           200 PM
 AVERAGE    56

..........................................................


THE QUINCY IL CLIMATE NORMALS FOR TODAY
                         NORMAL    RECORD    YEAR
 MAXIMUM TEMPERATURE (F)   63        89      1941
 MINIMUM TEMPERATURE (F)   42        19      1950


SUNRISE AND SUNSET
APRIL 13 2014.........SUNRISE   630 AM CDT   SUNSET   741 PM CDT
APRIL 14 2014.........SUNRISE   629 AM CDT   SUNSET   742 PM CDT


-  INDICATES NEGATIVE NUMBERS.
R  INDICATES RECORD WAS SET OR TIED.
MM INDICATES DATA IS MISSING.
T  INDICATES TRACE AMOUNT.




$$
