000
CDUS43 KLSX 220729
CLIUIN


CLIMATE REPORT
NATIONAL WEATHER SERVICE ST LOUIS MO
227 AM CDT FRI JUL 22 2016


...................................

...THE QUINCY IL CLIMATE SUMMARY FOR JULY 21 2016...

CLIMATE NORMAL PERIOD 1981 TO 2010
CLIMATE RECORD PERIOD 1901 TO 2016


WEATHER ITEM   OBSERVED TIME   RECORD YEAR NORMAL DEPARTURE LAST
                VALUE   (LST)  VALUE       VALUE  FROM      YEAR
                                                  NORMAL
..................................................................
TEMPERATURE (F)
 YESTERDAY
  MAXIMUM         95    325 PM 110    1901  86      9       80
  MINIMUM         77    549 AM  52    1944  66     11       63
  AVERAGE         86                        76     10

PRECIPITATION (IN)
  YESTERDAY        0.00          2.02 2009   0.13  -0.13     0.00
  MONTH TO DATE    4.39                      2.81   1.58     7.36
  SINCE JUN 1      5.41                      6.80  -1.39    15.89
  SINCE JAN 1     14.09                     20.89  -6.80    24.57

DEGREE DAYS
 HEATING
  YESTERDAY        0                         0      0
  MONTH TO DATE    6                         0      6
  SINCE JUN 1      6                        16    -10
  SINCE JUL 1      6                         0      6

 COOLING
  YESTERDAY       21                        11     10
  MONTH TO DATE  242                       231     11
  SINCE JUN 1    599                       458    141
  SINCE JAN 1    703                       544    159
..................................................................


WIND (MPH)
  HIGHEST WIND SPEED    15   HIGHEST WIND DIRECTION    SW (220)
  HIGHEST GUST SPEED    22   HIGHEST GUST DIRECTION    SW (220)
  AVERAGE WIND SPEED     8.1


SKY COVER
  AVERAGE SKY COVER 0.1



RELATIVE HUMIDITY (PERCENT)
 HIGHEST    97           200 AM
 LOWEST     56           100 PM
 AVERAGE    77

..........................................................


THE QUINCY IL CLIMATE NORMALS FOR TODAY
                         NORMAL    RECORD    YEAR
 MAXIMUM TEMPERATURE (F)   86       111      1901
 MINIMUM TEMPERATURE (F)   66        50      1947


SUNRISE AND SUNSET
JULY 22 2016..........SUNRISE   555 AM CDT   SUNSET   827 PM CDT
JULY 23 2016..........SUNRISE   556 AM CDT   SUNSET   826 PM CDT


-  INDICATES NEGATIVE NUMBERS.
R  INDICATES RECORD WAS SET OR TIED.
MM INDICATES DATA IS MISSING.
T  INDICATES TRACE AMOUNT.




$$
