000
CDUS43 KLSX 182228
CLIUIN


CLIMATE REPORT
NATIONAL WEATHER SERVICE ST LOUIS MO
527 PM CDT THU MAY 18 2017


...................................

...THE QUINCY IL CLIMATE SUMMARY FOR MAY 18 2017...
VALID TODAY AS OF 0500 PM LOCAL TIME.

CLIMATE NORMAL PERIOD 1981 TO 2010
CLIMATE RECORD PERIOD 1901 TO 2017


WEATHER ITEM   OBSERVED TIME   RECORD YEAR NORMAL DEPARTURE LAST
                VALUE   (LST)  VALUE       VALUE  FROM      YEAR
                                                  NORMAL
..................................................................
TEMPERATURE (F)
 TODAY
  MAXIMUM         84    358 PM  93    1902  73     11       67
  MINIMUM         66    530 AM  35    2002  54     12       43
  AVERAGE         75                        63     12       55

PRECIPITATION (IN)
  TODAY            0.00          1.53 1981   0.15  -0.15     0.00
  MONTH TO DATE    0.89                      2.53  -1.64     1.86
  SINCE MAR 1     10.88                      8.68   2.20     6.28
  SINCE JAN 1     12.93                     12.08   0.85     6.90

DEGREE DAYS
 HEATING
  TODAY            0                         4     -4
  MONTH TO DATE   81                       100    -19
  SINCE MAR 1    951                      1188   -237
  SINCE JUL 1   4392                      5530  -1138

 COOLING
  TODAY           10                         2      8
  MONTH TO DATE   61                        26     35
  SINCE MAR 1     93                        44     49
  SINCE JAN 1     93                        44     49
..................................................................


WIND (MPH)
  HIGHEST WIND SPEED    23   HIGHEST WIND DIRECTION    SW (220)
  HIGHEST GUST SPEED    34   HIGHEST GUST DIRECTION    SW (210)
  AVERAGE WIND SPEED    12.8


SKY COVER
  AVERAGE SKY COVER 0.0



RELATIVE HUMIDITY (PERCENT)
 HIGHEST    73          1200 AM
 LOWEST     51           300 PM
 AVERAGE    62

..........................................................


THE QUINCY IL CLIMATE NORMALS FOR TOMORROW
                         NORMAL    RECORD    YEAR
 MAXIMUM TEMPERATURE (F)   74        90      1975
                                             1964
                                             1962
 MINIMUM TEMPERATURE (F)   54        41      2015
                                             1929


SUNRISE AND SUNSET
MAY 18 2017...........SUNRISE   547 AM CDT   SUNSET   816 PM CDT
MAY 19 2017...........SUNRISE   546 AM CDT   SUNSET   817 PM CDT


-  INDICATES NEGATIVE NUMBERS.
R  INDICATES RECORD WAS SET OR TIED.
MM INDICATES DATA IS MISSING.
T  INDICATES TRACE AMOUNT.




$$
