000
CDUS43 KLSX 142228
CLIUIN


CLIMATE REPORT
NATIONAL WEATHER SERVICE ST LOUIS MO
527 PM CDT FRI JUL 14 2017


...................................

...THE QUINCY IL CLIMATE SUMMARY FOR JULY 14 2017...
VALID TODAY AS OF 0500 PM LOCAL TIME.

CLIMATE NORMAL PERIOD 1981 TO 2010
CLIMATE RECORD PERIOD 1901 TO 2017


WEATHER ITEM   OBSERVED TIME   RECORD YEAR NORMAL DEPARTURE LAST
                VALUE   (LST)  VALUE       VALUE  FROM      YEAR
                                                  NORMAL
..................................................................
TEMPERATURE (F)
 TODAY
  MAXIMUM         85    305 PM 112    1954  86     -1       88
  MINIMUM         69    611 AM  47    1950  67      2       69
  AVERAGE         77                        76      1       79

PRECIPITATION (IN)
  TODAY            0.00          3.09 1920   0.14  -0.14     0.00
  MONTH TO DATE    0.56                      1.88  -1.32     3.13
  SINCE JUN 1      3.99                      5.87  -1.88     4.15
  SINCE JAN 1     20.77                     19.96   0.81    12.83

DEGREE DAYS
 HEATING
  TODAY            0                         0      0
  MONTH TO DATE    0                         0      0
  SINCE JUN 1      4                        16    -12
  SINCE JUL 1      0                         0      0

 COOLING
  TODAY           12                        11      1
  MONTH TO DATE  192                       154     38
  SINCE JUN 1    463                       381     82
  SINCE JAN 1    572                       467    105
..................................................................


WIND (MPH)
  HIGHEST WIND SPEED    13   HIGHEST WIND DIRECTION     N (20)
  HIGHEST GUST SPEED    18   HIGHEST GUST DIRECTION     N (360)
  AVERAGE WIND SPEED     6.6


SKY COVER
  AVERAGE SKY COVER 0.3



RELATIVE HUMIDITY (PERCENT)
 HIGHEST    97           500 AM
 LOWEST     58           100 PM
 AVERAGE    78

..........................................................


THE QUINCY IL CLIMATE NORMALS FOR TOMORROW
                         NORMAL    RECORD    YEAR
 MAXIMUM TEMPERATURE (F)   86       114      1936
 MINIMUM TEMPERATURE (F)   67        52      1967
                                             1945


SUNRISE AND SUNSET
JULY 14 2017..........SUNRISE   548 AM CDT   SUNSET   833 PM CDT
JULY 15 2017..........SUNRISE   549 AM CDT   SUNSET   832 PM CDT


-  INDICATES NEGATIVE NUMBERS.
R  INDICATES RECORD WAS SET OR TIED.
MM INDICATES DATA IS MISSING.
T  INDICATES TRACE AMOUNT.




$$
