000
CDUS43 KLSX 170729
CLIUIN


CLIMATE REPORT
NATIONAL WEATHER SERVICE ST LOUIS MO
228 AM CDT SUN SEP 17 2017


...................................

...THE QUINCY IL CLIMATE SUMMARY FOR SEPTEMBER 16 2017...

CLIMATE NORMAL PERIOD 1981 TO 2010
CLIMATE RECORD PERIOD 1901 TO 2017


WEATHER ITEM   OBSERVED TIME   RECORD YEAR NORMAL DEPARTURE LAST
                VALUE   (LST)  VALUE       VALUE  FROM      YEAR
                                                  NORMAL
..................................................................
TEMPERATURE (F)
 YESTERDAY
  MAXIMUM         89    339 PM  99    1927  77     12       85
  MINIMUM         65    511 AM  41    1984  56      9       68
                                      1916
  AVERAGE         77                        66     11

PRECIPITATION (IN)
  YESTERDAY        0.00          2.95 1978   0.10  -0.10     0.09
  MONTH TO DATE    0.00                      1.75  -1.75     3.09
  SINCE SEP 1      0.00                      1.75  -1.75     3.09
  SINCE JAN 1     26.15                     27.50  -1.35    26.78

DEGREE DAYS
 HEATING
  YESTERDAY        0                         2     -2
  MONTH TO DATE   19                        20     -1
  SINCE SEP 1     19                        20     -1
  SINCE JUL 1     19                        25     -6

 COOLING
  YESTERDAY       12                         4      8
  MONTH TO DATE   59                        88    -29
  SINCE SEP 1     59                        88    -29
  SINCE JAN 1   1054                      1041     13
..................................................................


WIND (MPH)
  HIGHEST WIND SPEED    17   HIGHEST WIND DIRECTION     S (160)
  HIGHEST GUST SPEED    24   HIGHEST GUST DIRECTION     S (160)
  AVERAGE WIND SPEED     8.8


SKY COVER
  AVERAGE SKY COVER 0.0



RELATIVE HUMIDITY (PERCENT)
 HIGHEST    87           500 AM
 LOWEST     39           100 PM
 AVERAGE    63

..........................................................


THE QUINCY IL CLIMATE NORMALS FOR TODAY
                         NORMAL    RECORD    YEAR
 MAXIMUM TEMPERATURE (F)   77        99      1927
 MINIMUM TEMPERATURE (F)   55        39      1903


SUNRISE AND SUNSET
SEPTEMBER 17 2017.....SUNRISE   648 AM CDT   SUNSET   710 PM CDT
SEPTEMBER 18 2017.....SUNRISE   649 AM CDT   SUNSET   708 PM CDT


-  INDICATES NEGATIVE NUMBERS.
R  INDICATES RECORD WAS SET OR TIED.
MM INDICATES DATA IS MISSING.
T  INDICATES TRACE AMOUNT.




$$
