000
CDUS43 KLSX 162147
CLIUIN


CLIMATE REPORT
NATIONAL WEATHER SERVICE ST LOUIS MO
445 PM CDT FRI SEP 16 2016


...................................

...THE QUINCY IL CLIMATE SUMMARY FOR SEPTEMBER 16 2016...
VALID TODAY AS OF 0400 PM LOCAL TIME.

CLIMATE NORMAL PERIOD 1981 TO 2010
CLIMATE RECORD PERIOD 1901 TO 2016


WEATHER ITEM   OBSERVED TIME   RECORD YEAR NORMAL DEPARTURE LAST
                VALUE   (LST)  VALUE       VALUE  FROM      YEAR
                                                  NORMAL
..................................................................
TEMPERATURE (F)
 TODAY
  MAXIMUM         85    158 PM  99    1927  77      8       86
  MINIMUM         69    612 AM  41    1984  56     13       61
                                      1916
  AVERAGE         77                        66     11       74

PRECIPITATION (IN)
  TODAY            0.04          2.95 1978   0.10  -0.06     0.00
  MONTH TO DATE    3.04                      1.75   1.29     1.14
  SINCE SEP 1      3.04                      1.75   1.29     1.14
  SINCE JAN 1     26.73                     27.50  -0.77    29.90

DEGREE DAYS
 HEATING
  TODAY            0                         2     -2
  MONTH TO DATE    0                        20    -20
  SINCE SEP 1      0                        20    -20
  SINCE JUL 1      6                        25    -19

 COOLING
  TODAY           12                         4      8
  MONTH TO DATE  122                        88     34
  SINCE SEP 1    122                        88     34
  SINCE JAN 1   1298                      1041    257
..................................................................


WIND (MPH)
  HIGHEST WIND SPEED    22   HIGHEST WIND DIRECTION     S (170)
  HIGHEST GUST SPEED    27   HIGHEST GUST DIRECTION    SE (150)
  AVERAGE WIND SPEED     9.6


SKY COVER
  AVERAGE SKY COVER 0.3



RELATIVE HUMIDITY (PERCENT)
 HIGHEST   100           100 AM
 LOWEST     65           200 PM
 AVERAGE    83

..........................................................


THE QUINCY IL CLIMATE NORMALS FOR TOMORROW
                         NORMAL    RECORD    YEAR
 MAXIMUM TEMPERATURE (F)   77        99      1927
 MINIMUM TEMPERATURE (F)   55        39      1903


SUNRISE AND SUNSET
SEPTEMBER 16 2016.....SUNRISE   647 AM CDT   SUNSET   711 PM CDT
SEPTEMBER 17 2016.....SUNRISE   648 AM CDT   SUNSET   709 PM CDT


-  INDICATES NEGATIVE NUMBERS.
R  INDICATES RECORD WAS SET OR TIED.
MM INDICATES DATA IS MISSING.
T  INDICATES TRACE AMOUNT.




$$
