000
CDUS43 KLSX 262132
CLIUIN


CLIMATE REPORT
NATIONAL WEATHER SERVICE ST LOUIS MO
431 PM CDT WED AUG 26 2015


...................................

...THE QUINCY IL CLIMATE SUMMARY FOR AUGUST 26 2015...
VALID TODAY AS OF 0400 PM LOCAL TIME.

CLIMATE NORMAL PERIOD 1981 TO 2010
CLIMATE RECORD PERIOD 1901 TO 2015


WEATHER ITEM   OBSERVED TIME   RECORD YEAR NORMAL DEPARTURE LAST
                VALUE   (LST)  VALUE       VALUE  FROM      YEAR
                                                  NORMAL
..................................................................
TEMPERATURE (F)
 TODAY
  MAXIMUM         78    256 PM 105    1936  84     -6       89
  MINIMUM         52    607 AM  46    1910  63    -11       72
  AVERAGE         65                        73     -8       81

PRECIPITATION (IN)
  TODAY            0.00          3.06 1965   0.12  -0.12     0.00
  MONTH TO DATE    1.95                      3.05  -1.10     5.48
  SINCE JUN 1     19.90                     11.08   8.82    16.52
  SINCE JAN 1     28.58                     25.17   3.41    24.93

DEGREE DAYS
 HEATING
  TODAY            0                         0      0
  MONTH TO DATE    1                         0      1
  SINCE JUN 1     12                        16     -4
  SINCE JUL 1      4                         0      4

 COOLING
  TODAY            0                         9     -9
  MONTH TO DATE  219                       258    -39
  SINCE JUN 1    802                       828    -26
  SINCE JAN 1    916                       914      2
..................................................................


WIND (MPH)
  HIGHEST WIND SPEED    10   HIGHEST WIND DIRECTION    NE (40)
  HIGHEST GUST SPEED    14   HIGHEST GUST DIRECTION    NE (40)
  AVERAGE WIND SPEED     4.9


SKY COVER
  AVERAGE SKY COVER 0.0



RELATIVE HUMIDITY (PERCENT)
 HIGHEST    89           300 AM
 LOWEST     39           300 PM
 AVERAGE    64

..........................................................


THE QUINCY IL CLIMATE NORMALS FOR TOMORROW
                         NORMAL    RECORD    YEAR
 MAXIMUM TEMPERATURE (F)   83       100      1983
                                             1936
 MINIMUM TEMPERATURE (F)   63        48      1986
                                             1906


SUNRISE AND SUNSET
AUGUST 26 2015........SUNRISE   627 AM CDT   SUNSET   746 PM CDT
AUGUST 27 2015........SUNRISE   628 AM CDT   SUNSET   744 PM CDT


-  INDICATES NEGATIVE NUMBERS.
R  INDICATES RECORD WAS SET OR TIED.
MM INDICATES DATA IS MISSING.
T  INDICATES TRACE AMOUNT.




$$
