000
CDUS43 KLSX 072230
CLIUIN


CLIMATE REPORT
NATIONAL WEATHER SERVICE ST LOUIS MO
429 PM CST WED FEB 7 2018


...................................

...THE QUINCY IL CLIMATE SUMMARY FOR FEBRUARY 7 2018...
VALID TODAY AS OF 0400 PM LOCAL TIME.

CLIMATE NORMAL PERIOD 1981 TO 2010
CLIMATE RECORD PERIOD 1901 TO 2018


WEATHER ITEM   OBSERVED TIME   RECORD YEAR NORMAL DEPARTURE LAST
                VALUE   (LST)  VALUE       VALUE  FROM      YEAR
                                                  NORMAL
..................................................................
TEMPERATURE (F)
 TODAY
  MAXIMUM         23    359 PM  69    2009  37    -14       59
  MINIMUM          7    546 AM -11    2014  20    -13       30
  AVERAGE         15                        29    -14       45

PRECIPITATION (IN)
  TODAY            T             1.02 1928   0.05  -0.05     0.09
  MONTH TO DATE    0.03                      0.37  -0.34     0.09
  SINCE DEC 1      1.49                      4.14  -2.65     2.30
  SINCE JAN 1      1.32                      1.89  -0.57     1.27

DEGREE DAYS
 HEATING
  TODAY           50                        36     14
  MONTH TO DATE  320                       259     61
  SINCE DEC 1   2617                      2545     72
  SINCE JUL 1   3564                      3645    -81

 COOLING
  TODAY            0                         0      0
  MONTH TO DATE    0                         0      0
  SINCE DEC 1      0                         0      0
  SINCE JAN 1      0                         0      0
..................................................................


WIND (MPH)
  HIGHEST WIND SPEED    18   HIGHEST WIND DIRECTION    NW (300)
  HIGHEST GUST SPEED    21   HIGHEST GUST DIRECTION    NW (300)
  AVERAGE WIND SPEED     9.6


SKY COVER
  AVERAGE SKY COVER 0.6



RELATIVE HUMIDITY (PERCENT)
 HIGHEST    92           700 AM
 LOWEST     59           400 PM
 AVERAGE    76

..........................................................


THE QUINCY IL CLIMATE NORMALS FOR TOMORROW
                         NORMAL    RECORD    YEAR
 MAXIMUM TEMPERATURE (F)   37        69      1990
 MINIMUM TEMPERATURE (F)   21       -12      1933


SUNRISE AND SUNSET
FEBRUARY  7 2018......SUNRISE   707 AM CST   SUNSET   531 PM CST
FEBRUARY  8 2018......SUNRISE   706 AM CST   SUNSET   533 PM CST


-  INDICATES NEGATIVE NUMBERS.
R  INDICATES RECORD WAS SET OR TIED.
MM INDICATES DATA IS MISSING.
T  INDICATES TRACE AMOUNT.




$$
