000
CDUS43 KLSX 142226
CLIUIN


CLIMATE REPORT
NATIONAL WEATHER SERVICE ST LOUIS MO
526 PM CDT MON APR 14 2014


...................................

...THE QUINCY IL CLIMATE SUMMARY FOR APRIL 14 2014...
VALID TODAY AS OF 0500 PM LOCAL TIME.

CLIMATE NORMAL PERIOD 1981 TO 2010
CLIMATE RECORD PERIOD 1901 TO 2014


WEATHER ITEM   OBSERVED TIME   RECORD YEAR NORMAL DEPARTURE LAST
                VALUE   (LST)  VALUE       VALUE  FROM      YEAR
                                                  NORMAL
..................................................................
TEMPERATURE (F)
 TODAY
  MAXIMUM         49   1209 AM  86    2006  63    -14       78
  MINIMUM         33    208 PM  21    1907  43    -10       46
  AVERAGE         41                        53    -12       62

PRECIPITATION (IN)
  TODAY            0.01          1.42 1991   0.12  -0.11     0.36
  MONTH TO DATE    1.92                      1.61   0.31     2.59
  SINCE MAR 1      2.60                      4.07  -1.47     4.74
  SINCE JAN 1      4.72                      7.47  -2.75    10.21

DEGREE DAYS
 HEATING
  TODAY           24                        13     11
  MONTH TO DATE  196                       208    -12
  SINCE MAR 1   1074                       926    148
  SINCE JUL 1   5968                      5268    700

 COOLING
  TODAY            0                         1     -1
  MONTH TO DATE    2                         1      1
  SINCE MAR 1      2                         3     -1
  SINCE JAN 1      2                         3     -1
..................................................................


WIND (MPH)
  HIGHEST WIND SPEED    26   HIGHEST WIND DIRECTION    NW (330)
  HIGHEST GUST SPEED    33   HIGHEST GUST DIRECTION    NW (330)
  AVERAGE WIND SPEED    18.8


SKY COVER
  AVERAGE SKY COVER 1.0



RELATIVE HUMIDITY (PERCENT)
 HIGHEST    89           200 AM
 LOWEST     82          1200 PM
 AVERAGE    86

..........................................................


THE QUINCY IL CLIMATE NORMALS FOR TOMORROW
                         NORMAL    RECORD    YEAR
 MAXIMUM TEMPERATURE (F)   63        88      2002
 MINIMUM TEMPERATURE (F)   43        24      1928


SUNRISE AND SUNSET
APRIL 14 2014.........SUNRISE   629 AM CDT   SUNSET   742 PM CDT
APRIL 15 2014.........SUNRISE   627 AM CDT   SUNSET   743 PM CDT


-  INDICATES NEGATIVE NUMBERS.
R  INDICATES RECORD WAS SET OR TIED.
MM INDICATES DATA IS MISSING.
T  INDICATES TRACE AMOUNT.




$$
