018
CDUS43 KLSX 192227
CLIUIN


CLIMATE REPORT
NATIONAL WEATHER SERVICE ST LOUIS MO
526 PM CDT THU MAY 19 2016


...................................

...THE QUINCY IL CLIMATE SUMMARY FOR MAY 19 2016...
VALID TODAY AS OF 0500 PM LOCAL TIME.

CLIMATE NORMAL PERIOD 1981 TO 2010
CLIMATE RECORD PERIOD 1901 TO 2016


WEATHER ITEM   OBSERVED TIME   RECORD YEAR NORMAL DEPARTURE LAST
                VALUE   (LST)  VALUE       VALUE  FROM      YEAR
                                                  NORMAL
..................................................................
TEMPERATURE (F)
 TODAY
  MAXIMUM         72    244 PM  90    1975  74     -2       59
                                      1964
                                      1962
  MINIMUM         44    459 AM  41    2015  54    -10       41
                                      1929
  AVERAGE         58                        64     -6       50

PRECIPITATION (IN)
  TODAY            0.00          1.75 1931   0.15  -0.15     0.00
  MONTH TO DATE    1.86                      2.68  -0.82     2.03
  SINCE MAR 1      6.28                      8.83  -2.55     4.68
  SINCE JAN 1      6.90                     12.23  -5.33     6.72

DEGREE DAYS
 HEATING
  TODAY            7                         4      3
  MONTH TO DATE  141                       104     37
  SINCE MAR 1    988                      1192   -204
  SINCE JUL 1   4585                      5534   -949

 COOLING
  TODAY            0                         2     -2
  MONTH TO DATE   11                        28    -17
  SINCE MAR 1     32                        46    -14
  SINCE JAN 1     32                        46    -14
..................................................................


WIND (MPH)
  HIGHEST WIND SPEED    13   HIGHEST WIND DIRECTION     S (200)
  HIGHEST GUST SPEED    17   HIGHEST GUST DIRECTION    SE (120)
  AVERAGE WIND SPEED     4.0


SKY COVER
  AVERAGE SKY COVER 0.2



RELATIVE HUMIDITY (PERCENT)
 HIGHEST    83           500 AM
 LOWEST     33           200 PM
 AVERAGE    58

..........................................................


THE QUINCY IL CLIMATE NORMALS FOR TOMORROW
                         NORMAL    RECORD    YEAR
 MAXIMUM TEMPERATURE (F)   74        94      1902
 MINIMUM TEMPERATURE (F)   54        38      2002
                                             1954


SUNRISE AND SUNSET
MAY 19 2016...........SUNRISE   546 AM CDT   SUNSET   817 PM CDT
MAY 20 2016...........SUNRISE   545 AM CDT   SUNSET   818 PM CDT


-  INDICATES NEGATIVE NUMBERS.
R  INDICATES RECORD WAS SET OR TIED.
MM INDICATES DATA IS MISSING.
T  INDICATES TRACE AMOUNT.




$$
