000
CDUS43 KLSX 010728
CLIUIN


CLIMATE REPORT
NATIONAL WEATHER SERVICE ST LOUIS MO
227 AM CDT SAT AUG 1 2015


...................................

...THE QUINCY IL CLIMATE SUMMARY FOR JULY 31 2015...

CLIMATE NORMAL PERIOD 1981 TO 2010
CLIMATE RECORD PERIOD 1901 TO 2015


WEATHER ITEM   OBSERVED TIME   RECORD YEAR NORMAL DEPARTURE LAST
                VALUE   (LST)  VALUE       VALUE  FROM      YEAR
                                                  NORMAL
..................................................................
TEMPERATURE (F)
 YESTERDAY
  MAXIMUM         87    431 PM 103    1988  86      1       82
  MINIMUM         65    459 AM  50    1971  66     -1       58
  AVERAGE         76                        76      0

PRECIPITATION (IN)
  YESTERDAY        0.00          3.60 1985   0.12  -0.12     0.00
  MONTH TO DATE    9.42                      4.04   5.38     2.89
  SINCE JUN 1     17.95                      8.03   9.92    11.04
  SINCE JAN 1     26.63                     22.12   4.51    19.45

DEGREE DAYS
 HEATING
  YESTERDAY        0                         0      0
  MONTH TO DATE    3                         0      3
  SINCE JUN 1     11                        16     -5
  SINCE JUL 1      3                         0      3

 COOLING
  YESTERDAY       11                        11      0
  MONTH TO DATE  336                       343     -7
  SINCE JUN 1    583                       570     13
  SINCE JAN 1    697                       656     41
..................................................................


WIND (MPH)
  HIGHEST WIND SPEED    14   HIGHEST WIND DIRECTION    NW (300)
  HIGHEST GUST SPEED    20   HIGHEST GUST DIRECTION    NW (310)
  AVERAGE WIND SPEED     6.0


SKY COVER
  AVERAGE SKY COVER 0.0



RELATIVE HUMIDITY (PERCENT)
 HIGHEST    87           100 AM
 LOWEST     43           300 PM
 AVERAGE    65

..........................................................


THE QUINCY IL CLIMATE NORMALS FOR TODAY
                         NORMAL    RECORD    YEAR
 MAXIMUM TEMPERATURE (F)   86       103      1945
                                             1940
 MINIMUM TEMPERATURE (F)   66        52      1907


SUNRISE AND SUNSET
AUGUST  1 2015........SUNRISE   603 AM CDT   SUNSET   819 PM CDT
AUGUST  2 2015........SUNRISE   604 AM CDT   SUNSET   817 PM CDT


-  INDICATES NEGATIVE NUMBERS.
R  INDICATES RECORD WAS SET OR TIED.
MM INDICATES DATA IS MISSING.
T  INDICATES TRACE AMOUNT.




$$
