466
CDUS43 KLSX 280741
CLIUIN


CLIMATE REPORT
NATIONAL WEATHER SERVICE ST LOUIS MO
240 AM CDT THU APR 28 2016


...................................

...THE QUINCY IL CLIMATE SUMMARY FOR APRIL 27 2016...

CLIMATE NORMAL PERIOD 1981 TO 2010
CLIMATE RECORD PERIOD 1901 TO 2016


WEATHER ITEM   OBSERVED TIME   RECORD YEAR NORMAL DEPARTURE LAST
                VALUE   (LST)  VALUE       VALUE  FROM      YEAR
                                                  NORMAL
..................................................................
TEMPERATURE (F)
 YESTERDAY
  MAXIMUM         67    357 PM  90    1914  67      0       65
  MINIMUM         50    512 AM  32    1967  47      3       37
  AVERAGE         59                        57      2

PRECIPITATION (IN)
  YESTERDAY        0.60          2.05 1917   0.13   0.47     0.00
  MONTH TO DATE    2.74                      3.30  -0.56     1.70
  SINCE MAR 1      3.82                      5.76  -1.94     2.65
  SINCE JAN 1      4.44                      9.16  -4.72     4.69

DEGREE DAYS
 HEATING
  YESTERDAY        6                         9     -3
  MONTH TO DATE  298                       346    -48
  SINCE MAR 1    818                      1064   -246
  SINCE JUL 1   4415                      5406   -991

 COOLING
  YESTERDAY        0                         1     -1
  MONTH TO DATE   19                        14      5
  SINCE MAR 1     21                        16      5
  SINCE JAN 1     21                        16      5
..................................................................


WIND (MPH)
  HIGHEST WIND SPEED    28   HIGHEST WIND DIRECTION    NW (300)
  HIGHEST GUST SPEED    36   HIGHEST GUST DIRECTION    NW (300)
  AVERAGE WIND SPEED    12.3


SKY COVER
  AVERAGE SKY COVER 0.9



RELATIVE HUMIDITY (PERCENT)
 HIGHEST   100           700 AM
 LOWEST     77          1200 AM
 AVERAGE    89

..........................................................


THE QUINCY IL CLIMATE NORMALS FOR TODAY
                         NORMAL    RECORD    YEAR
 MAXIMUM TEMPERATURE (F)   68        88      1970
 MINIMUM TEMPERATURE (F)   47        34      1928


SUNRISE AND SUNSET
APRIL 28 2016.........SUNRISE   608 AM CDT   SUNSET   757 PM CDT
APRIL 29 2016.........SUNRISE   607 AM CDT   SUNSET   758 PM CDT


-  INDICATES NEGATIVE NUMBERS.
R  INDICATES RECORD WAS SET OR TIED.
MM INDICATES DATA IS MISSING.
T  INDICATES TRACE AMOUNT.




$$
