000
CDUS43 KLSX 230745
CLIUIN


CLIMATE REPORT
NATIONAL WEATHER SERVICE ST LOUIS MO
145 AM CST TUE DEC 23 2014


...................................

...THE QUINCY IL CLIMATE SUMMARY FOR DECEMBER 22 2014...

CLIMATE NORMAL PERIOD 1981 TO 2010
CLIMATE RECORD PERIOD 1901 TO 2014


WEATHER ITEM   OBSERVED TIME   RECORD YEAR NORMAL DEPARTURE LAST
                VALUE   (LST)  VALUE       VALUE  FROM      YEAR
                                                  NORMAL
..................................................................
TEMPERATURE (F)
 YESTERDAY
  MAXIMUM         47    950 PM  61    1957  36     11       32
                                      1933
  MINIMUM         37    904 AM -22    1989  20     17       17
  AVERAGE         42                        28     14

PRECIPITATION (IN)
  YESTERDAY        0.44          0.66 1988   0.07   0.37     0.12
  MONTH TO DATE    1.31                      1.71  -0.40     1.08
  SINCE DEC 1      1.31                      1.71  -0.40     1.08
  SINCE JAN 1     40.12                     36.79   3.33    35.67

DEGREE DAYS
 HEATING
  YESTERDAY       23                        37    -14
  MONTH TO DATE  673                       751    -78
  SINCE DEC 1    673                       751    -78
  SINCE JUL 1   1950                      1851     99

 COOLING
  YESTERDAY        0                         0      0
  MONTH TO DATE    0                         0      0
  SINCE DEC 1      0                         0      0
  SINCE JAN 1   1021                      1094    -73
..................................................................


WIND (MPH)
  HIGHEST WIND SPEED    16   HIGHEST WIND DIRECTION    SE (130)
  HIGHEST GUST SPEED    19   HIGHEST GUST DIRECTION    SE (120)
  AVERAGE WIND SPEED    10.4


SKY COVER
  AVERAGE SKY COVER 1.0



RELATIVE HUMIDITY (PERCENT)
 HIGHEST   100          1000 AM
 LOWEST     76           400 AM
 AVERAGE    88

..........................................................


THE QUINCY IL CLIMATE NORMALS FOR TODAY
                         NORMAL    RECORD    YEAR
 MAXIMUM TEMPERATURE (F)   35        64      1933
 MINIMUM TEMPERATURE (F)   20       -21      1989


SUNRISE AND SUNSET
DECEMBER 23 2014......SUNRISE   724 AM CST   SUNSET   444 PM CST
DECEMBER 24 2014......SUNRISE   724 AM CST   SUNSET   445 PM CST


-  INDICATES NEGATIVE NUMBERS.
R  INDICATES RECORD WAS SET OR TIED.
MM INDICATES DATA IS MISSING.
T  INDICATES TRACE AMOUNT.




$$
