000
CDUS43 KLSX 250745
CLIUIN


CLIMATE REPORT
NATIONAL WEATHER SERVICE ST LOUIS MO
245 AM CDT THU SEP 25 2014


...................................

...THE QUINCY IL CLIMATE SUMMARY FOR SEPTEMBER 24 2014...

CLIMATE NORMAL PERIOD 1981 TO 2010
CLIMATE RECORD PERIOD 1901 TO 2014


WEATHER ITEM   OBSERVED TIME   RECORD YEAR NORMAL DEPARTURE LAST
                VALUE   (LST)  VALUE       VALUE  FROM      YEAR
                                                  NORMAL
..................................................................
TEMPERATURE (F)
 YESTERDAY
  MAXIMUM         76    349 PM  94    1935  74      2       78
  MINIMUM         51    623 AM  33    1989  52     -1       52
  AVERAGE         64                        63      1

PRECIPITATION (IN)
  YESTERDAY        0.00          4.35 1904   0.12  -0.12     0.00
  MONTH TO DATE    6.25                      2.65   3.60     1.35
  SINCE SEP 1      6.25                      2.65   3.60     1.35
  SINCE JAN 1     31.87                     28.40   3.47    29.45

DEGREE DAYS
 HEATING
  YESTERDAY        1                         5     -4
  MONTH TO DATE   87                        49     38
  SINCE SEP 1     87                        49     38
  SINCE JUL 1     92                        54     38

 COOLING
  YESTERDAY        0                         2     -2
  MONTH TO DATE   56                       111    -55
  SINCE SEP 1     56                       111    -55
  SINCE JAN 1    985                      1064    -79
..................................................................


WIND (MPH)
  HIGHEST WIND SPEED    12   HIGHEST WIND DIRECTION     S (190)
  HIGHEST GUST SPEED    16   HIGHEST GUST DIRECTION    SE (140)
  AVERAGE WIND SPEED     5.9


SKY COVER
  AVERAGE SKY COVER 0.1



RELATIVE HUMIDITY (PERCENT)
 HIGHEST    89           700 AM
 LOWEST     33          1200 PM
 AVERAGE    61

..........................................................


THE QUINCY IL CLIMATE NORMALS FOR TODAY
                         NORMAL    RECORD    YEAR
 MAXIMUM TEMPERATURE (F)   73        93      1920
 MINIMUM TEMPERATURE (F)   52        35      1907


SUNRISE AND SUNSET
SEPTEMBER 25 2014.....SUNRISE   655 AM CDT   SUNSET   657 PM CDT
SEPTEMBER 26 2014.....SUNRISE   656 AM CDT   SUNSET   655 PM CDT


-  INDICATES NEGATIVE NUMBERS.
R  INDICATES RECORD WAS SET OR TIED.
MM INDICATES DATA IS MISSING.
T  INDICATES TRACE AMOUNT.




$$
