000
CDUS43 KLSX 232131
CLIUIN


CLIMATE REPORT
NATIONAL WEATHER SERVICE ST LOUIS MO
430 PM CDT SUN AUG 23 2015


...................................

...THE QUINCY IL CLIMATE SUMMARY FOR AUGUST 23 2015...
VALID TODAY AS OF 0400 PM LOCAL TIME.

CLIMATE NORMAL PERIOD 1981 TO 2010
CLIMATE RECORD PERIOD 1901 TO 2015


WEATHER ITEM   OBSERVED TIME   RECORD YEAR NORMAL DEPARTURE LAST
                VALUE   (LST)  VALUE       VALUE  FROM      YEAR
                                                  NORMAL
..................................................................
TEMPERATURE (F)
 TODAY
  MAXIMUM         76    259 PM 103    1947  84     -8       91
  MINIMUM         64    830 AM  48    1939  64      0       76
  AVERAGE         70                        74     -4       84

PRECIPITATION (IN)
  TODAY            0.05          2.65 2002   0.11  -0.06     0.00
  MONTH TO DATE    1.95                      2.70  -0.75     5.48
  SINCE JUN 1     19.90                     10.73   9.17    16.52
  SINCE JAN 1     28.58                     24.82   3.76    24.93

DEGREE DAYS
 HEATING
  TODAY            0                         0      0
  MONTH TO DATE    0                         0      0
  SINCE JUN 1     11                        16     -5
  SINCE JUL 1      3                         0      3

 COOLING
  TODAY            5                         9     -4
  MONTH TO DATE  222                       231     -9
  SINCE JUN 1    805                       801      4
  SINCE JAN 1    919                       887     32
..................................................................


WIND (MPH)
  HIGHEST WIND SPEED    23   HIGHEST WIND DIRECTION    NW (320)
  HIGHEST GUST SPEED    29   HIGHEST GUST DIRECTION    NW (330)
  AVERAGE WIND SPEED    12.2


SKY COVER
  AVERAGE SKY COVER 0.3



RELATIVE HUMIDITY (PERCENT)
 HIGHEST    93           300 AM
 LOWEST     43           100 PM
 AVERAGE    68

..........................................................


THE QUINCY IL CLIMATE NORMALS FOR TOMORROW
                         NORMAL    RECORD    YEAR
 MAXIMUM TEMPERATURE (F)   84       109      1936
 MINIMUM TEMPERATURE (F)   64        46      1942


SUNRISE AND SUNSET
AUGUST 23 2015........SUNRISE   624 AM CDT   SUNSET   750 PM CDT
AUGUST 24 2015........SUNRISE   625 AM CDT   SUNSET   749 PM CDT


-  INDICATES NEGATIVE NUMBERS.
R  INDICATES RECORD WAS SET OR TIED.
MM INDICATES DATA IS MISSING.
T  INDICATES TRACE AMOUNT.




$$
