000
CDUS43 KLSX 120727
CLIUIN


CLIMATE REPORT
NATIONAL WEATHER SERVICE ST LOUIS MO
226 AM CDT THU OCT 12 2017


...................................

...THE QUINCY IL CLIMATE SUMMARY FOR OCTOBER 11 2017...

CLIMATE NORMAL PERIOD 1981 TO 2010
CLIMATE RECORD PERIOD 1901 TO 2017


WEATHER ITEM   OBSERVED TIME   RECORD YEAR NORMAL DEPARTURE LAST
                VALUE   (LST)  VALUE       VALUE  FROM      YEAR
                                                  NORMAL
..................................................................
TEMPERATURE (F)
 YESTERDAY
  MAXIMUM         57    404 PM  88    1962  67    -10       80
  MINIMUM         50    911 AM  26    1906  46      4       52
  AVERAGE         54                        56     -2

PRECIPITATION (IN)
  YESTERDAY        0.00          0.92 1931   0.09  -0.09      T
  MONTH TO DATE    2.81                      1.10   1.71     1.17
  SINCE SEP 1      3.48                      4.40  -0.92     4.26
  SINCE JAN 1     29.63                     30.15  -0.52    27.95

DEGREE DAYS
 HEATING
  YESTERDAY       11                         9      2
  MONTH TO DATE   18                        88    -70
  SINCE SEP 1     49                       170   -121
  SINCE JUL 1     49                       175   -126

 COOLING
  YESTERDAY        0                         1     -1
  MONTH TO DATE   34                        12     22
  SINCE SEP 1    214                       135     79
  SINCE JAN 1   1209                      1088    121
..................................................................


WIND (MPH)
  HIGHEST WIND SPEED    18   HIGHEST WIND DIRECTION    NW (310)
  HIGHEST GUST SPEED    25   HIGHEST GUST DIRECTION    NW (310)
  AVERAGE WIND SPEED     8.1


SKY COVER
  AVERAGE SKY COVER 1.0



RELATIVE HUMIDITY (PERCENT)
 HIGHEST   100          1200 AM
 LOWEST     77           400 PM
 AVERAGE    89

..........................................................


THE QUINCY IL CLIMATE NORMALS FOR TODAY
                         NORMAL    RECORD    YEAR
 MAXIMUM TEMPERATURE (F)   66        88      1975
 MINIMUM TEMPERATURE (F)   45        27      1909


SUNRISE AND SUNSET
OCTOBER 12 2017.......SUNRISE   712 AM CDT   SUNSET   629 PM CDT
OCTOBER 13 2017.......SUNRISE   713 AM CDT   SUNSET   628 PM CDT


-  INDICATES NEGATIVE NUMBERS.
R  INDICATES RECORD WAS SET OR TIED.
MM INDICATES DATA IS MISSING.
T  INDICATES TRACE AMOUNT.




$$
