000
CDUS43 KLSX 262139
CLIUIN


CLIMATE REPORT
NATIONAL WEATHER SERVICE ST LOUIS MO
438 PM CDT FRI SEP 26 2014


...................................

...THE QUINCY IL CLIMATE SUMMARY FOR SEPTEMBER 26 2014...
VALID TODAY AS OF 0400 PM LOCAL TIME.

CLIMATE NORMAL PERIOD 1981 TO 2010
CLIMATE RECORD PERIOD 1901 TO 2014


WEATHER ITEM   OBSERVED TIME   RECORD YEAR NORMAL DEPARTURE LAST
                VALUE   (LST)  VALUE       VALUE  FROM      YEAR
                                                  NORMAL
..................................................................
TEMPERATURE (F)
 TODAY
  MAXIMUM         83    248 PM  91    1956  73     10       85
                                      1953
                                      1920
  MINIMUM         58    625 AM  32    1928  51      7       58
  AVERAGE         71                        62      9       72

PRECIPITATION (IN)
  TODAY            0.00          1.49 1996   0.11  -0.11     0.00
  MONTH TO DATE    6.27                      2.87   3.40     1.35
  SINCE SEP 1      6.27                      2.87   3.40     1.35
  SINCE JAN 1     31.89                     28.62   3.27    29.45

DEGREE DAYS
 HEATING
  TODAY            0                         5     -5
  MONTH TO DATE   87                        59     28
  SINCE SEP 1     87                        59     28
  SINCE JUL 1     92                        64     28

 COOLING
  TODAY            6                         2      4
  MONTH TO DATE   67                       115    -48
  SINCE SEP 1     67                       115    -48
  SINCE JAN 1    996                      1068    -72
..................................................................


WIND (MPH)
  HIGHEST WIND SPEED    10   HIGHEST WIND DIRECTION     S (180)
  HIGHEST GUST SPEED    13   HIGHEST GUST DIRECTION     S (170)
  AVERAGE WIND SPEED     3.4


SKY COVER
  AVERAGE SKY COVER 0.2



RELATIVE HUMIDITY (PERCENT)
 HIGHEST    93           600 AM
 LOWEST     43           100 PM
 AVERAGE    68

..........................................................


THE QUINCY IL CLIMATE NORMALS FOR TOMORROW
                         NORMAL    RECORD    YEAR
 MAXIMUM TEMPERATURE (F)   72        92      1929
 MINIMUM TEMPERATURE (F)   51        33      1942
                                             1940


SUNRISE AND SUNSET
SEPTEMBER 26 2014.....SUNRISE   656 AM CDT   SUNSET   655 PM CDT
SEPTEMBER 27 2014.....SUNRISE   657 AM CDT   SUNSET   654 PM CDT


-  INDICATES NEGATIVE NUMBERS.
R  INDICATES RECORD WAS SET OR TIED.
MM INDICATES DATA IS MISSING.
T  INDICATES TRACE AMOUNT.




$$
