000
CDUS43 KLSX 050729
CLIUIN


CLIMATE REPORT
NATIONAL WEATHER SERVICE ST LOUIS MO
127 AM CST FRI FEB 5 2016


...................................

...THE QUINCY IL CLIMATE SUMMARY FOR FEBRUARY 4 2016...

CLIMATE NORMAL PERIOD 1981 TO 2010
CLIMATE RECORD PERIOD 1901 TO 2016


WEATHER ITEM   OBSERVED TIME   RECORD YEAR NORMAL DEPARTURE LAST
                VALUE   (LST)  VALUE       VALUE  FROM      YEAR
                                                  NORMAL
..................................................................
TEMPERATURE (F)
 YESTERDAY
  MAXIMUM         40    256 PM  67    1962  36      4       36
  MINIMUM         17    657 AM -14    1996  20     -3        4
  AVERAGE         29                        28      1

PRECIPITATION (IN)
  YESTERDAY        0.00          1.17 1971   0.05  -0.05    MM
  MONTH TO DATE    0.10                      0.20  -0.10     0.50
  SINCE DEC 1      6.32                      3.97   2.35     2.94
  SINCE JAN 1      0.50                      1.72  -1.22     1.63

DEGREE DAYS
 HEATING
  YESTERDAY       36                        37     -1
  MONTH TO DATE  109                       149    -40
  SINCE DEC 1   2018                      2435   -417
  SINCE JUL 1   2836                      3535   -699

 COOLING
  YESTERDAY        0                         0      0
  MONTH TO DATE    0                         0      0
  SINCE DEC 1      0                         0      0
  SINCE JAN 1      0                         0      0
..................................................................


WIND (MPH)
  HIGHEST WIND SPEED    18   HIGHEST WIND DIRECTION    SW (230)
  HIGHEST GUST SPEED    21   HIGHEST GUST DIRECTION    SW (230)
  AVERAGE WIND SPEED     8.3


SKY COVER
  AVERAGE SKY COVER 0.1



RELATIVE HUMIDITY (PERCENT)
 HIGHEST    84           800 AM
 LOWEST     40           300 PM
 AVERAGE    62

..........................................................


THE QUINCY IL CLIMATE NORMALS FOR TODAY
                         NORMAL    RECORD    YEAR
 MAXIMUM TEMPERATURE (F)   36        64      1946
 MINIMUM TEMPERATURE (F)   20       -16      1936


SUNRISE AND SUNSET
FEBRUARY  5 2016......SUNRISE   710 AM CST   SUNSET   528 PM CST
FEBRUARY  6 2016......SUNRISE   709 AM CST   SUNSET   530 PM CST


-  INDICATES NEGATIVE NUMBERS.
R  INDICATES RECORD WAS SET OR TIED.
MM INDICATES DATA IS MISSING.
T  INDICATES TRACE AMOUNT.




$$
