000
CDUS43 KLSX 130731
CLIUIN


CLIMATE REPORT
NATIONAL WEATHER SERVICE ST LOUIS MO
230 AM CDT SAT SEP 13 2014


...................................

...THE QUINCY IL CLIMATE SUMMARY FOR SEPTEMBER 12 2014...

CLIMATE NORMAL PERIOD 1981 TO 2010
CLIMATE RECORD PERIOD 1901 TO 2014


WEATHER ITEM   OBSERVED TIME   RECORD YEAR NORMAL DEPARTURE LAST
                VALUE   (LST)  VALUE       VALUE  FROM      YEAR
                                                  NORMAL
..................................................................
TEMPERATURE (F)
 YESTERDAY
  MAXIMUM         55    106 PM  99    1927  79    -24       85
  MINIMUM         42   1159 PM  35    1940  57    -15       57
  AVERAGE         49                        68    -19

PRECIPITATION (IN)
  YESTERDAY        T             3.53 1977   0.10  -0.10     0.52
  MONTH TO DATE    5.10                      1.32   3.78     0.81
  SINCE SEP 1      5.10                      1.32   3.78     0.81
  SINCE JAN 1     30.72                     27.07   3.65    28.91

DEGREE DAYS
 HEATING
  YESTERDAY       16                         2     14
  MONTH TO DATE   27                        12     15
  SINCE SEP 1     27                        12     15
  SINCE JUL 1     32                        17     15

 COOLING
  YESTERDAY        0                         5     -5
  MONTH TO DATE   49                        72    -23
  SINCE SEP 1     49                        72    -23
  SINCE JAN 1    978                      1025    -47
..................................................................


WIND (MPH)
  HIGHEST WIND SPEED    21   HIGHEST WIND DIRECTION     N (360)
  HIGHEST GUST SPEED    26   HIGHEST GUST DIRECTION     N (10)
  AVERAGE WIND SPEED     9.5


SKY COVER
  AVERAGE SKY COVER 0.9



RELATIVE HUMIDITY (PERCENT)
 HIGHEST    92          1000 PM
 LOWEST     66           100 PM
 AVERAGE    79

..........................................................


THE QUINCY IL CLIMATE NORMALS FOR TODAY
                         NORMAL    RECORD    YEAR
 MAXIMUM TEMPERATURE (F)   78       100      1927
 MINIMUM TEMPERATURE (F)   57        33      1902


SUNRISE AND SUNSET
SEPTEMBER 13 2014.....SUNRISE   644 AM CDT   SUNSET   717 PM CDT
SEPTEMBER 14 2014.....SUNRISE   645 AM CDT   SUNSET   715 PM CDT


-  INDICATES NEGATIVE NUMBERS.
R  INDICATES RECORD WAS SET OR TIED.
MM INDICATES DATA IS MISSING.
T  INDICATES TRACE AMOUNT.




$$
