000
CDUS43 KLSX 240812
CLIUIN


CLIMATE REPORT
NATIONAL WEATHER SERVICE ST LOUIS MO
210 AM CST THU NOV 24 2016


...................................

...THE QUINCY IL CLIMATE SUMMARY FOR NOVEMBER 23 2016...

CLIMATE NORMAL PERIOD 1981 TO 2010
CLIMATE RECORD PERIOD 1901 TO 2016


WEATHER ITEM   OBSERVED TIME   RECORD YEAR NORMAL DEPARTURE LAST
                VALUE   (LST)  VALUE       VALUE  FROM      YEAR
                                                  NORMAL
..................................................................
TEMPERATURE (F)
 YESTERDAY
  MAXIMUM         51   1248 PM  71    1931  47      4       56
                                      1913
  MINIMUM         40   1159 PM   2    1950  30     10       31
  AVERAGE         46                        39      7

PRECIPITATION (IN)
  YESTERDAY        T             0.71 2014   0.10  -0.10     0.00
  MONTH TO DATE    0.91                      2.34  -1.43     2.68
  SINCE SEP 1      5.91                      8.65  -2.74     4.91
  SINCE JAN 1     29.60                     34.40  -4.80    33.67

DEGREE DAYS
 HEATING
  YESTERDAY       19                        26     -7
  MONTH TO DATE  326                       479   -153
  SINCE SEP 1    518                       898   -380
  SINCE JUL 1    524                       903   -379

 COOLING
  YESTERDAY        0                         0      0
  MONTH TO DATE   15                         0     15
  SINCE SEP 1    296                       140    156
  SINCE JAN 1   1472                      1093    379
..................................................................


WIND (MPH)
  HIGHEST WIND SPEED    22   HIGHEST WIND DIRECTION    NW (310)
  HIGHEST GUST SPEED    27   HIGHEST GUST DIRECTION    NW (310)
  AVERAGE WIND SPEED    11.5


SKY COVER
  AVERAGE SKY COVER 1.0



RELATIVE HUMIDITY (PERCENT)
 HIGHEST   100           100 PM
 LOWEST     79          1000 PM
 AVERAGE    90

..........................................................


THE QUINCY IL CLIMATE NORMALS FOR TODAY
                         NORMAL    RECORD    YEAR
 MAXIMUM TEMPERATURE (F)   47        69      1931
 MINIMUM TEMPERATURE (F)   30        -1      1950


SUNRISE AND SUNSET
NOVEMBER 24 2016......SUNRISE   700 AM CST   SUNSET   443 PM CST
NOVEMBER 25 2016......SUNRISE   702 AM CST   SUNSET   442 PM CST


-  INDICATES NEGATIVE NUMBERS.
R  INDICATES RECORD WAS SET OR TIED.
MM INDICATES DATA IS MISSING.
T  INDICATES TRACE AMOUNT.




$$
