000
CDUS43 KLSX 192227
CLIUIN


CLIMATE REPORT
NATIONAL WEATHER SERVICE ST LOUIS MO
526 PM CDT FRI SEP 19 2014


...................................

...THE QUINCY IL CLIMATE SUMMARY FOR SEPTEMBER 19 2014...
VALID TODAY AS OF 0500 PM LOCAL TIME.

CLIMATE NORMAL PERIOD 1981 TO 2010
CLIMATE RECORD PERIOD 1901 TO 2014


WEATHER ITEM   OBSERVED TIME   RECORD YEAR NORMAL DEPARTURE LAST
                VALUE   (LST)  VALUE       VALUE  FROM      YEAR
                                                  NORMAL
..................................................................
TEMPERATURE (F)
 TODAY
  MAXIMUM         76    337 PM  95    1972  76      0       94
                                      1947
                                      1925
  MINIMUM         52    506 AM  35    1991  54     -2       68
  AVERAGE         64                        65     -1       81

PRECIPITATION (IN)
  TODAY            0.00          1.26 1904   0.11  -0.11     0.42
  MONTH TO DATE    6.14                      2.07   4.07     1.28
  SINCE SEP 1      6.14                      2.07   4.07     1.28
  SINCE JAN 1     31.76                     27.82   3.94    29.38

DEGREE DAYS
 HEATING
  TODAY            1                         3     -2
  MONTH TO DATE   75                        29     46
  SINCE SEP 1     75                        29     46
  SINCE JUL 1     80                        34     46

 COOLING
  TODAY            0                         3     -3
  MONTH TO DATE   49                        98    -49
  SINCE SEP 1     49                        98    -49
  SINCE JAN 1    978                      1051    -73
..................................................................


WIND (MPH)
  HIGHEST WIND SPEED    15   HIGHEST WIND DIRECTION     S (170)
  HIGHEST GUST SPEED    21   HIGHEST GUST DIRECTION    SE (150)
  AVERAGE WIND SPEED     8.5


SKY COVER
  AVERAGE SKY COVER 0.0



RELATIVE HUMIDITY (PERCENT)
 HIGHEST    89           300 AM
 LOWEST     43           100 PM
 AVERAGE    66

..........................................................


THE QUINCY IL CLIMATE NORMALS FOR TOMORROW
                         NORMAL    RECORD    YEAR
 MAXIMUM TEMPERATURE (F)   75        95      1940
 MINIMUM TEMPERATURE (F)   54        34      1991


SUNRISE AND SUNSET
SEPTEMBER 19 2014.....SUNRISE   650 AM CDT   SUNSET   707 PM CDT
SEPTEMBER 20 2014.....SUNRISE   650 AM CDT   SUNSET   705 PM CDT


-  INDICATES NEGATIVE NUMBERS.
R  INDICATES RECORD WAS SET OR TIED.
MM INDICATES DATA IS MISSING.
T  INDICATES TRACE AMOUNT.




$$
