000
CDUS43 KLSX 152246
CLIUIN


CLIMATE REPORT
NATIONAL WEATHER SERVICE ST LOUIS MO
446 PM CST SUN JAN 15 2017


...................................

...THE QUINCY IL CLIMATE SUMMARY FOR JANUARY 15 2017...
VALID TODAY AS OF 0400 PM LOCAL TIME.

CLIMATE NORMAL PERIOD 1981 TO 2010
CLIMATE RECORD PERIOD 1901 TO 2017


WEATHER ITEM   OBSERVED TIME   RECORD YEAR NORMAL DEPARTURE LAST
                VALUE   (LST)  VALUE       VALUE  FROM      YEAR
                                                  NORMAL
..................................................................
TEMPERATURE (F)
 TODAY
  MAXIMUM         31    359 PM  65    1949  34     -3       46
  MINIMUM         28    805 AM -16    1979  18     10       25
                                      1972
  AVERAGE         30                        26      4       36

PRECIPITATION (IN)
  TODAY            0.02          0.64 1969   0.05  -0.03     0.00
  MONTH TO DATE    0.16                      0.77  -0.61     0.20
  SINCE DEC 1      1.19                      3.02  -1.83     6.02
  SINCE JAN 1      0.16                      0.77  -0.61     0.20

DEGREE DAYS
 HEATING
  TODAY           35                        39     -4
  MONTH TO DATE  601                       581     20
  SINCE DEC 1   1714                      1672     42
  SINCE JUL 1   2402                      2772   -370

 COOLING
  TODAY            0                         0      0
  MONTH TO DATE    0                         0      0
  SINCE DEC 1      0                         0      0
  SINCE JAN 1      0                         0      0
..................................................................


WIND (MPH)
  HIGHEST WIND SPEED    12   HIGHEST WIND DIRECTION     E (70)
  HIGHEST GUST SPEED    13   HIGHEST GUST DIRECTION     E (70)
  AVERAGE WIND SPEED     4.9


SKY COVER
  AVERAGE SKY COVER 1.0



RELATIVE HUMIDITY (PERCENT)
 HIGHEST   100           400 PM
 LOWEST     78          1000 AM
 AVERAGE    89

..........................................................


THE QUINCY IL CLIMATE NORMALS FOR TOMORROW
                         NORMAL    RECORD    YEAR
 MAXIMUM TEMPERATURE (F)   34        69      1990
 MINIMUM TEMPERATURE (F)   18       -19      1977


SUNRISE AND SUNSET
JANUARY 15 2017.......SUNRISE   724 AM CST   SUNSET   505 PM CST
JANUARY 16 2017.......SUNRISE   724 AM CST   SUNSET   506 PM CST


-  INDICATES NEGATIVE NUMBERS.
R  INDICATES RECORD WAS SET OR TIED.
MM INDICATES DATA IS MISSING.
T  INDICATES TRACE AMOUNT.




$$
