000
CDUS43 KLSX 162133
CLIUIN


CLIMATE REPORT
NATIONAL WEATHER SERVICE ST LOUIS MO
432 PM CDT MON MAY 16 2016


...................................

...THE QUINCY IL CLIMATE SUMMARY FOR MAY 16 2016...
VALID TODAY AS OF 0400 PM LOCAL TIME.

CLIMATE NORMAL PERIOD 1981 TO 2010
CLIMATE RECORD PERIOD 1901 TO 2016


WEATHER ITEM   OBSERVED TIME   RECORD YEAR NORMAL DEPARTURE LAST
                VALUE   (LST)  VALUE       VALUE  FROM      YEAR
                                                  NORMAL
..................................................................
TEMPERATURE (F)
 TODAY
  MAXIMUM         56    259 PM  92    1944  73    -17       79
                                      1911
  MINIMUM         47    433 AM  34    1956  53     -6       66
                                      1907
  AVERAGE         52                        63    -11       73

PRECIPITATION (IN)
  TODAY            0.03          2.21 1957   0.14  -0.11     0.02
  MONTH TO DATE    1.66                      2.23  -0.57     1.98
  SINCE MAR 1      6.08                      8.38  -2.30     4.63
  SINCE JAN 1      6.70                     11.78  -5.08     6.67

DEGREE DAYS
 HEATING
  TODAY           13                         4      9
  MONTH TO DATE  113                        92     21
  SINCE MAR 1    960                      1180   -220
  SINCE JUL 1   4557                      5522   -965

 COOLING
  TODAY            0                         2     -2
  MONTH TO DATE   11                        22    -11
  SINCE MAR 1     32                        40     -8
  SINCE JAN 1     32                        40     -8
..................................................................


WIND (MPH)
  HIGHEST WIND SPEED    10   HIGHEST WIND DIRECTION     S (160)
  HIGHEST GUST SPEED    14   HIGHEST GUST DIRECTION     S (160)
  AVERAGE WIND SPEED     5.8


SKY COVER
  AVERAGE SKY COVER 0.5



RELATIVE HUMIDITY (PERCENT)
 HIGHEST    83          1200 PM
 LOWEST     54          1200 AM
 AVERAGE    69

..........................................................


THE QUINCY IL CLIMATE NORMALS FOR TOMORROW
                         NORMAL    RECORD    YEAR
 MAXIMUM TEMPERATURE (F)   73        92      1911
 MINIMUM TEMPERATURE (F)   53        35      2014


SUNRISE AND SUNSET
MAY 16 2016...........SUNRISE   548 AM CDT   SUNSET   815 PM CDT
MAY 17 2016...........SUNRISE   547 AM CDT   SUNSET   815 PM CDT


-  INDICATES NEGATIVE NUMBERS.
R  INDICATES RECORD WAS SET OR TIED.
MM INDICATES DATA IS MISSING.
T  INDICATES TRACE AMOUNT.




$$
