000
CDUS43 KLSX 280745
CLIUIN


CLIMATE REPORT
NATIONAL WEATHER SERVICE ST LOUIS MO
245 AM CDT MON JUL 28 2014


...................................

...THE QUINCY IL CLIMATE SUMMARY FOR JULY 27 2014...

CLIMATE NORMAL PERIOD 1981 TO 2010
CLIMATE RECORD PERIOD 1901 TO 2014


WEATHER ITEM   OBSERVED TIME   RECORD YEAR NORMAL DEPARTURE LAST
                VALUE   (LST)  VALUE       VALUE  FROM      YEAR
                                                  NORMAL
..................................................................
TEMPERATURE (F)
 YESTERDAY
  MAXIMUM         84    206 PM 105    1936  86     -2       73
                                      1930
                                      1916
  MINIMUM         64   1159 PM  50    1962  66     -2       53
  AVERAGE         74                        76     -2

PRECIPITATION (IN)
  YESTERDAY        0.00          1.71 1981   0.12  -0.12     0.00
  MONTH TO DATE    2.89                      3.56  -0.67     0.50
  SINCE JUN 1     11.04                      7.55   3.49     2.28
  SINCE JAN 1     19.45                     21.64  -2.19    27.52

DEGREE DAYS
 HEATING
  YESTERDAY        0                         0      0
  MONTH TO DATE    5                         0      5
  SINCE JUN 1      9                        16     -7
  SINCE JUL 1      5                         0      5

 COOLING
  YESTERDAY        9                        11     -2
  MONTH TO DATE  185                       297   -112
  SINCE JUN 1    452                       524    -72
  SINCE JAN 1    595                       610    -15
..................................................................


WIND (MPH)
  HIGHEST WIND SPEED    26   HIGHEST WIND DIRECTION     W (290)
  HIGHEST GUST SPEED    33   HIGHEST GUST DIRECTION    NW (330)
  AVERAGE WIND SPEED    11.8


SKY COVER
  AVERAGE SKY COVER 0.4



RELATIVE HUMIDITY (PERCENT)
 HIGHEST   100           100 AM
 LOWEST     43           300 PM
 AVERAGE    72

..........................................................


THE QUINCY IL CLIMATE NORMALS FOR TODAY
                         NORMAL    RECORD    YEAR
 MAXIMUM TEMPERATURE (F)   86       104      1914
 MINIMUM TEMPERATURE (F)   66        49      2013


SUNRISE AND SUNSET
JULY 28 2014..........SUNRISE   600 AM CDT   SUNSET   822 PM CDT
JULY 29 2014..........SUNRISE   601 AM CDT   SUNSET   821 PM CDT


-  INDICATES NEGATIVE NUMBERS.
R  INDICATES RECORD WAS SET OR TIED.
MM INDICATES DATA IS MISSING.
T  INDICATES TRACE AMOUNT.




$$
