000
CDUS43 KLSX 070745
CLIUIN


CLIMATE REPORT
NATIONAL WEATHER SERVICE ST LOUIS MO
145 AM CST TUE FEB 7 2017


...................................

...THE QUINCY IL CLIMATE SUMMARY FOR FEBRUARY 6 2017...

CLIMATE NORMAL PERIOD 1981 TO 2010
CLIMATE RECORD PERIOD 1901 TO 2017


WEATHER ITEM   OBSERVED TIME   RECORD YEAR NORMAL DEPARTURE LAST
                VALUE   (LST)  VALUE       VALUE  FROM      YEAR
                                                  NORMAL
..................................................................
TEMPERATURE (F)
 YESTERDAY
  MAXIMUM         56   1159 PM  67    2009  36     20       50
  MINIMUM         29    331 AM -16    1978  20      9       25
  AVERAGE         43                        28     15

PRECIPITATION (IN)
  YESTERDAY        0.00          0.82 1942   0.06  -0.06     0.00
  MONTH TO DATE    0.00                      0.32  -0.32     0.10
  SINCE DEC 1      2.21                      4.09  -1.88     6.32
  SINCE JAN 1      1.18                      1.84  -0.66     0.50

DEGREE DAYS
 HEATING
  YESTERDAY       22                        37    -15
  MONTH TO DATE  199                       223    -24
  SINCE DEC 1   2338                      2509   -171
  SINCE JUL 1   3026                      3609   -583

 COOLING
  YESTERDAY        0                         0      0
  MONTH TO DATE    0                         0      0
  SINCE DEC 1      0                         0      0
  SINCE JAN 1      0                         0      0
..................................................................


WIND (MPH)
  HIGHEST WIND SPEED    14   HIGHEST WIND DIRECTION     S (200)
  HIGHEST GUST SPEED    17   HIGHEST GUST DIRECTION     S (200)
  AVERAGE WIND SPEED     8.9


SKY COVER
  AVERAGE SKY COVER 0.4



RELATIVE HUMIDITY (PERCENT)
 HIGHEST   100           500 PM
 LOWEST     75           200 AM
 AVERAGE    88

..........................................................


THE QUINCY IL CLIMATE NORMALS FOR TODAY
                         NORMAL    RECORD    YEAR
 MAXIMUM TEMPERATURE (F)   37        69      2009
 MINIMUM TEMPERATURE (F)   20       -11      2014


SUNRISE AND SUNSET
FEBRUARY  7 2017......SUNRISE   707 AM CST   SUNSET   532 PM CST
FEBRUARY  8 2017......SUNRISE   706 AM CST   SUNSET   533 PM CST


-  INDICATES NEGATIVE NUMBERS.
R  INDICATES RECORD WAS SET OR TIED.
MM INDICATES DATA IS MISSING.
T  INDICATES TRACE AMOUNT.




$$
