078
CDUS43 KLSX 120726
CLIUIN


CLIMATE REPORT
NATIONAL WEATHER SERVICE ST LOUIS MO
226 AM CDT SAT AUG 12 2017


...................................

...THE QUINCY IL CLIMATE SUMMARY FOR AUGUST 11 2017...

CLIMATE NORMAL PERIOD 1981 TO 2010
CLIMATE RECORD PERIOD 1901 TO 2017


WEATHER ITEM   OBSERVED TIME   RECORD YEAR NORMAL DEPARTURE LAST
                VALUE   (LST)  VALUE       VALUE  FROM      YEAR
                                                  NORMAL
..................................................................
TEMPERATURE (F)
 YESTERDAY
  MAXIMUM         82    157 PM 105    1934  85     -3       92
  MINIMUM         62   1159 PM  50    2004  65     -3       75
                                      1982
                                      1967
  AVERAGE         72                        75     -3

PRECIPITATION (IN)
  YESTERDAY        0.01          1.64 1939   0.11  -0.10     0.00
  MONTH TO DATE    2.14                      1.31   0.83     2.20
  SINCE JUN 1      7.20                      9.34  -2.14     9.92
  SINCE JAN 1     23.98                     23.43   0.55    18.60

DEGREE DAYS
 HEATING
  YESTERDAY        0                         0      0
  MONTH TO DATE    0                         0      0
  SINCE JUN 1      4                        16    -12
  SINCE JUL 1      0                         0      0

 COOLING
  YESTERDAY        7                        10     -3
  MONTH TO DATE   71                       115    -44
  SINCE JUN 1    760                       685     75
  SINCE JAN 1    869                       771     98
..................................................................


WIND (MPH)
  HIGHEST WIND SPEED    16   HIGHEST WIND DIRECTION     N (20)
  HIGHEST GUST SPEED    21   HIGHEST GUST DIRECTION     N (20)
  AVERAGE WIND SPEED     7.2


SKY COVER
  AVERAGE SKY COVER 0.1



RELATIVE HUMIDITY (PERCENT)
 HIGHEST   100           600 AM
 LOWEST     45           200 PM
 AVERAGE    73

..........................................................


THE QUINCY IL CLIMATE NORMALS FOR TODAY
                         NORMAL    RECORD    YEAR
 MAXIMUM TEMPERATURE (F)   85       105      1936
 MINIMUM TEMPERATURE (F)   65        48      1979


SUNRISE AND SUNSET
AUGUST 12 2017........SUNRISE   614 AM CDT   SUNSET   805 PM CDT
AUGUST 13 2017........SUNRISE   615 AM CDT   SUNSET   804 PM CDT


-  INDICATES NEGATIVE NUMBERS.
R  INDICATES RECORD WAS SET OR TIED.
MM INDICATES DATA IS MISSING.
T  INDICATES TRACE AMOUNT.




$$
