000
CDUS43 KLSX 310747
CLIUIN


CLIMATE REPORT
NATIONAL WEATHER SERVICE ST LOUIS MO
246 AM CDT MON AUG 31 2015


...................................

...THE QUINCY IL CLIMATE SUMMARY FOR AUGUST 30 2015...

CLIMATE NORMAL PERIOD 1981 TO 2010
CLIMATE RECORD PERIOD 1901 TO 2015


WEATHER ITEM   OBSERVED TIME   RECORD YEAR NORMAL DEPARTURE LAST
                VALUE   (LST)  VALUE       VALUE  FROM      YEAR
                                                  NORMAL
..................................................................
TEMPERATURE (F)
 YESTERDAY
  MAXIMUM         86    424 PM 106    1947  83      3       86
  MINIMUM         66    357 AM  46    1911  62      4       69
  AVERAGE         76                        72      4

PRECIPITATION (IN)
  YESTERDAY        0.00          2.05 1994   0.11  -0.11     0.05
  MONTH TO DATE    2.13                      3.51  -1.38     6.17
  SINCE JUN 1     20.08                     11.54   8.54    17.21
  SINCE JAN 1     28.76                     25.63   3.13    25.62

DEGREE DAYS
 HEATING
  YESTERDAY        0                         0      0
  MONTH TO DATE    1                         0      1
  SINCE JUN 1     12                        16     -4
  SINCE JUL 1      4                         0      4

 COOLING
  YESTERDAY       11                         8      3
  MONTH TO DATE  242                       290    -48
  SINCE JUN 1    825                       860    -35
  SINCE JAN 1    939                       946     -7
..................................................................


WIND (MPH)
  HIGHEST WIND SPEED     8   HIGHEST WIND DIRECTION     E (110)
  HIGHEST GUST SPEED    11   HIGHEST GUST DIRECTION     E (110)
  AVERAGE WIND SPEED     4.9


SKY COVER
  AVERAGE SKY COVER 0.5



RELATIVE HUMIDITY (PERCENT)
 HIGHEST   100           100 AM
 LOWEST     51           400 PM
 AVERAGE    76

..........................................................


THE QUINCY IL CLIMATE NORMALS FOR TODAY
                         NORMAL    RECORD    YEAR
 MAXIMUM TEMPERATURE (F)   83       100      2011
                                             1953
 MINIMUM TEMPERATURE (F)   62        45      1915


SUNRISE AND SUNSET
AUGUST 31 2015........SUNRISE   631 AM CDT   SUNSET   738 PM CDT
SEPTEMBER  1 2015.....SUNRISE   632 AM CDT   SUNSET   737 PM CDT


-  INDICATES NEGATIVE NUMBERS.
R  INDICATES RECORD WAS SET OR TIED.
MM INDICATES DATA IS MISSING.
T  INDICATES TRACE AMOUNT.




$$
