000
CDUS43 KLSX 130734
CLIUIN


CLIMATE REPORT
NATIONAL WEATHER SERVICE ST LOUIS MO
134 AM CST MON FEB 13 2017


...................................

...THE QUINCY IL CLIMATE SUMMARY FOR FEBRUARY 12 2017...

CLIMATE NORMAL PERIOD 1981 TO 2010
CLIMATE RECORD PERIOD 1901 TO 2017


WEATHER ITEM   OBSERVED TIME   RECORD YEAR NORMAL DEPARTURE LAST
                VALUE   (LST)  VALUE       VALUE  FROM      YEAR
                                                  NORMAL
..................................................................
TEMPERATURE (F)
 YESTERDAY
  MAXIMUM         50    231 PM  69    1990  38     12       26
  MINIMUM         31   1159 PM -12    1988  22      9        9
                                      1944
  AVERAGE         41                        30     11

PRECIPITATION (IN)
  YESTERDAY        0.00          0.53 1950   0.07  -0.07     0.02
  MONTH TO DATE    0.09                      0.71  -0.62     0.18
  SINCE DEC 1      2.30                      4.48  -2.18     6.40
  SINCE JAN 1      1.27                      2.23  -0.96     0.58

DEGREE DAYS
 HEATING
  YESTERDAY       24                        35    -11
  MONTH TO DATE  367                       437    -70
  SINCE DEC 1   2506                      2723   -217
  SINCE JUL 1   3194                      3823   -629

 COOLING
  YESTERDAY        0                         0      0
  MONTH TO DATE    0                         0      0
  SINCE DEC 1      0                         0      0
  SINCE JAN 1      0                         0      0
..................................................................


WIND (MPH)
  HIGHEST WIND SPEED    33   HIGHEST WIND DIRECTION    NW (330)
  HIGHEST GUST SPEED    41   HIGHEST GUST DIRECTION    NW (330)
  AVERAGE WIND SPEED    15.2


SKY COVER
  AVERAGE SKY COVER 0.2



RELATIVE HUMIDITY (PERCENT)
 HIGHEST    92           100 AM
 LOWEST     27           200 PM
 AVERAGE    60

..........................................................


THE QUINCY IL CLIMATE NORMALS FOR TODAY
                         NORMAL    RECORD    YEAR
 MAXIMUM TEMPERATURE (F)   38        70      1921
 MINIMUM TEMPERATURE (F)   22       -29      1905


SUNRISE AND SUNSET
FEBRUARY 13 2017......SUNRISE   700 AM CST   SUNSET   539 PM CST
FEBRUARY 14 2017......SUNRISE   658 AM CST   SUNSET   540 PM CST


-  INDICATES NEGATIVE NUMBERS.
R  INDICATES RECORD WAS SET OR TIED.
MM INDICATES DATA IS MISSING.
T  INDICATES TRACE AMOUNT.




$$
