000
CDUS43 KLSX 052230
CLIUIN


CLIMATE REPORT
NATIONAL WEATHER SERVICE ST LOUIS MO
529 PM CDT SAT JUL 5 2014


...................................

...THE QUINCY IL CLIMATE SUMMARY FOR JULY 5 2014...
VALID TODAY AS OF 0500 PM LOCAL TIME.

CLIMATE NORMAL PERIOD 1981 TO 2010
CLIMATE RECORD PERIOD 1901 TO 2014


WEATHER ITEM   OBSERVED TIME   RECORD YEAR NORMAL DEPARTURE LAST
                VALUE   (LST)  VALUE       VALUE  FROM      YEAR
                                                  NORMAL
..................................................................
TEMPERATURE (F)
 TODAY
  MAXIMUM         74    359 PM 104    1911  86    -12       86
  MINIMUM         60    503 AM  50    1997  66     -6       64
                                      1972
                                      1940
  AVERAGE         67                        76     -9       75

PRECIPITATION (IN)
  TODAY            0.10          3.09 1909   0.13  -0.03     0.00
  MONTH TO DATE    0.11                      0.64  -0.53     0.00
  SINCE JUN 1      8.26                      4.63   3.63     1.78
  SINCE JAN 1     16.67                     18.72  -2.05    27.02

DEGREE DAYS
 HEATING
  TODAY            0                         0      0
  MONTH TO DATE    1                         0      1
  SINCE JUN 1      5                        16    -11
  SINCE JUL 1      1                         0      1

 COOLING
  TODAY            2                        11     -9
  MONTH TO DATE   18                        55    -37
  SINCE JUN 1    285                       282      3
  SINCE JAN 1    428                       368     60
..................................................................


WIND (MPH)
  HIGHEST WIND SPEED    17   HIGHEST WIND DIRECTION     S (160)
  HIGHEST GUST SPEED    23   HIGHEST GUST DIRECTION     S (160)
  AVERAGE WIND SPEED     8.4


SKY COVER
  AVERAGE SKY COVER 0.2



RELATIVE HUMIDITY (PERCENT)
 HIGHEST    81           100 PM
 LOWEST     63           800 AM
 AVERAGE    72

..........................................................


THE QUINCY IL CLIMATE NORMALS FOR TOMORROW
                         NORMAL    RECORD    YEAR
 MAXIMUM TEMPERATURE (F)   86       105      2012
                                             1936
 MINIMUM TEMPERATURE (F)   66        50      1967


SUNRISE AND SUNSET
JULY  5 2014..........SUNRISE   542 AM CDT   SUNSET   837 PM CDT
JULY  6 2014..........SUNRISE   543 AM CDT   SUNSET   836 PM CDT


-  INDICATES NEGATIVE NUMBERS.
R  INDICATES RECORD WAS SET OR TIED.
MM INDICATES DATA IS MISSING.
T  INDICATES TRACE AMOUNT.




$$
