000
CDUS43 KLSX 182138
CLIUIN


CLIMATE REPORT
NATIONAL WEATHER SERVICE ST LOUIS MO
437 PM CDT WED MAY 18 2016


...................................

...THE QUINCY IL CLIMATE SUMMARY FOR MAY 18 2016...
VALID TODAY AS OF 0400 PM LOCAL TIME.

CLIMATE NORMAL PERIOD 1981 TO 2010
CLIMATE RECORD PERIOD 1901 TO 2016


WEATHER ITEM   OBSERVED TIME   RECORD YEAR NORMAL DEPARTURE LAST
                VALUE   (LST)  VALUE       VALUE  FROM      YEAR
                                                  NORMAL
..................................................................
TEMPERATURE (F)
 TODAY
  MAXIMUM         66    259 PM  93    1902  73     -7       70
  MINIMUM         43    513 AM  35    2002  54    -11       47
  AVERAGE         55                        63     -8       59

PRECIPITATION (IN)
  TODAY            0.00          1.53 1981   0.15  -0.15     0.00
  MONTH TO DATE    1.86                      2.53  -0.67     2.03
  SINCE MAR 1      6.28                      8.68  -2.40     4.68
  SINCE JAN 1      6.90                     12.08  -5.18     6.72

DEGREE DAYS
 HEATING
  TODAY           10                         4      6
  MONTH TO DATE  134                       100     34
  SINCE MAR 1    981                      1188   -207
  SINCE JUL 1   4578                      5530   -952

 COOLING
  TODAY            0                         2     -2
  MONTH TO DATE   11                        26    -15
  SINCE MAR 1     32                        44    -12
  SINCE JAN 1     32                        44    -12
..................................................................


WIND (MPH)
  HIGHEST WIND SPEED    13   HIGHEST WIND DIRECTION    NE (40)
  HIGHEST GUST SPEED    17   HIGHEST GUST DIRECTION    NE (30)
  AVERAGE WIND SPEED     6.8


SKY COVER
  AVERAGE SKY COVER 0.2



RELATIVE HUMIDITY (PERCENT)
 HIGHEST   100           300 AM
 LOWEST     32           300 PM
 AVERAGE    66

..........................................................


THE QUINCY IL CLIMATE NORMALS FOR TOMORROW
                         NORMAL    RECORD    YEAR
 MAXIMUM TEMPERATURE (F)   74        90      1975
                                             1964
                                             1962
 MINIMUM TEMPERATURE (F)   54        41      2015
                                             1929


SUNRISE AND SUNSET
MAY 18 2016...........SUNRISE   547 AM CDT   SUNSET   816 PM CDT
MAY 19 2016...........SUNRISE   546 AM CDT   SUNSET   817 PM CDT


-  INDICATES NEGATIVE NUMBERS.
R  INDICATES RECORD WAS SET OR TIED.
MM INDICATES DATA IS MISSING.
T  INDICATES TRACE AMOUNT.




$$
