000
CDUS43 KLSX 110726
CLIUIN


CLIMATE REPORT
NATIONAL WEATHER SERVICE ST LOUIS MO
226 AM CDT FRI AUG 11 2017


...................................

...THE QUINCY IL CLIMATE SUMMARY FOR AUGUST 10 2017...

CLIMATE NORMAL PERIOD 1981 TO 2010
CLIMATE RECORD PERIOD 1901 TO 2017


WEATHER ITEM   OBSERVED TIME   RECORD YEAR NORMAL DEPARTURE LAST
                VALUE   (LST)  VALUE       VALUE  FROM      YEAR
                                                  NORMAL
..................................................................
TEMPERATURE (F)
 YESTERDAY
  MAXIMUM         88    324 PM 108    1934  85      3       89
  MINIMUM         65    534 AM  53    1972  65      0       72
                                      1967
  AVERAGE         77                        75      2

PRECIPITATION (IN)
  YESTERDAY        1.53R         1.25 1966   0.12   1.41     0.00
  MONTH TO DATE    2.13                      1.20   0.93     2.20
  SINCE JUN 1      7.19                      9.23  -2.04     9.92
  SINCE JAN 1     23.97                     23.32   0.65    18.60

DEGREE DAYS
 HEATING
  YESTERDAY        0                         0      0
  MONTH TO DATE    0                         0      0
  SINCE JUN 1      4                        16    -12
  SINCE JUL 1      0                         0      0

 COOLING
  YESTERDAY       12                        10      2
  MONTH TO DATE   64                       105    -41
  SINCE JUN 1    753                       675     78
  SINCE JAN 1    862                       761    101
..................................................................


WIND (MPH)
  HIGHEST WIND SPEED    25   HIGHEST WIND DIRECTION    NE (30)
  HIGHEST GUST SPEED    33   HIGHEST GUST DIRECTION     N (20)
  AVERAGE WIND SPEED     8.3


SKY COVER
  AVERAGE SKY COVER 0.4



RELATIVE HUMIDITY (PERCENT)
 HIGHEST    81           600 AM
 LOWEST     46           100 PM
 AVERAGE    64

..........................................................


THE QUINCY IL CLIMATE NORMALS FOR TODAY
                         NORMAL    RECORD    YEAR
 MAXIMUM TEMPERATURE (F)   85       105      1934
 MINIMUM TEMPERATURE (F)   65        50      2004
                                             1982
                                             1967


SUNRISE AND SUNSET
AUGUST 11 2017........SUNRISE   613 AM CDT   SUNSET   806 PM CDT
AUGUST 12 2017........SUNRISE   614 AM CDT   SUNSET   805 PM CDT


-  INDICATES NEGATIVE NUMBERS.
R  INDICATES RECORD WAS SET OR TIED.
MM INDICATES DATA IS MISSING.
T  INDICATES TRACE AMOUNT.




$$
