000
CDUS43 KLSX 042232
CLIUIN


CLIMATE REPORT
NATIONAL WEATHER SERVICE ST LOUIS MO
429 PM CST THU JAN 4 2018


...................................

...THE QUINCY IL CLIMATE SUMMARY FOR JANUARY 4 2018...
VALID TODAY AS OF 0400 PM LOCAL TIME.

CLIMATE NORMAL PERIOD 1981 TO 2010
CLIMATE RECORD PERIOD 1901 TO 2018


WEATHER ITEM   OBSERVED TIME   RECORD YEAR NORMAL DEPARTURE LAST
                VALUE   (LST)  VALUE       VALUE  FROM      YEAR
                                                  NORMAL
..................................................................
TEMPERATURE (F)
 TODAY
  MAXIMUM          9    359 PM  65    1997  34    -25       21
                                      1939
  MINIMUM         -3    813 AM -11    1999  19    -22       10
  AVERAGE          3                        27    -24       16

PRECIPITATION (IN)
  TODAY            0.00          0.97 1922   0.05  -0.05      T
  MONTH TO DATE    T                         0.22  -0.22     0.07
  SINCE DEC 1      0.17                      2.47  -2.30     1.10
  SINCE JAN 1      T                         0.22  -0.22     0.07

DEGREE DAYS
 HEATING
  TODAY           62                        38     24
  MONTH TO DATE  249                       152     97
  SINCE DEC 1   1331                      1243     88
  SINCE JUL 1   2278                      2343    -65

 COOLING
  TODAY            0                         0      0
  MONTH TO DATE    0                         0      0
  SINCE DEC 1      0                         0      0
  SINCE JAN 1      0                         0      0
..................................................................


WIND (MPH)
  HIGHEST WIND SPEED    12   HIGHEST WIND DIRECTION    NW (320)
  HIGHEST GUST SPEED    14   HIGHEST GUST DIRECTION    NW (320)
  AVERAGE WIND SPEED     7.0


SKY COVER
  AVERAGE SKY COVER 0.4



RELATIVE HUMIDITY (PERCENT)
 HIGHEST    86           400 AM
 LOWEST     63           200 PM
 AVERAGE    75

..........................................................


THE QUINCY IL CLIMATE NORMALS FOR TOMORROW
                         NORMAL    RECORD    YEAR
 MAXIMUM TEMPERATURE (F)   34        59      1939
                                             1916
 MINIMUM TEMPERATURE (F)   19       -16      1999
                                             1924


SUNRISE AND SUNSET
JANUARY  4 2018.......SUNRISE   727 AM CST   SUNSET   453 PM CST
JANUARY  5 2018.......SUNRISE   727 AM CST   SUNSET   454 PM CST


-  INDICATES NEGATIVE NUMBERS.
R  INDICATES RECORD WAS SET OR TIED.
MM INDICATES DATA IS MISSING.
T  INDICATES TRACE AMOUNT.




$$
