000
CDUS43 KLSX 220727
CLIUIN


CLIMATE REPORT
NATIONAL WEATHER SERVICE ST LOUIS MO
227 AM CDT MON AUG 22 2016


...................................

...THE QUINCY IL CLIMATE SUMMARY FOR AUGUST 21 2016...

CLIMATE NORMAL PERIOD 1981 TO 2010
CLIMATE RECORD PERIOD 1901 TO 2016


WEATHER ITEM   OBSERVED TIME   RECORD YEAR NORMAL DEPARTURE LAST
                VALUE   (LST)  VALUE       VALUE  FROM      YEAR
                                                  NORMAL
..................................................................
TEMPERATURE (F)
 YESTERDAY
  MAXIMUM         77    427 PM 102    1947  84     -7       84
                                      1936
  MINIMUM         57    509 AM  44    1950  64     -7       59
  AVERAGE         67                        74     -7

PRECIPITATION (IN)
  YESTERDAY        0.00          1.64 1944   0.12  -0.12     0.00
  MONTH TO DATE    2.55                      2.48   0.07     1.90
  SINCE JUN 1     10.27                     10.51  -0.24    19.85
  SINCE JAN 1     18.95                     24.60  -5.65    28.53

DEGREE DAYS
 HEATING
  YESTERDAY        0                         0      0
  MONTH TO DATE    0                         0      0
  SINCE JUN 1      6                        16    -10
  SINCE JUL 1      6                         0      6

 COOLING
  YESTERDAY        2                         9     -7
  MONTH TO DATE  239                       213     26
  SINCE JUN 1    970                       783    187
  SINCE JAN 1   1074                       869    205
..................................................................


WIND (MPH)
  HIGHEST WIND SPEED    16   HIGHEST WIND DIRECTION    NW (310)
  HIGHEST GUST SPEED    21   HIGHEST GUST DIRECTION    NW (330)
  AVERAGE WIND SPEED     6.2


SKY COVER
  AVERAGE SKY COVER 0.1



RELATIVE HUMIDITY (PERCENT)
 HIGHEST   100           100 AM
 LOWEST     46           500 PM
 AVERAGE    73

..........................................................


THE QUINCY IL CLIMATE NORMALS FOR TODAY
                         NORMAL    RECORD    YEAR
 MAXIMUM TEMPERATURE (F)   84       103      1936
 MINIMUM TEMPERATURE (F)   64        50      1923


SUNRISE AND SUNSET
AUGUST 22 2016........SUNRISE   624 AM CDT   SUNSET   751 PM CDT
AUGUST 23 2016........SUNRISE   625 AM CDT   SUNSET   749 PM CDT


-  INDICATES NEGATIVE NUMBERS.
R  INDICATES RECORD WAS SET OR TIED.
MM INDICATES DATA IS MISSING.
T  INDICATES TRACE AMOUNT.




$$
