000
CDUS43 KLSX 132134
CLIUIN


CLIMATE REPORT
NATIONAL WEATHER SERVICE ST LOUIS MO
434 PM CDT TUE JUN 13 2017


...................................

...THE QUINCY IL CLIMATE SUMMARY FOR JUNE 13 2017...
VALID TODAY AS OF 0400 PM LOCAL TIME.

CLIMATE NORMAL PERIOD 1981 TO 2010
CLIMATE RECORD PERIOD 1901 TO 2017


WEATHER ITEM   OBSERVED TIME   RECORD YEAR NORMAL DEPARTURE LAST
                VALUE   (LST)  VALUE       VALUE  FROM      YEAR
                                                  NORMAL
..................................................................
TEMPERATURE (F)
 TODAY
  MAXIMUM         94    253 PM  99    1921  81     13       92
  MINIMUM         74    328 AM  46    1985  62     12       68
  AVERAGE         84                        72     12       80

PRECIPITATION (IN)
  TODAY            0.00          3.01 2011   0.14  -0.14     0.00
  MONTH TO DATE    0.00                      1.83  -1.83     0.21
  SINCE JUN 1      0.00                      1.83  -1.83     0.21
  SINCE JAN 1     16.78                     15.92   0.86     8.89

DEGREE DAYS
 HEATING
  TODAY            0                         0      0
  MONTH TO DATE    0                        14    -14
  SINCE JUN 1      0                        14    -14
  SINCE JUL 1   4433                      5580  -1147

 COOLING
  TODAY           19                         7     12
  MONTH TO DATE  129                        74     55
  SINCE JUN 1    129                        74     55
  SINCE JAN 1    238                       160     78
..................................................................


WIND (MPH)
  HIGHEST WIND SPEED    18   HIGHEST WIND DIRECTION     S (190)
  HIGHEST GUST SPEED    23   HIGHEST GUST DIRECTION    SW (210)
  AVERAGE WIND SPEED    10.0


SKY COVER
  AVERAGE SKY COVER 0.2



RELATIVE HUMIDITY (PERCENT)
 HIGHEST    87           600 AM
 LOWEST     46           300 PM
 AVERAGE    67

..........................................................


THE QUINCY IL CLIMATE NORMALS FOR TOMORROW
                         NORMAL    RECORD    YEAR
 MAXIMUM TEMPERATURE (F)   82        99      1922
 MINIMUM TEMPERATURE (F)   62        43      1942


SUNRISE AND SUNSET
JUNE 13 2017..........SUNRISE   536 AM CDT   SUNSET   835 PM CDT
JUNE 14 2017..........SUNRISE   536 AM CDT   SUNSET   835 PM CDT


-  INDICATES NEGATIVE NUMBERS.
R  INDICATES RECORD WAS SET OR TIED.
MM INDICATES DATA IS MISSING.
T  INDICATES TRACE AMOUNT.




$$
