000
CDUS43 KLSX 200728
CLIUIN


CLIMATE REPORT
NATIONAL WEATHER SERVICE ST LOUIS MO
227 AM CDT SUN JUL 20 2014


...................................

...THE QUINCY IL CLIMATE SUMMARY FOR JULY 19 2014...

CLIMATE NORMAL PERIOD 1981 TO 2010
CLIMATE RECORD PERIOD 1901 TO 2014


WEATHER ITEM   OBSERVED TIME   RECORD YEAR NORMAL DEPARTURE LAST
                VALUE   (LST)  VALUE       VALUE  FROM      YEAR
                                                  NORMAL
..................................................................
TEMPERATURE (F)
 YESTERDAY
  MAXIMUM         81    149 PM 108    1934  86     -5       97
  MINIMUM         59    211 AM  56    1909  66     -7       74
  AVERAGE         70                        76     -6

PRECIPITATION (IN)
  YESTERDAY        0.00          1.68 2010   0.13  -0.13     0.00
  MONTH TO DATE    2.05                      2.55  -0.50     0.02
  SINCE JUN 1     10.20                      6.54   3.66     1.80
  SINCE JAN 1     18.61                     20.63  -2.02    27.04

DEGREE DAYS
 HEATING
  YESTERDAY        0                         0      0
  MONTH TO DATE    5                         0      5
  SINCE JUN 1      9                        16     -7
  SINCE JUL 1      5                         0      5

 COOLING
  YESTERDAY        5                        11     -6
  MONTH TO DATE  117                       209    -92
  SINCE JUN 1    384                       436    -52
  SINCE JAN 1    527                       522      5
..................................................................


WIND (MPH)
  HIGHEST WIND SPEED    10   HIGHEST WIND DIRECTION    SE (140)
  HIGHEST GUST SPEED    12   HIGHEST GUST DIRECTION    SE (140)
  AVERAGE WIND SPEED     4.1


SKY COVER
  AVERAGE SKY COVER 0.1



RELATIVE HUMIDITY (PERCENT)
 HIGHEST    84           500 AM
 LOWEST     45          1200 PM
 AVERAGE    65

..........................................................


THE QUINCY IL CLIMATE NORMALS FOR TODAY
                         NORMAL    RECORD    YEAR
 MAXIMUM TEMPERATURE (F)   86       109      1934
 MINIMUM TEMPERATURE (F)   66        55      1971


SUNRISE AND SUNSET
JULY 20 2014..........SUNRISE   553 AM CDT   SUNSET   829 PM CDT
JULY 21 2014..........SUNRISE   554 AM CDT   SUNSET   828 PM CDT


-  INDICATES NEGATIVE NUMBERS.
R  INDICATES RECORD WAS SET OR TIED.
MM INDICATES DATA IS MISSING.
T  INDICATES TRACE AMOUNT.




$$
