000
CDUS43 KLSX 180728
CLIUIN


CLIMATE REPORT
NATIONAL WEATHER SERVICE ST LOUIS MO
228 AM CDT SUN SEP 18 2016


...................................

...THE QUINCY IL CLIMATE SUMMARY FOR SEPTEMBER 17 2016...

CLIMATE NORMAL PERIOD 1981 TO 2010
CLIMATE RECORD PERIOD 1901 TO 2016


WEATHER ITEM   OBSERVED TIME   RECORD YEAR NORMAL DEPARTURE LAST
                VALUE   (LST)  VALUE       VALUE  FROM      YEAR
                                                  NORMAL
..................................................................
TEMPERATURE (F)
 YESTERDAY
  MAXIMUM         82    244 PM  99    1927  77      5       91
  MINIMUM         64    520 AM  39    1903  55      9       69
  AVERAGE         73                        66      7

PRECIPITATION (IN)
  YESTERDAY        0.00          2.32 1944   0.11  -0.11      T
  MONTH TO DATE    3.09                      1.86   1.23     1.14
  SINCE SEP 1      3.09                      1.86   1.23     1.14
  SINCE JAN 1     26.78                     27.61  -0.83    29.90

DEGREE DAYS
 HEATING
  YESTERDAY        0                         3     -3
  MONTH TO DATE    0                        23    -23
  SINCE SEP 1      0                        23    -23
  SINCE JUL 1      6                        28    -22

 COOLING
  YESTERDAY        8                         4      4
  MONTH TO DATE  130                        92     38
  SINCE SEP 1    130                        92     38
  SINCE JAN 1   1306                      1045    261
..................................................................


WIND (MPH)
  HIGHEST WIND SPEED    14   HIGHEST WIND DIRECTION     W (250)
  HIGHEST GUST SPEED    19   HIGHEST GUST DIRECTION    SW (240)
  AVERAGE WIND SPEED     6.5


SKY COVER
  AVERAGE SKY COVER 0.5



RELATIVE HUMIDITY (PERCENT)
 HIGHEST   100           100 AM
 LOWEST     49           200 PM
 AVERAGE    75

..........................................................


THE QUINCY IL CLIMATE NORMALS FOR TODAY
                         NORMAL    RECORD    YEAR
 MAXIMUM TEMPERATURE (F)   76        98      1925
 MINIMUM TEMPERATURE (F)   55        33      1901


SUNRISE AND SUNSET
SEPTEMBER 18 2016.....SUNRISE   649 AM CDT   SUNSET   708 PM CDT
SEPTEMBER 19 2016.....SUNRISE   650 AM CDT   SUNSET   706 PM CDT


-  INDICATES NEGATIVE NUMBERS.
R  INDICATES RECORD WAS SET OR TIED.
MM INDICATES DATA IS MISSING.
T  INDICATES TRACE AMOUNT.




$$
