000
CDUS43 KLSX 240727
CLIUIN


CLIMATE REPORT
NATIONAL WEATHER SERVICE ST LOUIS MO
226 AM CDT SUN APR 24 2016


...................................

...THE QUINCY IL CLIMATE SUMMARY FOR APRIL 23 2016...

CLIMATE NORMAL PERIOD 1981 TO 2010
CLIMATE RECORD PERIOD 1901 TO 2016


WEATHER ITEM   OBSERVED TIME   RECORD YEAR NORMAL DEPARTURE LAST
                VALUE   (LST)  VALUE       VALUE  FROM      YEAR
                                                  NORMAL
..................................................................
TEMPERATURE (F)
 YESTERDAY
  MAXIMUM         71    445 PM  86    1948  66      5       62
                                      1937
  MINIMUM         46    542 AM  25    1956  46      0       29
  AVERAGE         59                        56      3

PRECIPITATION (IN)
  YESTERDAY        0.00          1.80 1975   0.13  -0.13     0.00
  MONTH TO DATE    1.62                      2.76  -1.14     0.86
  SINCE MAR 1      2.70                      5.22  -2.52     1.81
  SINCE JAN 1      3.32                      8.62  -5.30     3.85

DEGREE DAYS
 HEATING
  YESTERDAY        6                        10     -4
  MONTH TO DATE  286                       309    -23
  SINCE MAR 1    806                      1027   -221
  SINCE JUL 1   4403                      5369   -966

 COOLING
  YESTERDAY        0                         1     -1
  MONTH TO DATE   10                        10      0
  SINCE MAR 1     12                        12      0
  SINCE JAN 1     12                        12      0
..................................................................


WIND (MPH)
  HIGHEST WIND SPEED    14   HIGHEST WIND DIRECTION    SE (140)
  HIGHEST GUST SPEED    17   HIGHEST GUST DIRECTION    SE (150)
  AVERAGE WIND SPEED     7.7


SKY COVER
  AVERAGE SKY COVER 0.0



RELATIVE HUMIDITY (PERCENT)
 HIGHEST    89          1200 AM
 LOWEST     44           600 PM
 AVERAGE    67

..........................................................


THE QUINCY IL CLIMATE NORMALS FOR TODAY
                         NORMAL    RECORD    YEAR
 MAXIMUM TEMPERATURE (F)   66        89      1989
 MINIMUM TEMPERATURE (F)   46        22      1910


SUNRISE AND SUNSET
APRIL 24 2016.........SUNRISE   613 AM CDT   SUNSET   753 PM CDT
APRIL 25 2016.........SUNRISE   612 AM CDT   SUNSET   754 PM CDT


-  INDICATES NEGATIVE NUMBERS.
R  INDICATES RECORD WAS SET OR TIED.
MM INDICATES DATA IS MISSING.
T  INDICATES TRACE AMOUNT.




$$
