000
CDUS43 KLSX 162237
CLIUIN


CLIMATE REPORT
NATIONAL WEATHER SERVICE ST LOUIS MO
435 PM CST SUN NOV 16 2014


...................................

...THE QUINCY IL CLIMATE SUMMARY FOR NOVEMBER 16 2014...
VALID TODAY AS OF 0400 PM LOCAL TIME.

CLIMATE NORMAL PERIOD 1981 TO 2010
CLIMATE RECORD PERIOD 1901 TO 2014


WEATHER ITEM   OBSERVED TIME   RECORD YEAR NORMAL DEPARTURE LAST
                VALUE   (LST)  VALUE       VALUE  FROM      YEAR
                                                  NORMAL
..................................................................
TEMPERATURE (F)
 TODAY
  MAXIMUM         31   1241 PM  77    1952  51    -20       64
  MINIMUM         26    219 AM   4    1959  34     -8       47
  AVERAGE         29                        42    -13       56

PRECIPITATION (IN)
  TODAY            T             1.97 2009   0.09  -0.09     0.05
  MONTH TO DATE    0.10                      1.64  -1.54     0.90
  SINCE SEP 1     12.44                      7.95   4.49     5.54
  SINCE JAN 1     38.06                     33.70   4.36    33.64

DEGREE DAYS
 HEATING
  TODAY           36                        23     13
  MONTH TO DATE  412                       306    106
  SINCE SEP 1    820                       725     95
  SINCE JUL 1    825                       730     95

 COOLING
  TODAY            0                         0      0
  MONTH TO DATE    0                         0      0
  SINCE SEP 1     92                       140    -48
  SINCE JAN 1   1021                      1093    -72
..................................................................


WIND (MPH)
  HIGHEST WIND SPEED    14   HIGHEST WIND DIRECTION    NW (300)
  HIGHEST GUST SPEED    17   HIGHEST GUST DIRECTION     W (290)
  AVERAGE WIND SPEED     6.4


SKY COVER
  AVERAGE SKY COVER 0.9



RELATIVE HUMIDITY (PERCENT)
 HIGHEST    92          1200 AM
 LOWEST     78          1200 PM
 AVERAGE    85

..........................................................


THE QUINCY IL CLIMATE NORMALS FOR TOMORROW
                         NORMAL    RECORD    YEAR
 MAXIMUM TEMPERATURE (F)   51        78      1952
 MINIMUM TEMPERATURE (F)   33         3      1959


SUNRISE AND SUNSET
NOVEMBER 16 2014......SUNRISE   651 AM CST   SUNSET   448 PM CST
NOVEMBER 17 2014......SUNRISE   652 AM CST   SUNSET   447 PM CST


-  INDICATES NEGATIVE NUMBERS.
R  INDICATES RECORD WAS SET OR TIED.
MM INDICATES DATA IS MISSING.
T  INDICATES TRACE AMOUNT.




$$
