000
CDUS43 KLSX 212236
CLIUIN


CLIMATE REPORT
NATIONAL WEATHER SERVICE ST LOUIS MO
535 PM CDT SAT MAY 21 2016


...................................

...THE QUINCY IL CLIMATE SUMMARY FOR MAY 21 2016...
VALID TODAY AS OF 0500 PM LOCAL TIME.

CLIMATE NORMAL PERIOD 1981 TO 2010
CLIMATE RECORD PERIOD 1901 TO 2016


WEATHER ITEM   OBSERVED TIME   RECORD YEAR NORMAL DEPARTURE LAST
                VALUE   (LST)  VALUE       VALUE  FROM      YEAR
                                                  NORMAL
..................................................................
TEMPERATURE (F)
 TODAY
  MAXIMUM         75    256 PM  95    1925  74      1       68
  MINIMUM         49    510 AM  38    2002  54     -5       42
  AVERAGE         62                        64     -2       55

PRECIPITATION (IN)
  TODAY            0.00          1.23 1933   0.16  -0.16     0.00
  MONTH TO DATE    1.87                      2.99  -1.12     2.23
  SINCE MAR 1      6.29                      9.14  -2.85     4.88
  SINCE JAN 1      6.91                     12.54  -5.63     6.92

DEGREE DAYS
 HEATING
  TODAY            3                         3      0
  MONTH TO DATE  148                       111     37
  SINCE MAR 1    995                      1199   -204
  SINCE JUL 1   4592                      5541   -949

 COOLING
  TODAY            0                         3     -3
  MONTH TO DATE   11                        33    -22
  SINCE MAR 1     32                        51    -19
  SINCE JAN 1     32                        51    -19
..................................................................


WIND (MPH)
  HIGHEST WIND SPEED    15   HIGHEST WIND DIRECTION     N (20)
  HIGHEST GUST SPEED    19   HIGHEST GUST DIRECTION     N (10)
  AVERAGE WIND SPEED     6.0


SKY COVER
  AVERAGE SKY COVER 0.0



RELATIVE HUMIDITY (PERCENT)
 HIGHEST    93           400 AM
 LOWEST     31          1100 AM
 AVERAGE    62

..........................................................


THE QUINCY IL CLIMATE NORMALS FOR TOMORROW
                         NORMAL    RECORD    YEAR
 MAXIMUM TEMPERATURE (F)   74        94      1925
 MINIMUM TEMPERATURE (F)   55        38      1963


SUNRISE AND SUNSET
MAY 21 2016...........SUNRISE   544 AM CDT   SUNSET   819 PM CDT
MAY 22 2016...........SUNRISE   544 AM CDT   SUNSET   820 PM CDT


-  INDICATES NEGATIVE NUMBERS.
R  INDICATES RECORD WAS SET OR TIED.
MM INDICATES DATA IS MISSING.
T  INDICATES TRACE AMOUNT.




$$
