000
CDUS43 KLSX 032231
CLIUIN


CLIMATE REPORT
NATIONAL WEATHER SERVICE ST LOUIS MO
529 PM CDT FRI NOV 3 2017


...................................

...THE QUINCY IL CLIMATE SUMMARY FOR NOVEMBER 3 2017...
VALID TODAY AS OF 0500 PM LOCAL TIME.

CLIMATE NORMAL PERIOD 1981 TO 2010
CLIMATE RECORD PERIOD 1901 TO 2017


WEATHER ITEM   OBSERVED TIME   RECORD YEAR NORMAL DEPARTURE LAST
                VALUE   (LST)  VALUE       VALUE  FROM      YEAR
                                                  NORMAL
..................................................................
TEMPERATURE (F)
 TODAY
  MAXIMUM         55    355 PM  78    1964  58     -3       70
  MINIMUM         34    702 AM  11    1951  39     -5       53
  AVERAGE         45                        49     -4       62

PRECIPITATION (IN)
  TODAY            0.00          1.83 1974   0.10  -0.10     0.00
  MONTH TO DATE    0.00                      0.30  -0.30     0.66
  SINCE SEP 1      5.15                      6.61  -1.46     5.66
  SINCE JAN 1     31.30                     32.36  -1.06    29.35

DEGREE DAYS
 HEATING
  TODAY           20                        17      3
  MONTH TO DATE   53                        49      4
  SINCE SEP 1    334                       468   -134
  SINCE JUL 1    334                       473   -139

 COOLING
  TODAY            0                         0      0
  MONTH TO DATE    0                         0      0
  SINCE SEP 1    234                       140     94
  SINCE JAN 1   1229                      1093    136
..................................................................


WIND (MPH)
  HIGHEST WIND SPEED    16   HIGHEST WIND DIRECTION     E (70)
  HIGHEST GUST SPEED    20   HIGHEST GUST DIRECTION    NE (60)
  AVERAGE WIND SPEED    10.2


SKY COVER
  AVERAGE SKY COVER 0.0



RELATIVE HUMIDITY (PERCENT)
 HIGHEST   100           500 AM
 LOWEST     51           300 PM
 AVERAGE    76

..........................................................


THE QUINCY IL CLIMATE NORMALS FOR TOMORROW
                         NORMAL    RECORD    YEAR
 MAXIMUM TEMPERATURE (F)   58        79      1914
 MINIMUM TEMPERATURE (F)   39        11      1991


SUNRISE AND SUNSET
NOVEMBER  3 2017......SUNRISE   736 AM CDT   SUNSET   600 PM CDT
NOVEMBER  4 2017......SUNRISE   738 AM CDT   SUNSET   559 PM CDT


-  INDICATES NEGATIVE NUMBERS.
R  INDICATES RECORD WAS SET OR TIED.
MM INDICATES DATA IS MISSING.
T  INDICATES TRACE AMOUNT.




$$
