000
CDUS43 KLSX 122127
CLIUIN


CLIMATE REPORT
NATIONAL WEATHER SERVICE ST LOUIS MO
426 PM CDT WED JUL 12 2017


...................................

...THE QUINCY IL CLIMATE SUMMARY FOR JULY 12 2017...
VALID TODAY AS OF 0400 PM LOCAL TIME.

CLIMATE NORMAL PERIOD 1981 TO 2010
CLIMATE RECORD PERIOD 1901 TO 2017


WEATHER ITEM   OBSERVED TIME   RECORD YEAR NORMAL DEPARTURE LAST
                VALUE   (LST)  VALUE       VALUE  FROM      YEAR
                                                  NORMAL
..................................................................
TEMPERATURE (F)
 TODAY
  MAXIMUM         94    259 PM 109    1936  86      8       87
  MINIMUM         76    223 AM  54    1959  67      9       67
  AVERAGE         85                        76      9       77

PRECIPITATION (IN)
  TODAY            0.00          2.10 1960   0.14  -0.14     0.37
  MONTH TO DATE    0.52                      1.60  -1.08     2.40
  SINCE JUN 1      3.95                      5.59  -1.64     3.42
  SINCE JAN 1     20.73                     19.68   1.05    12.10

DEGREE DAYS
 HEATING
  TODAY            0                         0      0
  MONTH TO DATE    0                         0      0
  SINCE JUN 1      4                        16    -12
  SINCE JUL 1      0                         0      0

 COOLING
  TODAY           20                        11      9
  MONTH TO DATE  166                       132     34
  SINCE JUN 1    437                       359     78
  SINCE JAN 1    546                       445    101
..................................................................


WIND (MPH)
  HIGHEST WIND SPEED    20   HIGHEST WIND DIRECTION    SW (210)
  HIGHEST GUST SPEED    27   HIGHEST GUST DIRECTION    SW (210)
  AVERAGE WIND SPEED    11.8


SKY COVER
  AVERAGE SKY COVER 0.1



RELATIVE HUMIDITY (PERCENT)
 HIGHEST    74           400 AM
 LOWEST     52           100 PM
 AVERAGE    63

..........................................................


THE QUINCY IL CLIMATE NORMALS FOR TOMORROW
                         NORMAL    RECORD    YEAR
 MAXIMUM TEMPERATURE (F)   86       108      1936
 MINIMUM TEMPERATURE (F)   67        51      1975
                                             1967
                                             1964


SUNRISE AND SUNSET
JULY 12 2017..........SUNRISE   547 AM CDT   SUNSET   834 PM CDT
JULY 13 2017..........SUNRISE   547 AM CDT   SUNSET   833 PM CDT


-  INDICATES NEGATIVE NUMBERS.
R  INDICATES RECORD WAS SET OR TIED.
MM INDICATES DATA IS MISSING.
T  INDICATES TRACE AMOUNT.




$$
