000
CDUS43 KLSX 202141
CLIUIN


CLIMATE REPORT
NATIONAL WEATHER SERVICE ST LOUIS MO
440 PM CDT SAT AUG 20 2016


...................................

...THE QUINCY IL CLIMATE SUMMARY FOR AUGUST 20 2016...
VALID TODAY AS OF 0400 PM LOCAL TIME.

CLIMATE NORMAL PERIOD 1981 TO 2010
CLIMATE RECORD PERIOD 1901 TO 2016


WEATHER ITEM   OBSERVED TIME   RECORD YEAR NORMAL DEPARTURE LAST
                VALUE   (LST)  VALUE       VALUE  FROM      YEAR
                                                  NORMAL
..................................................................
TEMPERATURE (F)
 TODAY
  MAXIMUM         80   1219 PM 104    1936  84     -4       79
  MINIMUM         69    635 AM  42    1950  64      5       56
  AVERAGE         75                        74      1       68

PRECIPITATION (IN)
  TODAY            0.25          1.92 1951   0.12   0.13     0.00
  MONTH TO DATE    2.55                      2.36   0.19     1.90
  SINCE JUN 1     10.27                     10.39  -0.12    19.85
  SINCE JAN 1     18.95                     24.48  -5.53    28.53

DEGREE DAYS
 HEATING
  TODAY            0                         0      0
  MONTH TO DATE    0                         0      0
  SINCE JUN 1      6                        16    -10
  SINCE JUL 1      6                         0      6

 COOLING
  TODAY           10                         9      1
  MONTH TO DATE  241                       204     37
  SINCE JUN 1    972                       774    198
  SINCE JAN 1   1076                       860    216
..................................................................


WIND (MPH)
  HIGHEST WIND SPEED    29   HIGHEST WIND DIRECTION    SW (240)
  HIGHEST GUST SPEED    37   HIGHEST GUST DIRECTION    SW (230)
  AVERAGE WIND SPEED    10.8


SKY COVER
  AVERAGE SKY COVER 0.7



RELATIVE HUMIDITY (PERCENT)
 HIGHEST   100           400 AM
 LOWEST     64           300 PM
 AVERAGE    82

..........................................................


THE QUINCY IL CLIMATE NORMALS FOR TOMORROW
                         NORMAL    RECORD    YEAR
 MAXIMUM TEMPERATURE (F)   84       102      1947
                                             1936
 MINIMUM TEMPERATURE (F)   64        44      1950


SUNRISE AND SUNSET
AUGUST 20 2016........SUNRISE   622 AM CDT   SUNSET   754 PM CDT
AUGUST 21 2016........SUNRISE   623 AM CDT   SUNSET   752 PM CDT


-  INDICATES NEGATIVE NUMBERS.
R  INDICATES RECORD WAS SET OR TIED.
MM INDICATES DATA IS MISSING.
T  INDICATES TRACE AMOUNT.




$$
