000
CDUS43 KLSX 122230
CLIUIN


CLIMATE REPORT
NATIONAL WEATHER SERVICE ST LOUIS MO
429 PM CST FRI DEC 12 2014


...................................

...THE QUINCY IL CLIMATE SUMMARY FOR DECEMBER 12 2014...
VALID TODAY AS OF 0400 PM LOCAL TIME.

CLIMATE NORMAL PERIOD 1981 TO 2010
CLIMATE RECORD PERIOD 1901 TO 2014


WEATHER ITEM   OBSERVED TIME   RECORD YEAR NORMAL DEPARTURE LAST
                VALUE   (LST)  VALUE       VALUE  FROM      YEAR
                                                  NORMAL
..................................................................
TEMPERATURE (F)
 TODAY
  MAXIMUM         46    359 PM  67    1991  38      8       39
  MINIMUM         32    128 AM -10    1962  23      9        2
  AVERAGE         39                        30      9       21

PRECIPITATION (IN)
  TODAY            0.00          1.50 1946   0.08  -0.08     0.00
  MONTH TO DATE    0.50                      1.01  -0.51      T
  SINCE DEC 1      0.50                      1.01  -0.51      T
  SINCE JAN 1     39.31                     36.09   3.22    34.59

DEGREE DAYS
 HEATING
  TODAY           26                        35     -9
  MONTH TO DATE  398                       391      7
  SINCE DEC 1    398                       391      7
  SINCE JUL 1   1675                      1491    184

 COOLING
  TODAY            0                         0      0
  MONTH TO DATE    0                         0      0
  SINCE DEC 1      0                         0      0
  SINCE JAN 1   1021                      1094    -73
..................................................................


WIND (MPH)
  HIGHEST WIND SPEED    12   HIGHEST WIND DIRECTION     S (200)
  HIGHEST GUST SPEED    14   HIGHEST GUST DIRECTION     S (200)
  AVERAGE WIND SPEED     3.9


SKY COVER
  AVERAGE SKY COVER 1.0



RELATIVE HUMIDITY (PERCENT)
 HIGHEST    89           900 AM
 LOWEST     70          1200 PM
 AVERAGE    80

..........................................................


THE QUINCY IL CLIMATE NORMALS FOR TOMORROW
                         NORMAL    RECORD    YEAR
 MAXIMUM TEMPERATURE (F)   38        67      1948
 MINIMUM TEMPERATURE (F)   22       -11      1903


SUNRISE AND SUNSET
DECEMBER 12 2014......SUNRISE   717 AM CST   SUNSET   440 PM CST
DECEMBER 13 2014......SUNRISE   718 AM CST   SUNSET   440 PM CST


-  INDICATES NEGATIVE NUMBERS.
R  INDICATES RECORD WAS SET OR TIED.
MM INDICATES DATA IS MISSING.
T  INDICATES TRACE AMOUNT.




$$
