543
CDUS43 KLSX 250727
CLIUIN


CLIMATE REPORT
NATIONAL WEATHER SERVICE ST LOUIS MO
226 AM CDT SAT MAR 25 2017


...................................

...THE QUINCY IL CLIMATE SUMMARY FOR MARCH 24 2017...

CLIMATE NORMAL PERIOD 1981 TO 2010
CLIMATE RECORD PERIOD 1901 TO 2017


WEATHER ITEM   OBSERVED TIME   RECORD YEAR NORMAL DEPARTURE LAST
                VALUE   (LST)  VALUE       VALUE  FROM      YEAR
                                                  NORMAL
..................................................................
TEMPERATURE (F)
 YESTERDAY
  MAXIMUM         78    115 PM  85    1929  55     23       63
  MINIMUM         52    346 AM   9    1974  35     17       34
                                      1960
  AVERAGE         65                        45     20

PRECIPITATION (IN)
  YESTERDAY        0.09          1.29 1957   0.08   0.01     0.02
  MONTH TO DATE    0.74                      1.85  -1.11     0.78
  SINCE MAR 1      0.74                      1.85  -1.11     0.78
  SINCE JAN 1      2.79                      5.25  -2.46     1.40

DEGREE DAYS
 HEATING
  YESTERDAY        0                        20    -20
  MONTH TO DATE  523                       589    -66
  SINCE MAR 1    523                       589    -66
  SINCE JUL 1   3964                      4931   -967

 COOLING
  YESTERDAY        0                         0      0
  MONTH TO DATE    0                         0      0
  SINCE MAR 1      0                         0      0
  SINCE JAN 1      0                         0      0
..................................................................


WIND (MPH)
  HIGHEST WIND SPEED    28   HIGHEST WIND DIRECTION    SW (210)
  HIGHEST GUST SPEED    35   HIGHEST GUST DIRECTION    SW (220)
  AVERAGE WIND SPEED    11.5


SKY COVER
  AVERAGE SKY COVER 0.4



RELATIVE HUMIDITY (PERCENT)
 HIGHEST   100           700 PM
 LOWEST     33          1100 AM
 AVERAGE    67

..........................................................


THE QUINCY IL CLIMATE NORMALS FOR TODAY
                         NORMAL    RECORD    YEAR
 MAXIMUM TEMPERATURE (F)   56        85      1907
 MINIMUM TEMPERATURE (F)   36         7      1955


SUNRISE AND SUNSET
MARCH 25 2017.........SUNRISE   700 AM CDT   SUNSET   722 PM CDT
MARCH 26 2017.........SUNRISE   658 AM CDT   SUNSET   723 PM CDT


-  INDICATES NEGATIVE NUMBERS.
R  INDICATES RECORD WAS SET OR TIED.
MM INDICATES DATA IS MISSING.
T  INDICATES TRACE AMOUNT.




$$
