000
CDUS43 KLSX 040733
CLIUIN


CLIMATE REPORT
NATIONAL WEATHER SERVICE ST LOUIS MO
133 AM CST THU JAN 4 2018


...................................

...THE QUINCY IL CLIMATE SUMMARY FOR JANUARY 3 2018...

CLIMATE NORMAL PERIOD 1981 TO 2010
CLIMATE RECORD PERIOD 1901 TO 2018


WEATHER ITEM   OBSERVED TIME   RECORD YEAR NORMAL DEPARTURE LAST
                VALUE   (LST)  VALUE       VALUE  FROM      YEAR
                                                  NORMAL
..................................................................
TEMPERATURE (F)
 YESTERDAY
  MAXIMUM         20    827 AM  63    1998  34    -14       40
  MINIMUM          1   1159 PM -16    1904  19    -18       18
  AVERAGE         11                        27    -16

PRECIPITATION (IN)
  YESTERDAY        T             1.43 1971   0.06  -0.06     0.01
  MONTH TO DATE    T                         0.17  -0.17     0.07
  SINCE DEC 1      0.17                      2.42  -2.25     1.10
  SINCE JAN 1      T                         0.17  -0.17     0.07

DEGREE DAYS
 HEATING
  YESTERDAY       54                        38     16
  MONTH TO DATE  187                       114     73
  SINCE DEC 1   1269                      1205     64
  SINCE JUL 1   2216                      2305    -89

 COOLING
  YESTERDAY        0                         0      0
  MONTH TO DATE    0                         0      0
  SINCE DEC 1      0                         0      0
  SINCE JAN 1      0                         0      0
..................................................................


WIND (MPH)
  HIGHEST WIND SPEED    25   HIGHEST WIND DIRECTION    NW (330)
  HIGHEST GUST SPEED    31   HIGHEST GUST DIRECTION    NW (330)
  AVERAGE WIND SPEED    13.7


SKY COVER
  AVERAGE SKY COVER 0.4



RELATIVE HUMIDITY (PERCENT)
 HIGHEST    79          1000 PM
 LOWEST     53          1200 AM
 AVERAGE    66

..........................................................


THE QUINCY IL CLIMATE NORMALS FOR TODAY
                         NORMAL    RECORD    YEAR
 MAXIMUM TEMPERATURE (F)   34        65      1997
                                             1939
 MINIMUM TEMPERATURE (F)   19       -11      1999


SUNRISE AND SUNSET
JANUARY  4 2018.......SUNRISE   727 AM CST   SUNSET   453 PM CST
JANUARY  5 2018.......SUNRISE   727 AM CST   SUNSET   454 PM CST


-  INDICATES NEGATIVE NUMBERS.
R  INDICATES RECORD WAS SET OR TIED.
MM INDICATES DATA IS MISSING.
T  INDICATES TRACE AMOUNT.




$$
