000
CDUS43 KLSX 142130
CLIUIN


CLIMATE REPORT
NATIONAL WEATHER SERVICE ST LOUIS MO
428 PM CDT WED SEP 14 2016


...................................

...THE QUINCY IL CLIMATE SUMMARY FOR SEPTEMBER 14 2016...
VALID TODAY AS OF 0400 PM LOCAL TIME.

CLIMATE NORMAL PERIOD 1981 TO 2010
CLIMATE RECORD PERIOD 1901 TO 2016


WEATHER ITEM   OBSERVED TIME   RECORD YEAR NORMAL DEPARTURE LAST
                VALUE   (LST)  VALUE       VALUE  FROM      YEAR
                                                  NORMAL
..................................................................
TEMPERATURE (F)
 TODAY
  MAXIMUM         79    202 PM  99    1939  78      1       84
  MINIMUM         65    630 AM  38    1996  56      9       59
  AVERAGE         72                        67      5       72

PRECIPITATION (IN)
  TODAY            T             2.33 1909   0.11  -0.11     0.00
  MONTH TO DATE    2.97                      1.54   1.43     1.14
  SINCE SEP 1      2.97                      1.54   1.43     1.14
  SINCE JAN 1     26.66                     27.29  -0.63    29.90

DEGREE DAYS
 HEATING
  TODAY            0                         2     -2
  MONTH TO DATE    0                        16    -16
  SINCE SEP 1      0                        16    -16
  SINCE JUL 1      6                        21    -15

 COOLING
  TODAY            7                         4      3
  MONTH TO DATE  100                        80     20
  SINCE SEP 1    100                        80     20
  SINCE JAN 1   1276                      1033    243
..................................................................


WIND (MPH)
  HIGHEST WIND SPEED    10   HIGHEST WIND DIRECTION     N (20)
  HIGHEST GUST SPEED    13   HIGHEST GUST DIRECTION    NE (30)
  AVERAGE WIND SPEED     5.2


SKY COVER
  AVERAGE SKY COVER 0.5



RELATIVE HUMIDITY (PERCENT)
 HIGHEST   100           500 AM
 LOWEST     64           100 PM
 AVERAGE    82

..........................................................


THE QUINCY IL CLIMATE NORMALS FOR TOMORROW
                         NORMAL    RECORD    YEAR
 MAXIMUM TEMPERATURE (F)   78       100      1939
                                             1927
 MINIMUM TEMPERATURE (F)   56        37      2007


SUNRISE AND SUNSET
SEPTEMBER 14 2016.....SUNRISE   645 AM CDT   SUNSET   714 PM CDT
SEPTEMBER 15 2016.....SUNRISE   646 AM CDT   SUNSET   713 PM CDT


-  INDICATES NEGATIVE NUMBERS.
R  INDICATES RECORD WAS SET OR TIED.
MM INDICATES DATA IS MISSING.
T  INDICATES TRACE AMOUNT.




$$
