681
CDUS43 KLSX 150727
CLIUIN


CLIMATE REPORT
NATIONAL WEATHER SERVICE ST LOUIS MO
126 AM CST WED NOV 15 2017


...................................

...THE QUINCY IL CLIMATE SUMMARY FOR NOVEMBER 14 2017...

CLIMATE NORMAL PERIOD 1981 TO 2010
CLIMATE RECORD PERIOD 1901 TO 2017


WEATHER ITEM   OBSERVED TIME   RECORD YEAR NORMAL DEPARTURE LAST
                VALUE   (LST)  VALUE       VALUE  FROM      YEAR
                                                  NORMAL
..................................................................
TEMPERATURE (F)
 YESTERDAY
  MAXIMUM         52   1159 PM  75    1971  52      0       64
                                      1960
  MINIMUM         38   1253 AM   9    1940  35      3       40
  AVERAGE         45                        43      2

PRECIPITATION (IN)
  YESTERDAY        0.00          1.03 1926   0.11  -0.11     0.00
  MONTH TO DATE    0.12                      1.44  -1.32     0.81
  SINCE SEP 1      5.27                      7.75  -2.48     5.81
  SINCE JAN 1     31.42                     33.50  -2.08    29.50

DEGREE DAYS
 HEATING
  YESTERDAY       20                        22     -2
  MONTH TO DATE  316                       261     55
  SINCE SEP 1    597                       680    -83
  SINCE JUL 1    597                       685    -88

 COOLING
  YESTERDAY        0                         0      0
  MONTH TO DATE    0                         0      0
  SINCE SEP 1    234                       140     94
  SINCE JAN 1   1229                      1093    136
..................................................................


WIND (MPH)
  HIGHEST WIND SPEED    16   HIGHEST WIND DIRECTION    SE (150)
  HIGHEST GUST SPEED    23   HIGHEST GUST DIRECTION     S (170)
  AVERAGE WIND SPEED    11.0


SKY COVER
  AVERAGE SKY COVER 1.0



RELATIVE HUMIDITY (PERCENT)
 HIGHEST    79           100 AM
 LOWEST     56           500 PM
 AVERAGE    68

..........................................................


THE QUINCY IL CLIMATE NORMALS FOR TODAY
                         NORMAL    RECORD    YEAR
 MAXIMUM TEMPERATURE (F)   52        75      1950
 MINIMUM TEMPERATURE (F)   34         7      1940


SUNRISE AND SUNSET
NOVEMBER 15 2017......SUNRISE   650 AM CST   SUNSET   448 PM CST
NOVEMBER 16 2017......SUNRISE   651 AM CST   SUNSET   448 PM CST


-  INDICATES NEGATIVE NUMBERS.
R  INDICATES RECORD WAS SET OR TIED.
MM INDICATES DATA IS MISSING.
T  INDICATES TRACE AMOUNT.




$$
