000
CDUS43 KLSX 292229
CLIUIN


CLIMATE REPORT
NATIONAL WEATHER SERVICE ST LOUIS MO
526 PM CDT MON JUN 29 2015


...................................

...THE QUINCY IL CLIMATE SUMMARY FOR JUNE 29 2015...
VALID TODAY AS OF 0500 PM LOCAL TIME.

CLIMATE NORMAL PERIOD 1981 TO 2010
CLIMATE RECORD PERIOD 1901 TO 2015


WEATHER ITEM   OBSERVED TIME   RECORD YEAR NORMAL DEPARTURE LAST
                VALUE   (LST)  VALUE       VALUE  FROM      YEAR
                                                  NORMAL
..................................................................
TEMPERATURE (F)
 TODAY
  MAXIMUM         82    326 PM 103    2012  85     -3       87
                                      1934
                                      1931
  MINIMUM         63    140 AM  52    1950  66     -3       66
                                      1923
  AVERAGE         73                        75     -2       77

PRECIPITATION (IN)
  TODAY            0.00          2.12 1933   0.12  -0.12     0.00
  MONTH TO DATE    8.53                      3.87   4.66     8.10
  SINCE JUN 1      8.53                      3.87   4.66     8.10
  SINCE JAN 1     17.21                     17.96  -0.75    16.51

DEGREE DAYS
 HEATING
  TODAY            0                         0      0
  MONTH TO DATE    8                        14     -6
  SINCE JUN 1      8                        14     -6
  SINCE JUL 1   5760                      5580    180

 COOLING
  TODAY            8                        10     -2
  MONTH TO DATE  239                       218     21
  SINCE JUN 1    239                       218     21
  SINCE JAN 1    353                       304     49
..................................................................


WIND (MPH)
  HIGHEST WIND SPEED    29   HIGHEST WIND DIRECTION    NE (50)
  HIGHEST GUST SPEED    35   HIGHEST GUST DIRECTION    NE (40)
  AVERAGE WIND SPEED     7.2


SKY COVER
  AVERAGE SKY COVER 0.8



RELATIVE HUMIDITY (PERCENT)
 HIGHEST   100           100 AM
 LOWEST     62           200 PM
 AVERAGE    81

..........................................................


THE QUINCY IL CLIMATE NORMALS FOR TOMORROW
                         NORMAL    RECORD    YEAR
 MAXIMUM TEMPERATURE (F)   85       103      1931
 MINIMUM TEMPERATURE (F)   66        49      1943


SUNRISE AND SUNSET
JUNE 29 2015..........SUNRISE   539 AM CDT   SUNSET   838 PM CDT
JUNE 30 2015..........SUNRISE   539 AM CDT   SUNSET   837 PM CDT


-  INDICATES NEGATIVE NUMBERS.
R  INDICATES RECORD WAS SET OR TIED.
MM INDICATES DATA IS MISSING.
T  INDICATES TRACE AMOUNT.




$$
