000
CDUS43 KLSX 252131
CLIUIN


CLIMATE REPORT
NATIONAL WEATHER SERVICE ST LOUIS MO
431 PM CDT THU SEP 25 2014


...................................

...THE QUINCY IL CLIMATE SUMMARY FOR SEPTEMBER 25 2014...
VALID TODAY AS OF 0400 PM LOCAL TIME.

CLIMATE NORMAL PERIOD 1981 TO 2010
CLIMATE RECORD PERIOD 1901 TO 2014


WEATHER ITEM   OBSERVED TIME   RECORD YEAR NORMAL DEPARTURE LAST
                VALUE   (LST)  VALUE       VALUE  FROM      YEAR
                                                  NORMAL
..................................................................
TEMPERATURE (F)
 TODAY
  MAXIMUM         78    243 PM  93    1920  73      5       81
  MINIMUM         61    552 AM  35    1907  52      9       56
  AVERAGE         70                        62      8       69

PRECIPITATION (IN)
  TODAY            0.02          2.43 1976   0.11  -0.09     0.00
  MONTH TO DATE    6.27                      2.76   3.51     1.35
  SINCE SEP 1      6.27                      2.76   3.51     1.35
  SINCE JAN 1     31.89                     28.51   3.38    29.45

DEGREE DAYS
 HEATING
  TODAY            0                         5     -5
  MONTH TO DATE   87                        54     33
  SINCE SEP 1     87                        54     33
  SINCE JUL 1     92                        59     33

 COOLING
  TODAY            5                         2      3
  MONTH TO DATE   61                       113    -52
  SINCE SEP 1     61                       113    -52
  SINCE JAN 1    990                      1066    -76
..................................................................


WIND (MPH)
  HIGHEST WIND SPEED    10   HIGHEST WIND DIRECTION     S (170)
  HIGHEST GUST SPEED    13   HIGHEST GUST DIRECTION     W (250)
  AVERAGE WIND SPEED     4.9


SKY COVER
  AVERAGE SKY COVER 0.8



RELATIVE HUMIDITY (PERCENT)
 HIGHEST    73           800 AM
 LOWEST     43           200 PM
 AVERAGE    58

..........................................................


THE QUINCY IL CLIMATE NORMALS FOR TOMORROW
                         NORMAL    RECORD    YEAR
 MAXIMUM TEMPERATURE (F)   73        91      1956
                                             1953
                                             1920
 MINIMUM TEMPERATURE (F)   51        32      1928


SUNRISE AND SUNSET
SEPTEMBER 25 2014.....SUNRISE   655 AM CDT   SUNSET   657 PM CDT
SEPTEMBER 26 2014.....SUNRISE   656 AM CDT   SUNSET   655 PM CDT


-  INDICATES NEGATIVE NUMBERS.
R  INDICATES RECORD WAS SET OR TIED.
MM INDICATES DATA IS MISSING.
T  INDICATES TRACE AMOUNT.




$$
