000
CDUS43 KLSX 182245
CLIUIN


CLIMATE REPORT
NATIONAL WEATHER SERVICE ST LOUIS MO
545 PM CDT MON APR 18 2016


...................................

...THE QUINCY IL CLIMATE SUMMARY FOR APRIL 18 2016...
VALID TODAY AS OF 0500 PM LOCAL TIME.

CLIMATE NORMAL PERIOD 1981 TO 2010
CLIMATE RECORD PERIOD 1901 TO 2016


WEATHER ITEM   OBSERVED TIME   RECORD YEAR NORMAL DEPARTURE LAST
                VALUE   (LST)  VALUE       VALUE  FROM      YEAR
                                                  NORMAL
..................................................................
TEMPERATURE (F)
 TODAY
  MAXIMUM         80    332 PM  88    1948  64     16       79
                                      1925
  MINIMUM         55    507 AM  24    1983  44     11       58
  AVERAGE         68                        54     14       69

PRECIPITATION (IN)
  TODAY            0.00          2.73 1970   0.13  -0.13      T
  MONTH TO DATE    0.36                      2.11  -1.75     0.62
  SINCE MAR 1      1.44                      4.57  -3.13     1.57
  SINCE JAN 1      2.06                      7.97  -5.91     3.61

DEGREE DAYS
 HEATING
  TODAY            0                        12    -12
  MONTH TO DATE  262                       256      6
  SINCE MAR 1    782                       974   -192
  SINCE JUL 1   4379                      5316   -937

 COOLING
  TODAY            3                         1      2
  MONTH TO DATE    7                         5      2
  SINCE MAR 1      9                         7      2
  SINCE JAN 1      9                         7      2
..................................................................


WIND (MPH)
  HIGHEST WIND SPEED    21   HIGHEST WIND DIRECTION    SE (140)
  HIGHEST GUST SPEED    25   HIGHEST GUST DIRECTION    SE (150)
  AVERAGE WIND SPEED     9.5


SKY COVER
  AVERAGE SKY COVER 0.0



RELATIVE HUMIDITY (PERCENT)
 HIGHEST    67           500 AM
 LOWEST     23           200 PM
 AVERAGE    45

..........................................................


THE QUINCY IL CLIMATE NORMALS FOR TOMORROW
                         NORMAL    RECORD    YEAR
 MAXIMUM TEMPERATURE (F)   65        85      1925
 MINIMUM TEMPERATURE (F)   44        26      1983


SUNRISE AND SUNSET
APRIL 18 2016.........SUNRISE   622 AM CDT   SUNSET   747 PM CDT
APRIL 19 2016.........SUNRISE   620 AM CDT   SUNSET   748 PM CDT


-  INDICATES NEGATIVE NUMBERS.
R  INDICATES RECORD WAS SET OR TIED.
MM INDICATES DATA IS MISSING.
T  INDICATES TRACE AMOUNT.




$$
