000
CDUS43 KLSX 192328
CLIUIN


CLIMATE REPORT
NATIONAL WEATHER SERVICE ST LOUIS MO
528 PM CST THU FEB 19 2015


...................................

...THE QUINCY IL CLIMATE SUMMARY FOR FEBRUARY 19 2015...
VALID TODAY AS OF 0500 PM LOCAL TIME.

CLIMATE NORMAL PERIOD 1981 TO 2010
CLIMATE RECORD PERIOD 1901 TO 2015


WEATHER ITEM   OBSERVED TIME   RECORD YEAR NORMAL DEPARTURE LAST
                VALUE   (LST)  VALUE       VALUE  FROM      YEAR
                                                  NORMAL
..................................................................
TEMPERATURE (F)
 TODAY
  MAXIMUM         13    328 PM  71    1930  40    -27       44
  MINIMUM         -4    700 AM -11    1903  24    -28       32
  AVERAGE          5                        32    -27       38

PRECIPITATION (IN)
  TODAY            0.00          1.37 1994   0.08  -0.08     0.20
  MONTH TO DATE    0.50                      1.19  -0.69     1.32
  SINCE DEC 1      2.94                      4.96  -2.02     3.10
  SINCE JAN 1      1.63                      2.71  -1.08     2.02

DEGREE DAYS
 HEATING
  TODAY           60                        33     27
  MONTH TO DATE  831                       675    156
  SINCE DEC 1   2947                      2961    -14
  SINCE JUL 1   4224                      4061    163

 COOLING
  TODAY            0                         0      0
  MONTH TO DATE    0                         0      0
  SINCE DEC 1      0                         0      0
  SINCE JAN 1      0                         0      0
..................................................................


WIND (MPH)
  HIGHEST WIND SPEED    12   HIGHEST WIND DIRECTION     N (340)
  HIGHEST GUST SPEED    14   HIGHEST GUST DIRECTION    NW (320)
  AVERAGE WIND SPEED     4.7


SKY COVER
  AVERAGE SKY COVER 0.0



RELATIVE HUMIDITY (PERCENT)
 HIGHEST    69          1200 AM
 LOWEST     46           400 PM
 AVERAGE    58

..........................................................


THE QUINCY IL CLIMATE NORMALS FOR TOMORROW
                         NORMAL    RECORD    YEAR
 MAXIMUM TEMPERATURE (F)   41        66      2011
                                             1996
                                             1983
 MINIMUM TEMPERATURE (F)   24        -3      1929


SUNRISE AND SUNSET
FEBRUARY 19 2015......SUNRISE   653 AM CST   SUNSET   545 PM CST
FEBRUARY 20 2015......SUNRISE   651 AM CST   SUNSET   546 PM CST


-  INDICATES NEGATIVE NUMBERS.
R  INDICATES RECORD WAS SET OR TIED.
MM INDICATES DATA IS MISSING.
T  INDICATES TRACE AMOUNT.




$$
