000
CDUS43 KLSX 210730
CLIUIN


CLIMATE REPORT
NATIONAL WEATHER SERVICE ST LOUIS MO
127 AM CST MON NOV 21 2016


...................................

...THE QUINCY IL CLIMATE SUMMARY FOR NOVEMBER 20 2016...

CLIMATE NORMAL PERIOD 1981 TO 2010
CLIMATE RECORD PERIOD 1901 TO 2016


WEATHER ITEM   OBSERVED TIME   RECORD YEAR NORMAL DEPARTURE LAST
                VALUE   (LST)  VALUE       VALUE  FROM      YEAR
                                                  NORMAL
..................................................................
TEMPERATURE (F)
 YESTERDAY
  MAXIMUM         42    319 PM  74    1942  49     -7       45
  MINIMUM         21    723 AM   8    1914  32    -11       28
  AVERAGE         32                        40     -8

PRECIPITATION (IN)
  YESTERDAY        0.00          1.92 1979   0.10  -0.10      T
  MONTH TO DATE    0.81                      2.04  -1.23     2.68
  SINCE SEP 1      5.81                      8.35  -2.54     4.91
  SINCE JAN 1     29.50                     34.10  -4.60    33.67

DEGREE DAYS
 HEATING
  YESTERDAY       33                        25      8
  MONTH TO DATE  257                       402   -145
  SINCE SEP 1    449                       821   -372
  SINCE JUL 1    455                       826   -371

 COOLING
  YESTERDAY        0                         0      0
  MONTH TO DATE   15                         0     15
  SINCE SEP 1    296                       140    156
  SINCE JAN 1   1472                      1093    379
..................................................................


WIND (MPH)
  HIGHEST WIND SPEED     9   HIGHEST WIND DIRECTION     E (100)
  HIGHEST GUST SPEED    12   HIGHEST GUST DIRECTION     E (100)
  AVERAGE WIND SPEED     4.2


SKY COVER
  AVERAGE SKY COVER 0.0



RELATIVE HUMIDITY (PERCENT)
 HIGHEST    84           500 AM
 LOWEST     36           300 PM
 AVERAGE    60

..........................................................


THE QUINCY IL CLIMATE NORMALS FOR TODAY
                         NORMAL    RECORD    YEAR
 MAXIMUM TEMPERATURE (F)   48        74      1913
 MINIMUM TEMPERATURE (F)   31         5      1937


SUNRISE AND SUNSET
NOVEMBER 21 2016......SUNRISE   657 AM CST   SUNSET   444 PM CST
NOVEMBER 22 2016......SUNRISE   658 AM CST   SUNSET   444 PM CST


-  INDICATES NEGATIVE NUMBERS.
R  INDICATES RECORD WAS SET OR TIED.
MM INDICATES DATA IS MISSING.
T  INDICATES TRACE AMOUNT.




$$
