000
CDUS43 KLSX 090729
CLIUIN


CLIMATE REPORT
NATIONAL WEATHER SERVICE ST LOUIS MO
128 AM CST MON JAN 9 2017


...................................

...THE QUINCY IL CLIMATE SUMMARY FOR JANUARY 8 2017...

CLIMATE NORMAL PERIOD 1981 TO 2010
CLIMATE RECORD PERIOD 1901 TO 2017


WEATHER ITEM   OBSERVED TIME   RECORD YEAR NORMAL DEPARTURE LAST
                VALUE   (LST)  VALUE       VALUE  FROM      YEAR
                                                  NORMAL
..................................................................
TEMPERATURE (F)
 YESTERDAY
  MAXIMUM         25   1159 PM  64    1965  34     -9       48
  MINIMUM          2    653 AM -19    1912  19    -17       37
  AVERAGE         14                        26    -12

PRECIPITATION (IN)
  YESTERDAY        0.00          2.39 1937   0.05  -0.05     0.07
  MONTH TO DATE    0.08                      0.43  -0.35     0.20
  SINCE DEC 1      1.11                      2.68  -1.57     6.02
  SINCE JAN 1      0.08                      0.43  -0.35     0.20

DEGREE DAYS
 HEATING
  YESTERDAY       51                        39     12
  MONTH TO DATE  368                       308     60
  SINCE DEC 1   1481                      1399     82
  SINCE JUL 1   2169                      2499   -330

 COOLING
  YESTERDAY        0                         0      0
  MONTH TO DATE    0                         0      0
  SINCE DEC 1      0                         0      0
  SINCE JAN 1      0                         0      0
..................................................................


WIND (MPH)
  HIGHEST WIND SPEED    18   HIGHEST WIND DIRECTION     S (180)
  HIGHEST GUST SPEED    24   HIGHEST GUST DIRECTION     S (170)
  AVERAGE WIND SPEED     9.1


SKY COVER
  AVERAGE SKY COVER 0.4



RELATIVE HUMIDITY (PERCENT)
 HIGHEST    87           300 AM
 LOWEST     56           200 PM
 AVERAGE    72

..........................................................


THE QUINCY IL CLIMATE NORMALS FOR TODAY
                         NORMAL    RECORD    YEAR
 MAXIMUM TEMPERATURE (F)   34        66      1939
 MINIMUM TEMPERATURE (F)   18       -12      1982


SUNRISE AND SUNSET
JANUARY  9 2017.......SUNRISE   726 AM CST   SUNSET   458 PM CST
JANUARY 10 2017.......SUNRISE   726 AM CST   SUNSET   459 PM CST


-  INDICATES NEGATIVE NUMBERS.
R  INDICATES RECORD WAS SET OR TIED.
MM INDICATES DATA IS MISSING.
T  INDICATES TRACE AMOUNT.




$$
