000
CDUS43 KLSX 222232
CLIUIN


CLIMATE REPORT
NATIONAL WEATHER SERVICE ST LOUIS MO
531 PM CDT SUN MAY 22 2016


...................................

...THE QUINCY IL CLIMATE SUMMARY FOR MAY 22 2016...
VALID TODAY AS OF 0500 PM LOCAL TIME.

CLIMATE NORMAL PERIOD 1981 TO 2010
CLIMATE RECORD PERIOD 1901 TO 2016


WEATHER ITEM   OBSERVED TIME   RECORD YEAR NORMAL DEPARTURE LAST
                VALUE   (LST)  VALUE       VALUE  FROM      YEAR
                                                  NORMAL
..................................................................
TEMPERATURE (F)
 TODAY
  MAXIMUM         80    359 PM  94    1925  74      6       75
  MINIMUM         51    458 AM  38    1963  55     -4       51
  AVERAGE         66                        65      1       63

PRECIPITATION (IN)
  TODAY            0.00          2.58 1968   0.15  -0.15     0.00
  MONTH TO DATE    1.87                      3.14  -1.27     2.23
  SINCE MAR 1      6.29                      9.29  -3.00     4.88
  SINCE JAN 1      6.91                     12.69  -5.78     6.92

DEGREE DAYS
 HEATING
  TODAY            0                         3     -3
  MONTH TO DATE  148                       114     34
  SINCE MAR 1    995                      1202   -207
  SINCE JUL 1   4592                      5544   -952

 COOLING
  TODAY            1                         3     -2
  MONTH TO DATE   12                        36    -24
  SINCE MAR 1     33                        54    -21
  SINCE JAN 1     33                        54    -21
..................................................................


WIND (MPH)
  HIGHEST WIND SPEED    10   HIGHEST WIND DIRECTION     S (160)
  HIGHEST GUST SPEED    15   HIGHEST GUST DIRECTION     S (160)
  AVERAGE WIND SPEED     4.8


SKY COVER
  AVERAGE SKY COVER 0.0



RELATIVE HUMIDITY (PERCENT)
 HIGHEST    77           500 AM
 LOWEST     28           200 PM
 AVERAGE    53

..........................................................


THE QUINCY IL CLIMATE NORMALS FOR TOMORROW
                         NORMAL    RECORD    YEAR
 MAXIMUM TEMPERATURE (F)   75        93      1921
 MINIMUM TEMPERATURE (F)   55        40      1963
                                             1917


SUNRISE AND SUNSET
MAY 22 2016...........SUNRISE   544 AM CDT   SUNSET   820 PM CDT
MAY 23 2016...........SUNRISE   543 AM CDT   SUNSET   821 PM CDT


-  INDICATES NEGATIVE NUMBERS.
R  INDICATES RECORD WAS SET OR TIED.
MM INDICATES DATA IS MISSING.
T  INDICATES TRACE AMOUNT.




$$
