000
CDUS43 KLSX 140730
CLIUIN


CLIMATE REPORT
NATIONAL WEATHER SERVICE ST LOUIS MO
228 AM CDT SUN MAY 14 2017


...................................

...THE QUINCY IL CLIMATE SUMMARY FOR MAY 13 2017...

CLIMATE NORMAL PERIOD 1981 TO 2010
CLIMATE RECORD PERIOD 1901 TO 2017


WEATHER ITEM   OBSERVED TIME   RECORD YEAR NORMAL DEPARTURE LAST
                VALUE   (LST)  VALUE       VALUE  FROM      YEAR
                                                  NORMAL
..................................................................
TEMPERATURE (F)
 YESTERDAY
  MAXIMUM         79    434 PM  92    1940  72      7       74
  MINIMUM         52    511 AM  35    1971  52      0       44
  AVERAGE         66                        62      4

PRECIPITATION (IN)
  YESTERDAY        0.00          1.41 1916   0.15  -0.15     0.28
  MONTH TO DATE    0.88                      1.80  -0.92     1.63
  SINCE MAR 1     10.87                      7.95   2.92     6.05
  SINCE JAN 1     12.92                     11.35   1.57     6.67

DEGREE DAYS
 HEATING
  YESTERDAY        0                         5     -5
  MONTH TO DATE   81                        79      2
  SINCE MAR 1    951                      1167   -216
  SINCE JUL 1   4392                      5509  -1117

 COOLING
  YESTERDAY        1                         2     -1
  MONTH TO DATE   17                        16      1
  SINCE MAR 1     49                        34     15
  SINCE JAN 1     49                        34     15
..................................................................


WIND (MPH)
  HIGHEST WIND SPEED    10   HIGHEST WIND DIRECTION    SW (240)
  HIGHEST GUST SPEED    16   HIGHEST GUST DIRECTION    SW (240)
  AVERAGE WIND SPEED     4.2


SKY COVER
  AVERAGE SKY COVER 0.0



RELATIVE HUMIDITY (PERCENT)
 HIGHEST    93           300 AM
 LOWEST     31          1200 PM
 AVERAGE    62

..........................................................


THE QUINCY IL CLIMATE NORMALS FOR TODAY
                         NORMAL    RECORD    YEAR
 MAXIMUM TEMPERATURE (F)   72        94      1915
 MINIMUM TEMPERATURE (F)   52        35      1920


SUNRISE AND SUNSET
MAY 14 2017...........SUNRISE   550 AM CDT   SUNSET   812 PM CDT
MAY 15 2017...........SUNRISE   549 AM CDT   SUNSET   813 PM CDT


-  INDICATES NEGATIVE NUMBERS.
R  INDICATES RECORD WAS SET OR TIED.
MM INDICATES DATA IS MISSING.
T  INDICATES TRACE AMOUNT.




$$
