000
CDUS43 KLSX 300730
CLIUIN


CLIMATE REPORT
NATIONAL WEATHER SERVICE ST LOUIS MO
228 AM CDT SUN AUG 30 2015


...................................

...THE QUINCY IL CLIMATE SUMMARY FOR AUGUST 29 2015...

CLIMATE NORMAL PERIOD 1981 TO 2010
CLIMATE RECORD PERIOD 1901 TO 2015


WEATHER ITEM   OBSERVED TIME   RECORD YEAR NORMAL DEPARTURE LAST
                VALUE   (LST)  VALUE       VALUE  FROM      YEAR
                                                  NORMAL
..................................................................
TEMPERATURE (F)
 YESTERDAY
  MAXIMUM         81    117 PM 103    1984  83     -2       88
  MINIMUM         67    605 AM  43    1986  62      5       70
  AVERAGE         74                        73      1

PRECIPITATION (IN)
  YESTERDAY        0.00          2.99 1955   0.12  -0.12     0.62
  MONTH TO DATE    2.13                      3.40  -1.27     6.12
  SINCE JUN 1     20.08                     11.43   8.65    17.16
  SINCE JAN 1     28.76                     25.52   3.24    25.57

DEGREE DAYS
 HEATING
  YESTERDAY        0                         0      0
  MONTH TO DATE    1                         0      1
  SINCE JUN 1     12                        16     -4
  SINCE JUL 1      4                         0      4

 COOLING
  YESTERDAY        9                         8      1
  MONTH TO DATE  231                       282    -51
  SINCE JUN 1    814                       852    -38
  SINCE JAN 1    928                       938    -10
..................................................................


WIND (MPH)
  HIGHEST WIND SPEED    14   HIGHEST WIND DIRECTION     S (160)
  HIGHEST GUST SPEED    17   HIGHEST GUST DIRECTION     S (200)
  AVERAGE WIND SPEED     5.3


SKY COVER
  AVERAGE SKY COVER 0.7



RELATIVE HUMIDITY (PERCENT)
 HIGHEST    93          1100 PM
 LOWEST     62          1200 PM
 AVERAGE    78

..........................................................


THE QUINCY IL CLIMATE NORMALS FOR TODAY
                         NORMAL    RECORD    YEAR
 MAXIMUM TEMPERATURE (F)   83       106      1947
 MINIMUM TEMPERATURE (F)   62        46      1911


SUNRISE AND SUNSET
AUGUST 30 2015........SUNRISE   631 AM CDT   SUNSET   740 PM CDT
AUGUST 31 2015........SUNRISE   631 AM CDT   SUNSET   738 PM CDT


-  INDICATES NEGATIVE NUMBERS.
R  INDICATES RECORD WAS SET OR TIED.
MM INDICATES DATA IS MISSING.
T  INDICATES TRACE AMOUNT.




$$
