018
CDUS43 KLSX 150747
CLIUIN


CLIMATE REPORT
NATIONAL WEATHER SERVICE ST LOUIS MO
143 AM CST SUN JAN 15 2017


...................................

...THE QUINCY IL CLIMATE SUMMARY FOR JANUARY 14 2017...

CLIMATE NORMAL PERIOD 1981 TO 2010
CLIMATE RECORD PERIOD 1901 TO 2017


WEATHER ITEM   OBSERVED TIME   RECORD YEAR NORMAL DEPARTURE LAST
                VALUE   (LST)  VALUE       VALUE  FROM      YEAR
                                                  NORMAL
..................................................................
TEMPERATURE (F)
 YESTERDAY
  MAXIMUM         30   1039 AM  66    1952  34     -4       52
                                      1928
  MINIMUM         27    227 AM -15    1979  18      9       30
  AVERAGE         29                        26      3

PRECIPITATION (IN)
  YESTERDAY        0.04          0.87 1940   0.05  -0.01     0.00
  MONTH TO DATE    0.14                      0.72  -0.58     0.20
  SINCE DEC 1      1.17                      2.97  -1.80     6.02
  SINCE JAN 1      0.14                      0.72  -0.58     0.20

DEGREE DAYS
 HEATING
  YESTERDAY       36                        39     -3
  MONTH TO DATE  566                       542     24
  SINCE DEC 1   1679                      1633     46
  SINCE JUL 1   2367                      2733   -366

 COOLING
  YESTERDAY        0                         0      0
  MONTH TO DATE    0                         0      0
  SINCE DEC 1      0                         0      0
  SINCE JAN 1      0                         0      0
..................................................................


WIND (MPH)
  HIGHEST WIND SPEED    12   HIGHEST WIND DIRECTION    NW (320)
  HIGHEST GUST SPEED    13   HIGHEST GUST DIRECTION    NW (320)
  AVERAGE WIND SPEED     5.2


SKY COVER
  AVERAGE SKY COVER 1.0



RELATIVE HUMIDITY (PERCENT)
 HIGHEST   100           200 AM
 LOWEST     85          1200 AM
 AVERAGE    93

..........................................................


THE QUINCY IL CLIMATE NORMALS FOR TODAY
                         NORMAL    RECORD    YEAR
 MAXIMUM TEMPERATURE (F)   34        65      1949
 MINIMUM TEMPERATURE (F)   18       -16      1979
                                             1972


SUNRISE AND SUNSET
JANUARY 15 2017.......SUNRISE   724 AM CST   SUNSET   505 PM CST
JANUARY 16 2017.......SUNRISE   724 AM CST   SUNSET   506 PM CST


-  INDICATES NEGATIVE NUMBERS.
R  INDICATES RECORD WAS SET OR TIED.
MM INDICATES DATA IS MISSING.
T  INDICATES TRACE AMOUNT.




$$
