853
CDUS43 KLSX 112245
CLIUIN


CLIMATE REPORT
NATIONAL WEATHER SERVICE ST LOUIS MO
445 PM CST SAT NOV 11 2017


...................................

...THE QUINCY IL CLIMATE SUMMARY FOR NOVEMBER 11 2017...
VALID TODAY AS OF 0400 PM LOCAL TIME.

CLIMATE NORMAL PERIOD 1981 TO 2010
CLIMATE RECORD PERIOD 1901 TO 2017


WEATHER ITEM   OBSERVED TIME   RECORD YEAR NORMAL DEPARTURE LAST
                VALUE   (LST)  VALUE       VALUE  FROM      YEAR
                                                  NORMAL
..................................................................
TEMPERATURE (F)
 TODAY
  MAXIMUM         51    300 PM  79    1964  54     -3       57
                                      1949
  MINIMUM         33    801 AM  12    1950  36     -3       37
  AVERAGE         42                        45     -3       47

PRECIPITATION (IN)
  TODAY            0.00          1.10 1982   0.10  -0.10     0.00
  MONTH TO DATE    0.03                      1.12  -1.09     0.81
  SINCE SEP 1      5.18                      7.43  -2.25     5.81
  SINCE JAN 1     31.33                     33.18  -1.85    29.50

DEGREE DAYS
 HEATING
  TODAY           23                        20      3
  MONTH TO DATE  252                       197     55
  SINCE SEP 1    533                       616    -83
  SINCE JUL 1    533                       621    -88

 COOLING
  TODAY            0                         0      0
  MONTH TO DATE    0                         0      0
  SINCE SEP 1    234                       140     94
  SINCE JAN 1   1229                      1093    136
..................................................................


WIND (MPH)
  HIGHEST WIND SPEED    15   HIGHEST WIND DIRECTION    SE (140)
  HIGHEST GUST SPEED    20   HIGHEST GUST DIRECTION    SE (150)
  AVERAGE WIND SPEED    11.2


SKY COVER
  AVERAGE SKY COVER 0.6



RELATIVE HUMIDITY (PERCENT)
 HIGHEST    61           200 AM
 LOWEST     36           200 PM
 AVERAGE    49

..........................................................


THE QUINCY IL CLIMATE NORMALS FOR TOMORROW
                         NORMAL    RECORD    YEAR
 MAXIMUM TEMPERATURE (F)   53        74      1999
                                             1902
 MINIMUM TEMPERATURE (F)   35        10      1986


SUNRISE AND SUNSET
NOVEMBER 11 2017......SUNRISE   646 AM CST   SUNSET   452 PM CST
NOVEMBER 12 2017......SUNRISE   647 AM CST   SUNSET   451 PM CST


-  INDICATES NEGATIVE NUMBERS.
R  INDICATES RECORD WAS SET OR TIED.
MM INDICATES DATA IS MISSING.
T  INDICATES TRACE AMOUNT.




$$
