000
CDUS43 KLSX 140732
CLIUIN


CLIMATE REPORT
NATIONAL WEATHER SERVICE ST LOUIS MO
231 AM CDT THU SEP 14 2017


...................................

...THE QUINCY IL CLIMATE SUMMARY FOR SEPTEMBER 13 2017...

CLIMATE NORMAL PERIOD 1981 TO 2010
CLIMATE RECORD PERIOD 1901 TO 2017


WEATHER ITEM   OBSERVED TIME   RECORD YEAR NORMAL DEPARTURE LAST
                VALUE   (LST)  VALUE       VALUE  FROM      YEAR
                                                  NORMAL
..................................................................
TEMPERATURE (F)
 YESTERDAY
  MAXIMUM         82    421 PM 100    1927  78      4       83
  MINIMUM         51    611 AM  33    1902  57     -6       62
  AVERAGE         67                        68     -1

PRECIPITATION (IN)
  YESTERDAY        0.00          4.12 1961   0.11  -0.11     0.00
  MONTH TO DATE    0.00                      1.43  -1.43     2.97
  SINCE SEP 1      0.00                      1.43  -1.43     2.97
  SINCE JAN 1     26.15                     27.18  -1.03    26.66

DEGREE DAYS
 HEATING
  YESTERDAY        0                         2     -2
  MONTH TO DATE   19                        14      5
  SINCE SEP 1     19                        14      5
  SINCE JUL 1     19                        19      0

 COOLING
  YESTERDAY        2                         4     -2
  MONTH TO DATE   29                        76    -47
  SINCE SEP 1     29                        76    -47
  SINCE JAN 1   1024                      1029     -5
..................................................................


WIND (MPH)
  HIGHEST WIND SPEED    12   HIGHEST WIND DIRECTION     E (70)
  HIGHEST GUST SPEED    14   HIGHEST GUST DIRECTION     N (10)
  AVERAGE WIND SPEED     5.0


SKY COVER
  AVERAGE SKY COVER 0.1



RELATIVE HUMIDITY (PERCENT)
 HIGHEST    96           500 AM
 LOWEST     40           300 PM
 AVERAGE    68

..........................................................


THE QUINCY IL CLIMATE NORMALS FOR TODAY
                         NORMAL    RECORD    YEAR
 MAXIMUM TEMPERATURE (F)   78        99      1939
 MINIMUM TEMPERATURE (F)   56        38      1996


SUNRISE AND SUNSET
SEPTEMBER 14 2017.....SUNRISE   645 AM CDT   SUNSET   715 PM CDT
SEPTEMBER 15 2017.....SUNRISE   646 AM CDT   SUNSET   713 PM CDT


-  INDICATES NEGATIVE NUMBERS.
R  INDICATES RECORD WAS SET OR TIED.
MM INDICATES DATA IS MISSING.
T  INDICATES TRACE AMOUNT.




$$
