000
CDUS43 KLSX 280745
CLIUIN


CLIMATE REPORT
NATIONAL WEATHER SERVICE ST LOUIS MO
245 AM CDT SUN JUN 28 2015


...................................

...THE QUINCY IL CLIMATE SUMMARY FOR JUNE 27 2015...

CLIMATE NORMAL PERIOD 1981 TO 2010
CLIMATE RECORD PERIOD 1901 TO 2015


WEATHER ITEM   OBSERVED TIME   RECORD YEAR NORMAL DEPARTURE LAST
                VALUE   (LST)  VALUE       VALUE  FROM      YEAR
                                                  NORMAL
..................................................................
TEMPERATURE (F)
 YESTERDAY
  MAXIMUM         79    424 PM 102    1931  85     -6       87
  MINIMUM         60    440 AM  48    1992  65     -5       70
                                      1905
  AVERAGE         70                        75     -5

PRECIPITATION (IN)
  YESTERDAY        0.00          1.29 1923   0.13  -0.13     0.25
  MONTH TO DATE    8.11                      3.63   4.48     7.97
  SINCE JUN 1      8.11                      3.63   4.48     7.97
  SINCE JAN 1     16.79                     17.72  -0.93    16.38

DEGREE DAYS
 HEATING
  YESTERDAY        0                         0      0
  MONTH TO DATE    8                        14     -6
  SINCE JUN 1      8                        14     -6
  SINCE JUL 1   5760                      5580    180

 COOLING
  YESTERDAY        5                        10     -5
  MONTH TO DATE  227                       198     29
  SINCE JUN 1    227                       198     29
  SINCE JAN 1    341                       284     57
..................................................................


WIND (MPH)
  HIGHEST WIND SPEED    16   HIGHEST WIND DIRECTION     N (360)
  HIGHEST GUST SPEED    20   HIGHEST GUST DIRECTION     N (360)
  AVERAGE WIND SPEED     7.7


SKY COVER
  AVERAGE SKY COVER 0.2



RELATIVE HUMIDITY (PERCENT)
 HIGHEST    97           400 AM
 LOWEST     54           200 PM
 AVERAGE    76

..........................................................


THE QUINCY IL CLIMATE NORMALS FOR TODAY
                         NORMAL    RECORD    YEAR
 MAXIMUM TEMPERATURE (F)   85       104      2012
                                             1934
 MINIMUM TEMPERATURE (F)   66        53      1968


SUNRISE AND SUNSET
JUNE 28 2015..........SUNRISE   538 AM CDT   SUNSET   838 PM CDT
JUNE 29 2015..........SUNRISE   539 AM CDT   SUNSET   838 PM CDT


-  INDICATES NEGATIVE NUMBERS.
R  INDICATES RECORD WAS SET OR TIED.
MM INDICATES DATA IS MISSING.
T  INDICATES TRACE AMOUNT.




$$
