000
CDUS43 KLSX 242228
CLIUIN


CLIMATE REPORT
NATIONAL WEATHER SERVICE ST LOUIS MO
427 PM CST TUE FEB 24 2015


...................................

...THE QUINCY IL CLIMATE SUMMARY FOR FEBRUARY 24 2015...
VALID TODAY AS OF 0400 PM LOCAL TIME.

CLIMATE NORMAL PERIOD 1981 TO 2010
CLIMATE RECORD PERIOD 1901 TO 2015


WEATHER ITEM   OBSERVED TIME   RECORD YEAR NORMAL DEPARTURE LAST
                VALUE   (LST)  VALUE       VALUE  FROM      YEAR
                                                  NORMAL
..................................................................
TEMPERATURE (F)
 TODAY
  MAXIMUM         34    359 PM  73    1930  42     -8       27
  MINIMUM          0    218 AM  -2    1989  25    -25       20
  AVERAGE         17                        34    -17       24

PRECIPITATION (IN)
  TODAY            0.00          1.59 2001   0.08  -0.08     0.00
  MONTH TO DATE    0.91                      1.56  -0.65     1.42
  SINCE DEC 1      3.35                      5.33  -1.98     3.20
  SINCE JAN 1      2.04                      3.08  -1.04     2.12

DEGREE DAYS
 HEATING
  TODAY           48                        31     17
  MONTH TO DATE 1066                       835    231
  SINCE DEC 1   3182                      3121     61
  SINCE JUL 1   4459                      4221    238

 COOLING
  TODAY            0                         0      0
  MONTH TO DATE    0                         0      0
  SINCE DEC 1      0                         0      0
  SINCE JAN 1      0                         0      0
..................................................................


WIND (MPH)
  HIGHEST WIND SPEED    24   HIGHEST WIND DIRECTION     W (260)
  HIGHEST GUST SPEED    30   HIGHEST GUST DIRECTION     W (260)
  AVERAGE WIND SPEED    13.3


SKY COVER
  AVERAGE SKY COVER 0.2



RELATIVE HUMIDITY (PERCENT)
 HIGHEST    69          1200 AM
 LOWEST     50          1100 AM
 AVERAGE    60

..........................................................


THE QUINCY IL CLIMATE NORMALS FOR TOMORROW
                         NORMAL    RECORD    YEAR
 MAXIMUM TEMPERATURE (F)   43        71      2000
 MINIMUM TEMPERATURE (F)   26        -5      1914


SUNRISE AND SUNSET
FEBRUARY 24 2015......SUNRISE   646 AM CST   SUNSET   551 PM CST
FEBRUARY 25 2015......SUNRISE   644 AM CST   SUNSET   552 PM CST


-  INDICATES NEGATIVE NUMBERS.
R  INDICATES RECORD WAS SET OR TIED.
MM INDICATES DATA IS MISSING.
T  INDICATES TRACE AMOUNT.




$$
