000
CDUS43 KLSX 160728
CLIUIN


CLIMATE REPORT
NATIONAL WEATHER SERVICE ST LOUIS MO
227 AM CDT FRI SEP 16 2016


...................................

...THE QUINCY IL CLIMATE SUMMARY FOR SEPTEMBER 15 2016...

CLIMATE NORMAL PERIOD 1981 TO 2010
CLIMATE RECORD PERIOD 1901 TO 2016


WEATHER ITEM   OBSERVED TIME   RECORD YEAR NORMAL DEPARTURE LAST
                VALUE   (LST)  VALUE       VALUE  FROM      YEAR
                                                  NORMAL
..................................................................
TEMPERATURE (F)
 YESTERDAY
  MAXIMUM         86    348 PM 100    1939  78      8       83
                                      1927
  MINIMUM         64    635 AM  37    2007  56      8       62
  AVERAGE         75                        67      8

PRECIPITATION (IN)
  YESTERDAY        0.00          2.83 1915   0.11  -0.11     0.00
  MONTH TO DATE    3.00                      1.65   1.35     1.14
  SINCE SEP 1      3.00                      1.65   1.35     1.14
  SINCE JAN 1     26.69                     27.40  -0.71    29.90

DEGREE DAYS
 HEATING
  YESTERDAY        0                         2     -2
  MONTH TO DATE    0                        18    -18
  SINCE SEP 1      0                        18    -18
  SINCE JUL 1      6                        23    -17

 COOLING
  YESTERDAY       10                         4      6
  MONTH TO DATE  110                        84     26
  SINCE SEP 1    110                        84     26
  SINCE JAN 1   1286                      1037    249
..................................................................


WIND (MPH)
  HIGHEST WIND SPEED    15   HIGHEST WIND DIRECTION     E (110)
  HIGHEST GUST SPEED    18   HIGHEST GUST DIRECTION     E (110)
  AVERAGE WIND SPEED     7.4


SKY COVER
  AVERAGE SKY COVER 0.3



RELATIVE HUMIDITY (PERCENT)
 HIGHEST    93          1200 AM
 LOWEST     59           300 PM
 AVERAGE    76

..........................................................


THE QUINCY IL CLIMATE NORMALS FOR TODAY
                         NORMAL    RECORD    YEAR
 MAXIMUM TEMPERATURE (F)   77        99      1927
 MINIMUM TEMPERATURE (F)   56        41      1984
                                             1916


SUNRISE AND SUNSET
SEPTEMBER 16 2016.....SUNRISE   647 AM CDT   SUNSET   711 PM CDT
SEPTEMBER 17 2016.....SUNRISE   648 AM CDT   SUNSET   709 PM CDT


-  INDICATES NEGATIVE NUMBERS.
R  INDICATES RECORD WAS SET OR TIED.
MM INDICATES DATA IS MISSING.
T  INDICATES TRACE AMOUNT.




$$
