000
CDUS43 KLSX 282245
CLIUIN


CLIMATE REPORT
NATIONAL WEATHER SERVICE ST LOUIS MO
445 PM CST MON NOV 28 2016


...................................

...THE QUINCY IL CLIMATE SUMMARY FOR NOVEMBER 28 2016...
VALID TODAY AS OF 0400 PM LOCAL TIME.

CLIMATE NORMAL PERIOD 1981 TO 2010
CLIMATE RECORD PERIOD 1901 TO 2016


WEATHER ITEM   OBSERVED TIME   RECORD YEAR NORMAL DEPARTURE LAST
                VALUE   (LST)  VALUE       VALUE  FROM      YEAR
                                                  NORMAL
..................................................................
TEMPERATURE (F)
 TODAY
  MAXIMUM         53    359 PM  68    1927  44      9       36
  MINIMUM         45    107 AM   6    1977  28     17       33
  AVERAGE         49                        36     13       35

PRECIPITATION (IN)
  TODAY            0.02          1.47 1968   0.10  -0.08      T
  MONTH TO DATE    1.16                      2.83  -1.67     2.68
  SINCE SEP 1      6.16                      9.14  -2.98     4.91
  SINCE JAN 1     29.85                     34.89  -5.04    33.67

DEGREE DAYS
 HEATING
  TODAY           16                        29    -13
  MONTH TO DATE  442                       618   -176
  SINCE SEP 1    634                      1037   -403
  SINCE JUL 1    640                      1042   -402

 COOLING
  TODAY            0                         0      0
  MONTH TO DATE   15                         0     15
  SINCE SEP 1    296                       140    156
  SINCE JAN 1   1472                      1093    379
..................................................................


WIND (MPH)
  HIGHEST WIND SPEED    25   HIGHEST WIND DIRECTION     S (180)
  HIGHEST GUST SPEED    35   HIGHEST GUST DIRECTION     S (160)
  AVERAGE WIND SPEED    15.7


SKY COVER
  AVERAGE SKY COVER 1.0



RELATIVE HUMIDITY (PERCENT)
 HIGHEST    89          1200 PM
 LOWEST     76           200 AM
 AVERAGE    83

..........................................................


THE QUINCY IL CLIMATE NORMALS FOR TOMORROW
                         NORMAL    RECORD    YEAR
 MAXIMUM TEMPERATURE (F)   44        76      1933
 MINIMUM TEMPERATURE (F)   28        -1      1964


SUNRISE AND SUNSET
NOVEMBER 28 2016......SUNRISE   705 AM CST   SUNSET   441 PM CST
NOVEMBER 29 2016......SUNRISE   706 AM CST   SUNSET   441 PM CST


-  INDICATES NEGATIVE NUMBERS.
R  INDICATES RECORD WAS SET OR TIED.
MM INDICATES DATA IS MISSING.
T  INDICATES TRACE AMOUNT.




$$
