000
CDUS43 KLSX 112130
CLIUIN


CLIMATE REPORT
NATIONAL WEATHER SERVICE ST LOUIS MO
429 PM CDT MON JUL 11 2016


...................................

...THE QUINCY IL CLIMATE SUMMARY FOR JULY 11 2016...
VALID TODAY AS OF 0400 PM LOCAL TIME.

CLIMATE NORMAL PERIOD 1981 TO 2010
CLIMATE RECORD PERIOD 1901 TO 2016


WEATHER ITEM   OBSERVED TIME   RECORD YEAR NORMAL DEPARTURE LAST
                VALUE   (LST)  VALUE       VALUE  FROM      YEAR
                                                  NORMAL
..................................................................
TEMPERATURE (F)
 TODAY
  MAXIMUM         91    242 PM 106    1936  86      5       86
                                      1930
  MINIMUM         71    400 AM  53    1945  67      4       66
  AVERAGE         81                        76      5       76

PRECIPITATION (IN)
  TODAY            0.00          3.87 2015   0.13  -0.13     3.87
  MONTH TO DATE    2.03                      1.46   0.57     6.22
  SINCE JUN 1      3.05                      5.45  -2.40    14.75
  SINCE JAN 1     11.73                     19.54  -7.81    23.43

DEGREE DAYS
 HEATING
  TODAY            0                         0      0
  MONTH TO DATE    6                         0      6
  SINCE JUN 1      6                        16    -10
  SINCE JUL 1      6                         0      6

 COOLING
  TODAY           16                        11      5
  MONTH TO DATE   99                       121    -22
  SINCE JUN 1    456                       348    108
  SINCE JAN 1    560                       434    126
..................................................................


WIND (MPH)
  HIGHEST WIND SPEED    16   HIGHEST WIND DIRECTION     S (160)
  HIGHEST GUST SPEED    24   HIGHEST GUST DIRECTION     S (180)
  AVERAGE WIND SPEED    10.4


SKY COVER
  AVERAGE SKY COVER 0.0



RELATIVE HUMIDITY (PERCENT)
 HIGHEST    93           300 AM
 LOWEST     56          1200 PM
 AVERAGE    75

..........................................................


THE QUINCY IL CLIMATE NORMALS FOR TOMORROW
                         NORMAL    RECORD    YEAR
 MAXIMUM TEMPERATURE (F)   86       109      1936
 MINIMUM TEMPERATURE (F)   67        54      1959


SUNRISE AND SUNSET
JULY 11 2016..........SUNRISE   546 AM CDT   SUNSET   834 PM CDT
JULY 12 2016..........SUNRISE   547 AM CDT   SUNSET   834 PM CDT


-  INDICATES NEGATIVE NUMBERS.
R  INDICATES RECORD WAS SET OR TIED.
MM INDICATES DATA IS MISSING.
T  INDICATES TRACE AMOUNT.




$$
