000
CDUS43 KLSX 220745
CLIUIN


CLIMATE REPORT
NATIONAL WEATHER SERVICE ST LOUIS MO
245 AM CDT FRI APR 22 2016


...................................

...THE QUINCY IL CLIMATE SUMMARY FOR APRIL 21 2016...

CLIMATE NORMAL PERIOD 1981 TO 2010
CLIMATE RECORD PERIOD 1901 TO 2016


WEATHER ITEM   OBSERVED TIME   RECORD YEAR NORMAL DEPARTURE LAST
                VALUE   (LST)  VALUE       VALUE  FROM      YEAR
                                                  NORMAL
..................................................................
TEMPERATURE (F)
 YESTERDAY
  MAXIMUM         65    102 PM  90    1902  65      0       64
  MINIMUM         50   1124 PM  26    1904  45      5       38
  AVERAGE         58                        55      3

PRECIPITATION (IN)
  YESTERDAY        0.14          2.86 1973   0.12   0.02      T
  MONTH TO DATE    1.62                      2.49  -0.87     0.86
  SINCE MAR 1      2.70                      4.95  -2.25     1.81
  SINCE JAN 1      3.32                      8.35  -5.03     3.85

DEGREE DAYS
 HEATING
  YESTERDAY        7                        11     -4
  MONTH TO DATE  273                       289    -16
  SINCE MAR 1    793                      1007   -214
  SINCE JUL 1   4390                      5349   -959

 COOLING
  YESTERDAY        0                         1     -1
  MONTH TO DATE   10                         8      2
  SINCE MAR 1     12                        10      2
  SINCE JAN 1     12                        10      2
..................................................................


WIND (MPH)
  HIGHEST WIND SPEED    20   HIGHEST WIND DIRECTION    SW (240)
  HIGHEST GUST SPEED    25   HIGHEST GUST DIRECTION     W (260)
  AVERAGE WIND SPEED     8.4


SKY COVER
  AVERAGE SKY COVER 0.6



RELATIVE HUMIDITY (PERCENT)
 HIGHEST   100           100 AM
 LOWEST     63           100 PM
 AVERAGE    82

..........................................................


THE QUINCY IL CLIMATE NORMALS FOR TODAY
                         NORMAL    RECORD    YEAR
 MAXIMUM TEMPERATURE (F)   66        89      1925
 MINIMUM TEMPERATURE (F)   45        27      1986


SUNRISE AND SUNSET
APRIL 22 2016.........SUNRISE   616 AM CDT   SUNSET   751 PM CDT
APRIL 23 2016.........SUNRISE   615 AM CDT   SUNSET   752 PM CDT


-  INDICATES NEGATIVE NUMBERS.
R  INDICATES RECORD WAS SET OR TIED.
MM INDICATES DATA IS MISSING.
T  INDICATES TRACE AMOUNT.




$$
