000
CDUS43 KLSX 180729
CLIUIN


CLIMATE REPORT
NATIONAL WEATHER SERVICE ST LOUIS MO
228 AM CDT SAT MAR 18 2017


...................................

...THE QUINCY IL CLIMATE SUMMARY FOR MARCH 17 2017...

CLIMATE NORMAL PERIOD 1981 TO 2010
CLIMATE RECORD PERIOD 1901 TO 2017


WEATHER ITEM   OBSERVED TIME   RECORD YEAR NORMAL DEPARTURE LAST
                VALUE   (LST)  VALUE       VALUE  FROM      YEAR
                                                  NORMAL
..................................................................
TEMPERATURE (F)
 YESTERDAY
  MAXIMUM         70    208 PM  79    2012  52     18       62
                                      1966
  MINIMUM         40   1159 PM  -2    1906  33      7       38
  AVERAGE         55                        42     13

PRECIPITATION (IN)
  YESTERDAY        0.00          1.74 1951   0.08  -0.08     0.00
  MONTH TO DATE    0.58                      1.29  -0.71     0.75
  SINCE MAR 1      0.58                      1.29  -0.71     0.75
  SINCE JAN 1      2.63                      4.69  -2.06     1.37

DEGREE DAYS
 HEATING
  YESTERDAY       10                        23    -13
  MONTH TO DATE  419                       441    -22
  SINCE MAR 1    419                       441    -22
  SINCE JUL 1   3860                      4783   -923

 COOLING
  YESTERDAY        0                         0      0
  MONTH TO DATE    0                         0      0
  SINCE MAR 1      0                         0      0
  SINCE JAN 1      0                         0      0
..................................................................


WIND (MPH)
  HIGHEST WIND SPEED    24   HIGHEST WIND DIRECTION     N (340)
  HIGHEST GUST SPEED    31   HIGHEST GUST DIRECTION     N (340)
  AVERAGE WIND SPEED    13.8


SKY COVER
  AVERAGE SKY COVER 0.5



RELATIVE HUMIDITY (PERCENT)
 HIGHEST    77           800 AM
 LOWEST     28           500 PM
 AVERAGE    53

..........................................................


THE QUINCY IL CLIMATE NORMALS FOR TODAY
                         NORMAL    RECORD    YEAR
 MAXIMUM TEMPERATURE (F)   52        81      2012
 MINIMUM TEMPERATURE (F)   33         6      1960


SUNRISE AND SUNSET
MARCH 18 2017.........SUNRISE   711 AM CDT   SUNSET   715 PM CDT
MARCH 19 2017.........SUNRISE   709 AM CDT   SUNSET   716 PM CDT


-  INDICATES NEGATIVE NUMBERS.
R  INDICATES RECORD WAS SET OR TIED.
MM INDICATES DATA IS MISSING.
T  INDICATES TRACE AMOUNT.




$$
