000
CDUS43 KLSX 270742
CLIUIN


CLIMATE REPORT
NATIONAL WEATHER SERVICE ST LOUIS MO
241 AM CDT MON JUL 27 2015


...................................

...THE QUINCY IL CLIMATE SUMMARY FOR JULY 26 2015...

CLIMATE NORMAL PERIOD 1981 TO 2010
CLIMATE RECORD PERIOD 1901 TO 2015


WEATHER ITEM   OBSERVED TIME   RECORD YEAR NORMAL DEPARTURE LAST
                VALUE   (LST)  VALUE       VALUE  FROM      YEAR
                                                  NORMAL
..................................................................
TEMPERATURE (F)
 YESTERDAY
  MAXIMUM         88    450 PM 107    1934  86      2       87
  MINIMUM         70    248 AM  51    1962  66      4       70
  AVERAGE         79                        76      3

PRECIPITATION (IN)
  YESTERDAY        1.07          2.15 1932   0.12   0.95     0.11
  MONTH TO DATE    8.48                      3.44   5.04     2.89
  SINCE JUN 1     17.01                      7.43   9.58    11.04
  SINCE JAN 1     25.69                     21.52   4.17    19.45

DEGREE DAYS
 HEATING
  YESTERDAY        0                         0      0
  MONTH TO DATE    3                         0      3
  SINCE JUN 1     11                        16     -5
  SINCE JUL 1      3                         0      3

 COOLING
  YESTERDAY       14                        11      3
  MONTH TO DATE  268                       286    -18
  SINCE JUN 1    515                       513      2
  SINCE JAN 1    629                       599     30
..................................................................


WIND (MPH)
  HIGHEST WIND SPEED    21   HIGHEST WIND DIRECTION     W (290)
  HIGHEST GUST SPEED    26   HIGHEST GUST DIRECTION    NW (310)
  AVERAGE WIND SPEED     6.6


SKY COVER
  AVERAGE SKY COVER 0.1



RELATIVE HUMIDITY (PERCENT)
 HIGHEST    94          1100 PM
 LOWEST     61           600 PM
 AVERAGE    78

..........................................................


THE QUINCY IL CLIMATE NORMALS FOR TODAY
                         NORMAL    RECORD    YEAR
 MAXIMUM TEMPERATURE (F)   86       105      1936
                                             1930
                                             1916
 MINIMUM TEMPERATURE (F)   66        50      1962


SUNRISE AND SUNSET
JULY 27 2015..........SUNRISE   559 AM CDT   SUNSET   824 PM CDT
JULY 28 2015..........SUNRISE   559 AM CDT   SUNSET   823 PM CDT


-  INDICATES NEGATIVE NUMBERS.
R  INDICATES RECORD WAS SET OR TIED.
MM INDICATES DATA IS MISSING.
T  INDICATES TRACE AMOUNT.




$$
