000
CDUS43 KLSX 142133
CLIUIN


CLIMATE REPORT
NATIONAL WEATHER SERVICE ST LOUIS MO
433 PM CDT THU AUG 14 2014


...................................

...THE QUINCY IL CLIMATE SUMMARY FOR AUGUST 14 2014...
VALID TODAY AS OF 0400 PM LOCAL TIME.

CLIMATE NORMAL PERIOD 1981 TO 2010
CLIMATE RECORD PERIOD 1901 TO 2014


WEATHER ITEM   OBSERVED TIME   RECORD YEAR NORMAL DEPARTURE LAST
                VALUE   (LST)  VALUE       VALUE  FROM      YEAR
                                                  NORMAL
..................................................................
TEMPERATURE (F)
 TODAY
  MAXIMUM         83    222 PM 104    1936  85     -2       76
  MINIMUM         59    534 AM  49    1992  65     -6       50
  AVERAGE         71                        75     -4       63

PRECIPITATION (IN)
  TODAY            0.00          1.77 1985   0.12  -0.12     0.00
  MONTH TO DATE    2.93                      1.66   1.27     0.01
  SINCE JUN 1     13.97                      9.69   4.28     2.86
  SINCE JAN 1     22.38                     23.78  -1.40    28.10

DEGREE DAYS
 HEATING
  TODAY            0                         0      0
  MONTH TO DATE    0                         0      0
  SINCE JUN 1      9                        16     -7
  SINCE JUL 1      5                         0      5

 COOLING
  TODAY            6                        10     -4
  MONTH TO DATE   96                       145    -49
  SINCE JUN 1    561                       715   -154
  SINCE JAN 1    704                       801    -97
..................................................................


WIND (MPH)
  HIGHEST WIND SPEED     7   HIGHEST WIND DIRECTION     W (250)
  HIGHEST GUST SPEED    10   HIGHEST GUST DIRECTION    NW (300)
  AVERAGE WIND SPEED     3.8


SKY COVER
  AVERAGE SKY COVER 0.0



RELATIVE HUMIDITY (PERCENT)
 HIGHEST    90           500 AM
 LOWEST     43           200 PM
 AVERAGE    67

..........................................................


THE QUINCY IL CLIMATE NORMALS FOR TOMORROW
                         NORMAL    RECORD    YEAR
 MAXIMUM TEMPERATURE (F)   85       103      2007
 MINIMUM TEMPERATURE (F)   65        46      2004


SUNRISE AND SUNSET
AUGUST 14 2014........SUNRISE   616 AM CDT   SUNSET   803 PM CDT
AUGUST 15 2014........SUNRISE   617 AM CDT   SUNSET   801 PM CDT


-  INDICATES NEGATIVE NUMBERS.
R  INDICATES RECORD WAS SET OR TIED.
MM INDICATES DATA IS MISSING.
T  INDICATES TRACE AMOUNT.




$$
