473
CDUS43 KLSX 220738
CLIUIN


CLIMATE REPORT
NATIONAL WEATHER SERVICE ST LOUIS MO
236 AM CDT SAT APR 22 2017


...................................

...THE QUINCY IL CLIMATE SUMMARY FOR APRIL 21 2017...

CLIMATE NORMAL PERIOD 1981 TO 2010
CLIMATE RECORD PERIOD 1901 TO 2017


WEATHER ITEM   OBSERVED TIME   RECORD YEAR NORMAL DEPARTURE LAST
                VALUE   (LST)  VALUE       VALUE  FROM      YEAR
                                                  NORMAL
..................................................................
TEMPERATURE (F)
 YESTERDAY
  MAXIMUM         58    135 PM  90    1902  65     -7       65
  MINIMUM         44    516 AM  26    1904  45     -1       50
  AVERAGE         51                        55     -4

PRECIPITATION (IN)
  YESTERDAY        0.00          2.86 1973   0.12  -0.12     0.14
  MONTH TO DATE    2.00                      2.49  -0.49     1.62
  SINCE MAR 1      5.18                      4.95   0.23     2.70
  SINCE JAN 1      7.23                      8.35  -1.12     3.32

DEGREE DAYS
 HEATING
  YESTERDAY       14                        11      3
  MONTH TO DATE  162                       289   -127
  SINCE MAR 1    784                      1007   -223
  SINCE JUL 1   4225                      5349  -1124

 COOLING
  YESTERDAY        0                         1     -1
  MONTH TO DATE   30                         8     22
  SINCE MAR 1     30                        10     20
  SINCE JAN 1     30                        10     20
..................................................................


WIND (MPH)
  HIGHEST WIND SPEED    20   HIGHEST WIND DIRECTION    NE (60)
  HIGHEST GUST SPEED    23   HIGHEST GUST DIRECTION    NE (40)
  AVERAGE WIND SPEED     9.7


SKY COVER
  AVERAGE SKY COVER 0.0



RELATIVE HUMIDITY (PERCENT)
 HIGHEST    83           300 AM
 LOWEST     47           200 PM
 AVERAGE    65

..........................................................


THE QUINCY IL CLIMATE NORMALS FOR TODAY
                         NORMAL    RECORD    YEAR
 MAXIMUM TEMPERATURE (F)   66        89      1925
 MINIMUM TEMPERATURE (F)   45        27      1986


SUNRISE AND SUNSET
APRIL 22 2017.........SUNRISE   616 AM CDT   SUNSET   751 PM CDT
APRIL 23 2017.........SUNRISE   615 AM CDT   SUNSET   752 PM CDT


-  INDICATES NEGATIVE NUMBERS.
R  INDICATES RECORD WAS SET OR TIED.
MM INDICATES DATA IS MISSING.
T  INDICATES TRACE AMOUNT.




$$
