000
CDUS43 KLSX 010738
CLIUIN


CLIMATE REPORT
NATIONAL WEATHER SERVICE ST LOUIS MO
137 AM CST THU FEB 1 2018


...................................

...THE QUINCY IL CLIMATE SUMMARY FOR JANUARY 31 2018...

CLIMATE NORMAL PERIOD 1981 TO 2010
CLIMATE RECORD PERIOD 1901 TO 2018


WEATHER ITEM   OBSERVED TIME   RECORD YEAR NORMAL DEPARTURE LAST
                VALUE   (LST)  VALUE       VALUE  FROM      YEAR
                                                  NORMAL
..................................................................
TEMPERATURE (F)
 YESTERDAY
  MAXIMUM         49   1124 AM  72    1989  35     14       45
  MINIMUM         36   1152 PM -14    1996  19     17       37
  AVERAGE         43                        27     16

PRECIPITATION (IN)
  YESTERDAY        0.00          0.64 1915   0.05  -0.05     0.00
  MONTH TO DATE    1.29                      1.52  -0.23     1.18
  SINCE DEC 1      1.46                      3.77  -2.31     2.21
  SINCE JAN 1      1.29                      1.52  -0.23     1.18

DEGREE DAYS
 HEATING
  YESTERDAY       22                        38    -16
  MONTH TO DATE 1215                      1198     17
  SINCE DEC 1   2297                      2286     11
  SINCE JUL 1   3244                      3386   -142

 COOLING
  YESTERDAY        0                         0      0
  MONTH TO DATE    0                         0      0
  SINCE DEC 1      0                         0      0
  SINCE JAN 1      0                         0      0
..................................................................


WIND (MPH)
  HIGHEST WIND SPEED    25   HIGHEST WIND DIRECTION     S (200)
  HIGHEST GUST SPEED    36   HIGHEST GUST DIRECTION     S (190)
  AVERAGE WIND SPEED    11.2


SKY COVER
  AVERAGE SKY COVER 0.1



RELATIVE HUMIDITY (PERCENT)
 HIGHEST    75           900 PM
 LOWEST     42          1100 AM
 AVERAGE    59

..........................................................


THE QUINCY IL CLIMATE NORMALS FOR TODAY
                         NORMAL    RECORD    YEAR
 MAXIMUM TEMPERATURE (F)   35        69      1911
 MINIMUM TEMPERATURE (F)   19       -14      1951
                                             1904


SUNRISE AND SUNSET
FEBRUARY  1 2018......SUNRISE   713 AM CST   SUNSET   524 PM CST
FEBRUARY  2 2018......SUNRISE   712 AM CST   SUNSET   525 PM CST


-  INDICATES NEGATIVE NUMBERS.
R  INDICATES RECORD WAS SET OR TIED.
MM INDICATES DATA IS MISSING.
T  INDICATES TRACE AMOUNT.




$$
